{"id":9,"date":"2019-04-17T09:41:31","date_gmt":"2019-04-17T12:41:31","guid":{"rendered":"http:\/\/sef.ufms.br\/viii\/?page_id=9"},"modified":"2023-08-03T07:59:24","modified_gmt":"2023-08-03T11:59:24","slug":"vii-seminario-internacional-de-estudos-fronteiricos-2019","status":"publish","type":"page","link":"https:\/\/sef-cpan.ufms.br\/viii\/vii-seminario-internacional-de-estudos-fronteiricos-2019\/","title":{"rendered":"VIII SEF &#8211; 2023"},"content":{"rendered":"\n<p class=\"has-text-align-center has-very-light-gray-background-color has-background\"><strong>25 a 28 de <g class=\"gr_ gr_5 gr-alert gr_spell gr_inline_cards gr_run_anim ContextualSpelling ins-del multiReplace\" id=\"5\" data-gr-id=\"5\">setembro<\/g> de 2023<\/strong><br> <strong> Corumb\u00e1-MS<\/strong><\/p>\n\n\n<p style=\"text-align: justify;\">Convidamos a comunidade acad\u00eamica para a oitava edi\u00e7\u00e3o do Semin\u00e1rio Internacional de Estudos Fronteiri\u00e7os (VIII SEF), a ser realizado entre os dias 25 e 28 de setembro de 2023 na Universidade Federal de Mato Grosso do Sul (Campus Pantanal) na cidade de Corumb\u00e1.<br \/>O evento bianual j\u00e1 est\u00e1 consolidado na agenda acad\u00eamica e \u00e9 um ponto de encontro para professores, profissionais, estudantes de gradua\u00e7\u00e3o e p\u00f3s-gradua\u00e7\u00e3o que se interessam por tem\u00e1ticas diversas relacionadas \u00e0 fronteira. O VIII SEF deveria ter ocorrido em 2021, mas foi adiado em virtude da pandemia de COVID-19. Desde a primeira edi\u00e7\u00e3o, o SEF tem recebido pesquisadores de renome nacional e internacional e gestores com larga experi\u00eancia em quest\u00f5es fronteiri\u00e7as, que contribu\u00edram para a amplia\u00e7\u00e3o do conhecimento sobre as fronteiras pol\u00edticas internacionais a partir de um enfoque interdisciplinar.<br \/>O evento ser\u00e1 oferecido na modalidade presencial, como nas edi\u00e7\u00f5es anteriores. Acreditamos que a intera\u00e7\u00e3o face a face \u00e9 importante para a colabora\u00e7\u00e3o entre os discentes e pesquisadores e para a forma\u00e7\u00e3o de uma comunidade epist\u00eamica dedicada aos Estudos Fronteiri\u00e7os. Contribui, ainda, o fato da cidade de Corumb\u00e1 estar localizada na zona de fronteira entre o Brasil e a Bol\u00edvia que, aliada \u00e0 sua forma\u00e7\u00e3o hist\u00f3rica, permite aos participantes discutirem e vivenciarem o cotidiano fronteiri\u00e7o.<br \/>O VIII SEF traz mesas tem\u00e1ticas sobre temas contempor\u00e2neos a fim de estimular o di\u00e1logo entre os especialistas e o p\u00fablico. A apresenta\u00e7\u00e3o dos trabalhos completos por pesquisadores, profissionais e p\u00f3s-graduandos permite compartilhar pesquisas j\u00e1 avan\u00e7adas nas discuss\u00f5es dos grupos de trabalho, organizados em torno de eixos tem\u00e1ticos. Os alunos de inicia\u00e7\u00e3o cient\u00edfica t\u00eam a oportunidade de aprimorar sua forma\u00e7\u00e3o expondo p\u00f4steres (banners).<br \/>A comiss\u00e3o organizadora do evento congrega pesquisadores do Mestrado em Estudos Fronteiri\u00e7os da Universidade Federal do Mato Grosso do Sul (UFMS); do Grupo Retis da Universidade Federal do Rio de Janeiro (UFRJ); do GREFIT da Universidade Federal do Rio Grande do Sul (UFRGS); do Programa de P\u00f3s-Gradua\u00e7\u00e3o em Geografia da Universidade Federal da Grande Dourados (UFGD) e do Instituto de Estudios Internacionales (INTE) da Universidad Arturo Prat do Chile.<\/p>\n\n\n<p>Evento anterior: <\/p>\n\n\n\n<p> <a href=\"https:\/\/sef-cpan.ufms.br\/vii\/\">https:\/\/sef-cpan.ufms.br\/vii\/<\/a><\/p>\n","protected":false},"excerpt":{"rendered":"<p>25 a 28 de setembro de 2023 Corumb\u00e1-MS Convidamos a comunidade acad\u00eamica para a oitava edi\u00e7\u00e3o do Semin\u00e1rio Internacional de Estudos Fronteiri\u00e7os (VIII SEF), a ser realizado entre os dias 25 e 28 de setembro de<a class=\"moretag\" href=\"https:\/\/sef-cpan.ufms.br\/viii\/vii-seminario-internacional-de-estudos-fronteiricos-2019\/\">Read More&#8230;<\/a><\/p>\n","protected":false},"author":2,"featured_media":0,"parent":0,"menu_order":0,"comment_status":"closed","ping_status":"closed","template":"","meta":{"footnotes":""},"yoast_head":"<!-- This site is optimized with the Yoast SEO plugin v23.1 - https:\/\/yoast.com\/wordpress\/plugins\/seo\/ -->\n<title>VIII SEF - 2023 - VIII Semin\u00e1rio Internacional de Estudos Fronteiri\u00e7os - 2023<\/title>\n<meta name=\"robots\" content=\"index, follow, max-snippet:-1, max-image-preview:large, max-video-preview:-1\" \/>\n<link rel=\"canonical\" href=\"https:\/\/sef-cpan.ufms.br\/viii\/vii-seminario-internacional-de-estudos-fronteiricos-2019\/\" \/>\n<meta property=\"og:locale\" content=\"pt_BR\" \/>\n<meta property=\"og:type\" content=\"article\" \/>\n<meta property=\"og:title\" content=\"VIII SEF - 2023 - VIII Semin\u00e1rio Internacional de Estudos Fronteiri\u00e7os - 2023\" \/>\n<meta property=\"og:description\" content=\"25 a 28 de setembro de 2023 Corumb\u00e1-MS Convidamos a comunidade acad\u00eamica para a oitava edi\u00e7\u00e3o do Semin\u00e1rio Internacional de Estudos Fronteiri\u00e7os (VIII SEF), a ser realizado entre os dias 25 e 28 de setembro deRead More...\" \/>\n<meta property=\"og:url\" content=\"https:\/\/sef-cpan.ufms.br\/viii\/vii-seminario-internacional-de-estudos-fronteiricos-2019\/\" \/>\n<meta property=\"og:site_name\" content=\"VIII Semin\u00e1rio Internacional de Estudos Fronteiri\u00e7os - 2023\" \/>\n<meta property=\"article:modified_time\" content=\"2023-08-03T11:59:24+00:00\" \/>\n<meta name=\"twitter:card\" content=\"summary_large_image\" \/>\n<meta name=\"twitter:label1\" content=\"Est. tempo de leitura\" \/>\n\t<meta name=\"twitter:data1\" content=\"2 minutos\" \/>\n<script type=\"application\/ld+json\" class=\"yoast-schema-graph\">{\"@context\":\"https:\/\/schema.org\",\"@graph\":[{\"@type\":\"WebPage\",\"@id\":\"https:\/\/sef-cpan.ufms.br\/viii\/vii-seminario-internacional-de-estudos-fronteiricos-2019\/\",\"url\":\"https:\/\/sef-cpan.ufms.br\/viii\/vii-seminario-internacional-de-estudos-fronteiricos-2019\/\",\"name\":\"VIII SEF - 2023 - VIII Semin\u00e1rio Internacional de Estudos Fronteiri\u00e7os - 2023\",\"isPartOf\":{\"@id\":\"https:\/\/sef-cpan.ufms.br\/viii\/#website\"},\"datePublished\":\"2019-04-17T12:41:31+00:00\",\"dateModified\":\"2023-08-03T11:59:24+00:00\",\"breadcrumb\":{\"@id\":\"https:\/\/sef-cpan.ufms.br\/viii\/vii-seminario-internacional-de-estudos-fronteiricos-2019\/#breadcrumb\"},\"inLanguage\":\"pt-BR\",\"potentialAction\":[{\"@type\":\"ReadAction\",\"target\":[\"https:\/\/sef-cpan.ufms.br\/viii\/vii-seminario-internacional-de-estudos-fronteiricos-2019\/\"]}]},{\"@type\":\"BreadcrumbList\",\"@id\":\"https:\/\/sef-cpan.ufms.br\/viii\/vii-seminario-internacional-de-estudos-fronteiricos-2019\/#breadcrumb\",\"itemListElement\":[{\"@type\":\"ListItem\",\"position\":1,\"name\":\"In\u00edcio\",\"item\":\"https:\/\/sef-cpan.ufms.br\/viii\/\"},{\"@type\":\"ListItem\",\"position\":2,\"name\":\"VIII SEF &#8211; 2023\"}]},{\"@type\":\"WebSite\",\"@id\":\"https:\/\/sef-cpan.ufms.br\/viii\/#website\",\"url\":\"https:\/\/sef-cpan.ufms.br\/viii\/\",\"name\":\"VIII Semin\u00e1rio Internacional de Estudos Fronteiri\u00e7os - 2023\",\"description\":\"Funda\u00e7\u00e3o Universidade Federal de Mato Grosso do Sul - C\u00e2mpus do Pantanal\",\"potentialAction\":[{\"@type\":\"SearchAction\",\"target\":{\"@type\":\"EntryPoint\",\"urlTemplate\":\"https:\/\/sef-cpan.ufms.br\/viii\/?s={search_term_string}\"},\"query-input\":\"required name=search_term_string\"}],\"inLanguage\":\"pt-BR\"}]}<\/script>\n<!-- \/ Yoast SEO plugin. -->","yoast_head_json":{"title":"VIII SEF - 2023 - VIII Semin\u00e1rio Internacional de Estudos Fronteiri\u00e7os - 2023","robots":{"index":"index","follow":"follow","max-snippet":"max-snippet:-1","max-image-preview":"max-image-preview:large","max-video-preview":"max-video-preview:-1"},"canonical":"https:\/\/sef-cpan.ufms.br\/viii\/vii-seminario-internacional-de-estudos-fronteiricos-2019\/","og_locale":"pt_BR","og_type":"article","og_title":"VIII SEF - 2023 - VIII Semin\u00e1rio Internacional de Estudos Fronteiri\u00e7os - 2023","og_description":"25 a 28 de setembro de 2023 Corumb\u00e1-MS Convidamos a comunidade acad\u00eamica para a oitava edi\u00e7\u00e3o do Semin\u00e1rio Internacional de Estudos Fronteiri\u00e7os (VIII SEF), a ser realizado entre os dias 25 e 28 de setembro deRead More...","og_url":"https:\/\/sef-cpan.ufms.br\/viii\/vii-seminario-internacional-de-estudos-fronteiricos-2019\/","og_site_name":"VIII Semin\u00e1rio Internacional de Estudos Fronteiri\u00e7os - 2023","article_modified_time":"2023-08-03T11:59:24+00:00","twitter_card":"summary_large_image","twitter_misc":{"Est. tempo de leitura":"2 minutos"},"schema":{"@context":"https:\/\/schema.org","@graph":[{"@type":"WebPage","@id":"https:\/\/sef-cpan.ufms.br\/viii\/vii-seminario-internacional-de-estudos-fronteiricos-2019\/","url":"https:\/\/sef-cpan.ufms.br\/viii\/vii-seminario-internacional-de-estudos-fronteiricos-2019\/","name":"VIII SEF - 2023 - VIII Semin\u00e1rio Internacional de Estudos Fronteiri\u00e7os - 2023","isPartOf":{"@id":"https:\/\/sef-cpan.ufms.br\/viii\/#website"},"datePublished":"2019-04-17T12:41:31+00:00","dateModified":"2023-08-03T11:59:24+00:00","breadcrumb":{"@id":"https:\/\/sef-cpan.ufms.br\/viii\/vii-seminario-internacional-de-estudos-fronteiricos-2019\/#breadcrumb"},"inLanguage":"pt-BR","potentialAction":[{"@type":"ReadAction","target":["https:\/\/sef-cpan.ufms.br\/viii\/vii-seminario-internacional-de-estudos-fronteiricos-2019\/"]}]},{"@type":"BreadcrumbList","@id":"https:\/\/sef-cpan.ufms.br\/viii\/vii-seminario-internacional-de-estudos-fronteiricos-2019\/#breadcrumb","itemListElement":[{"@type":"ListItem","position":1,"name":"In\u00edcio","item":"https:\/\/sef-cpan.ufms.br\/viii\/"},{"@type":"ListItem","position":2,"name":"VIII SEF &#8211; 2023"}]},{"@type":"WebSite","@id":"https:\/\/sef-cpan.ufms.br\/viii\/#website","url":"https:\/\/sef-cpan.ufms.br\/viii\/","name":"VIII Semin\u00e1rio Internacional de Estudos Fronteiri\u00e7os - 2023","description":"Funda\u00e7\u00e3o Universidade Federal de Mato Grosso do Sul - C\u00e2mpus do Pantanal","potentialAction":[{"@type":"SearchAction","target":{"@type":"EntryPoint","urlTemplate":"https:\/\/sef-cpan.ufms.br\/viii\/?s={search_term_string}"},"query-input":"required name=search_term_string"}],"inLanguage":"pt-BR"}]}},"_links":{"self":[{"href":"https:\/\/sef-cpan.ufms.br\/viii\/wp-json\/wp\/v2\/pages\/9"}],"collection":[{"href":"https:\/\/sef-cpan.ufms.br\/viii\/wp-json\/wp\/v2\/pages"}],"about":[{"href":"https:\/\/sef-cpan.ufms.br\/viii\/wp-json\/wp\/v2\/types\/page"}],"author":[{"embeddable":true,"href":"https:\/\/sef-cpan.ufms.br\/viii\/wp-json\/wp\/v2\/users\/2"}],"replies":[{"embeddable":true,"href":"https:\/\/sef-cpan.ufms.br\/viii\/wp-json\/wp\/v2\/comments?post=9"}],"version-history":[{"count":17,"href":"https:\/\/sef-cpan.ufms.br\/viii\/wp-json\/wp\/v2\/pages\/9\/revisions"}],"predecessor-version":[{"id":695,"href":"https:\/\/sef-cpan.ufms.br\/viii\/wp-json\/wp\/v2\/pages\/9\/revisions\/695"}],"wp:attachment":[{"href":"https:\/\/sef-cpan.ufms.br\/viii\/wp-json\/wp\/v2\/media?parent=9"}],"curies":[{"name":"wp","href":"https:\/\/api.w.org\/{rel}","templated":true}]}}

<p class="has-text-align-center has-very-light-gray-background-color has-background"><strong>25 a 28 de <g class="gr_ gr_5 gr-alert gr_spell gr_inline_cards gr_run_anim ContextualSpelling ins-del multiReplace" id="5" data-gr-id="5">setembro</g> de 2023</strong><br> <strong> Corumbá-MS</strong></p>


<p style="text-align: justify;">Convidamos a comunidade acadêmica para a oitava edição do Seminário Internacional de Estudos Fronteiriços (VIII SEF), a ser realizado entre os dias 25 e 28 de setembro de 2023 na Universidade Federal de Mato Grosso do Sul (Campus Pantanal) na cidade de Corumbá.<br />O evento bianual já está consolidado na agenda acadêmica e é um ponto de encontro para professores, profissionais, estudantes de graduação e pós-graduação que se interessam por temáticas diversas relacionadas à fronteira. O VIII SEF deveria ter ocorrido em 2021, mas foi adiado em virtude da pandemia de COVID-19. Desde a primeira edição, o SEF tem recebido pesquisadores de renome nacional e internacional e gestores com larga experiência em questões fronteiriças, que contribuíram para a ampliação do conhecimento sobre as fronteiras políticas internacionais a partir de um enfoque interdisciplinar.<br />O evento será oferecido na modalidade presencial, como nas edições anteriores. Acreditamos que a interação face a face é importante para a colaboração entre os discentes e pesquisadores e para a formação de uma comunidade epistêmica dedicada aos Estudos Fronteiriços. Contribui, ainda, o fato da cidade de Corumbá estar localizada na zona de fronteira entre o Brasil e a Bolívia que, aliada à sua formação histórica, permite aos participantes discutirem e vivenciarem o cotidiano fronteiriço.<br />O VIII SEF traz mesas temáticas sobre temas contemporâneos a fim de estimular o diálogo entre os especialistas e o público. A apresentação dos trabalhos completos por pesquisadores, profissionais e pós-graduandos permite compartilhar pesquisas já avançadas nas discussões dos grupos de trabalho, organizados em torno de eixos temáticos. Os alunos de iniciação científica têm a oportunidade de aprimorar sua formação expondo pôsteres (banners).<br />A comissão organizadora do evento congrega pesquisadores do Mestrado em Estudos Fronteiriços da Universidade Federal do Mato Grosso do Sul (UFMS); do Grupo Retis da Universidade Federal do Rio de Janeiro (UFRJ); do GREFIT da Universidade Federal do Rio Grande do Sul (UFRGS); do Programa de Pós-Graduação em Geografia da Universidade Federal da Grande Dourados (UFGD) e do Instituto de Estudios Internacionales (INTE) da Universidad Arturo Prat do Chile.</p>


<p>Evento anterior: </p>



<p> <a href="https://sef-cpan.ufms.br/vii/">https://sef-cpan.ufms.br/vii/</a></p>

<p>25 a 28 de setembro de 2023 Corumbá-MS Convidamos a comunidade acadêmica para a oitava edição do Seminário Internacional de Estudos Fronteiriços (VIII SEF), a ser realizado entre os dias 25 e 28 de setembro de<a class="moretag" href="https://sef-cpan.ufms.br/viii/vii-seminario-internacional-de-estudos-fronteiricos-2019/">Read More&#8230;</a></p>

<!-- This site is optimized with the Yoast SEO plugin v23.1 - https://yoast.com/wordpress/plugins/seo/ -->
<title>VIII SEF - 2023 - VIII Seminário Internacional de Estudos Fronteiriços - 2023</title>
<meta name="robots" content="index, follow, max-snippet:-1, max-image-preview:large, max-video-preview:-1" />
<link rel="canonical" href="https://sef-cpan.ufms.br/viii/vii-seminario-internacional-de-estudos-fronteiricos-2019/" />
<meta property="og:locale" content="pt_BR" />
<meta property="og:type" content="article" />
<meta property="og:title" content="VIII SEF - 2023 - VIII Seminário Internacional de Estudos Fronteiriços - 2023" />
<meta property="og:description" content="25 a 28 de setembro de 2023 Corumbá-MS Convidamos a comunidade acadêmica para a oitava edição do Seminário Internacional de Estudos Fronteiriços (VIII SEF), a ser realizado entre os dias 25 e 28 de setembro deRead More..." />
<meta property="og:url" content="https://sef-cpan.ufms.br/viii/vii-seminario-internacional-de-estudos-fronteiricos-2019/" />
<meta property="og:site_name" content="VIII Seminário Internacional de Estudos Fronteiriços - 2023" />
<meta property="article:modified_time" content="2023-08-03T11:59:24+00:00" />
<meta name="twitter:card" content="summary_large_image" />
<meta name="twitter:label1" content="Est. tempo de leitura" />
	<meta name="twitter:data1" content="2 minutos" />
<script type="application/ld+json" class="yoast-schema-graph">{"@context":"https://schema.org","@graph":[{"@type":"WebPage","@id":"https://sef-cpan.ufms.br/viii/vii-seminario-internacional-de-estudos-fronteiricos-2019/","url":"https://sef-cpan.ufms.br/viii/vii-seminario-internacional-de-estudos-fronteiricos-2019/","name":"VIII SEF - 2023 - VIII Seminário Internacional de Estudos Fronteiriços - 2023","isPartOf":{"@id":"https://sef-cpan.ufms.br/viii/#website"},"datePublished":"2019-04-17T12:41:31+00:00","dateModified":"2023-08-03T11:59:24+00:00","breadcrumb":{"@id":"https://sef-cpan.ufms.br/viii/vii-seminario-internacional-de-estudos-fronteiricos-2019/#breadcrumb"},"inLanguage":"pt-BR","potentialAction":[{"@type":"ReadAction","target":["https://sef-cpan.ufms.br/viii/vii-seminario-internacional-de-estudos-fronteiricos-2019/"]}]},{"@type":"BreadcrumbList","@id":"https://sef-cpan.ufms.br/viii/vii-seminario-internacional-de-estudos-fronteiricos-2019/#breadcrumb","itemListElement":[{"@type":"ListItem","position":1,"name":"Início","item":"https://sef-cpan.ufms.br/viii/"},{"@type":"ListItem","position":2,"name":"VIII SEF &#8211; 2023"}]},{"@type":"WebSite","@id":"https://sef-cpan.ufms.br/viii/#website","url":"https://sef-cpan.ufms.br/viii/","name":"VIII Seminário Internacional de Estudos Fronteiriços - 2023","description":"Fundação Universidade Federal de Mato Grosso do Sul - Câmpus do Pantanal","potentialAction":[{"@type":"SearchAction","target":{"@type":"EntryPoint","urlTemplate":"https://sef-cpan.ufms.br/viii/?s={search_term_string}"},"query-input":"required name=search_term_string"}],"inLanguage":"pt-BR"}]}</script>
<!-- / Yoast SEO plugin. -->

VIII SEF - 2023 - VIII Seminário Internacional de Estudos Fronteiriços - 2023

25 a 28 de setembro de 2023 Corumbá-MS Convidamos a comunidade acadêmica para a oitava edição do Seminário Internacional de Estudos Fronteiriços (VIII SEF), a ser realizado entre os dias 25 e 28 de setembro deRead More...

VIII Seminário Internacional de Estudos Fronteiriços - 2023

Início

Fundação Universidade Federal de Mato Grosso do Sul - Câmpus do Pantanal
