{"id":44,"date":"2019-04-17T10:42:06","date_gmt":"2019-04-17T13:42:06","guid":{"rendered":"http:\/\/sef.ufms.br\/viii\/?page_id=44"},"modified":"2023-09-05T15:49:04","modified_gmt":"2023-09-05T19:49:04","slug":"organizacao","status":"publish","type":"page","link":"https:\/\/sef-cpan.ufms.br\/viii\/organizacao\/","title":{"rendered":"Organiza\u00e7\u00e3o"},"content":{"rendered":"\n<p><strong>Coordena\u00e7\u00e3o Geral<\/strong><\/p>\n\n\n\n<p>Edgar Costa \u2013 MEF\/UFMS<\/p>\n\n\n\n<p>Rebeca Steiman \u2013 Grupo Retis\/UFRJ <\/p>\n\n\n\n<p><strong>Comiss\u00e3o Organizadora<\/strong><\/p>\n\n\n\n<figure class=\"wp-block-table is-style-stripes\"><table><tbody><tr><td><strong>Nome<\/strong><\/td><td><strong>Institui\u00e7\u00e3o<\/strong><\/td><\/tr><tr><td>Adriana Dorfman<\/td><td>Unbral Fronteiras \/ UFRGS<\/td><\/tr><tr><td>Aguinaldo Silva<\/td><td>UFMS<\/td><\/tr><tr><td>Beatriz Lima de Paula Silva<\/td><td>UFMS<\/td><\/tr><tr><td>Carlo Henrique Golin<\/td><td>UFMS<\/td><\/tr><tr><td>Edgar Aparecido da Costa<\/td><td>UFMS<\/td><\/tr><tr><td>Gonzalo \u00c1lvarez<\/td><td>UNAP\/INTE<\/td><\/tr><tr><td>Haroldo Dilla Alfonso<\/td><td>UNAP\/ALEF<\/td><\/tr><tr><td>Karla Maria M\u00fcller<\/td><td>Unbral Fronteiras \/ UFRGS<\/td><\/tr><tr><td>Lucilene Machado Garcia Arf<\/td><td>UFMS<\/td><\/tr><tr><td>Marco Aur\u00e9lio Machado de Oliveira<\/td><td>UFMS<\/td><\/tr><tr><td>Marcos Leandro Mondardo<\/td><td>UFGD<\/td><\/tr><tr><td>Milton Augusto Pasquotto Mariani<\/td><td>UMFS<\/td><\/tr><tr><td>Rebeca Steiman<\/td><td>Grupo Retis \/ UFRJ<\/td><\/tr><\/tbody><\/table><\/figure>\n\n\n\n<p><strong>Comiss\u00e3o Cient\u00edfica<\/strong><\/p>\n\n\n\n<figure class=\"wp-block-table is-style-stripes\"><table><tbody><tr><td><strong>Nome<\/strong><\/td><td><strong>Institui\u00e7\u00e3o<\/strong><\/td><\/tr><tr><td>Eder Dami\u00e3o Goes Kukiel \u2013 Presidente<\/td><td>UFMS<\/td><\/tr><tr><td>Aiesca Oliveira Pellegrin<\/td><td>CPAP<\/td><\/tr><tr><td>Anderson Luis do Espiritio Santo<\/td><td>UFMS<\/td><\/tr><tr><td>Claudia Araujo de Lima<\/td><td>UFMS<\/td><\/tr><tr><td>Mara Aline Ribeiro<\/td><td>\u00a0UFMS<\/td><\/tr><tr><td>Elisa Pinheiro de Freitas<\/td><td>UFMS<\/td><\/tr><tr><td>\u00c9lvis Christian Madureira Ramos,<\/td><td>UFMS<\/td><\/tr><tr><td>Fabiano Quadros R\u00fcckert<\/td><td>UFMS<\/td><\/tr><tr><td>Gleicy Denise Vasques Moreira<\/td><td>UFMS<\/td><\/tr><tr><td>Lisandra Pereira Lamoso<\/td><td>UFGD<\/td><\/tr><tr><td>Luciana Escalante Pereira<\/td><td>UFMS<\/td><\/tr><tr><td>Lucilene Machado Garcia Arf<\/td><td>UFMS<\/td><\/tr><tr><td>Raquel Soares Juliano<\/td><td>CPAP<\/td><\/tr><tr><td>Rog\u00e9rio Zaim de Melo<\/td><td>UFMS<\/td><\/tr><tr><td>Vanessa Catherina Neumann Figueiredo<\/td><td>UFMS<\/td><\/tr><\/tbody><\/table><\/figure>\n\n\n\n<p><strong>Comiss\u00e3o de Apoio<\/strong><\/p>\n\n\n\n<figure class=\"wp-block-table is-style-stripes\"><table><tbody><tr><td><strong>Nome <\/strong><\/td><td><strong>Institui\u00e7\u00e3o<\/strong><\/td><\/tr><tr><td>Erika Luana Lopez Flores<\/td><td>PPGEF\/UFMS<\/td><\/tr><tr><td>Evelyn Flayra Cavalcanti dos Santos<\/td><td>PPGEF\/UFMS<\/td><\/tr><tr><td>N\u00e1dia Cristina Bureman<\/td><td>PPGEF\/UFMS<\/td><\/tr><tr><td>Katiusca Eliana Garcia Marquez<\/td><td>PPGEF\/UFMS<\/td><\/tr><tr><td>Poliana Fernandes dos Santos<\/td><td>PPGEF\/UFMS<\/td><\/tr><tr><td>Suzianny da Silva Mosciaro Ebeling<\/td><td>PPGEF\/UFMS<\/td><\/tr><tr><td>Leandro dos Santos Pereira<\/td><td>CPAN\/UFMS<\/td><\/tr><tr><td>Kemilly Kellin Leon Castedo<\/td><td>CPAN\/UFMS<\/td><\/tr><tr><td>Kethelin de Carvalho Nascimento<\/td><td>CPAN\/UFMS<\/td><\/tr><tr><td>Val\u00e9ria de Pinho Banegas<\/td><td>CPAN\/UFMS<\/td><\/tr><tr><td>Vit\u00f3ria dos Santos Pereira<\/td><td>CPAN\/UFMS<\/td><\/tr><tr><td>Yan Vinicius Jesus de Souza<\/td><td>CPAN\/UFMS<\/td><\/tr><tr><td>Thiago Camilo de Arruda Rodrigues<\/td><td>CPAN\/UFMS<\/td><\/tr><\/tbody><\/table><\/figure>\n\n\n\n<p><\/p>\n","protected":false},"excerpt":{"rendered":"<p>Coordena\u00e7\u00e3o Geral Edgar Costa \u2013 MEF\/UFMS Rebeca Steiman \u2013 Grupo Retis\/UFRJ Comiss\u00e3o Organizadora Nome Institui\u00e7\u00e3o Adriana Dorfman Unbral Fronteiras \/ UFRGS Aguinaldo Silva UFMS Beatriz Lima de Paula Silva UFMS Carlo Henrique Golin UFMS Edgar Aparecido<a class=\"moretag\" href=\"https:\/\/sef-cpan.ufms.br\/viii\/organizacao\/\">Read More&#8230;<\/a><\/p>\n","protected":false},"author":2,"featured_media":0,"parent":0,"menu_order":0,"comment_status":"closed","ping_status":"closed","template":"","meta":{"footnotes":""},"yoast_head":"<!-- This site is optimized with the Yoast SEO plugin v23.1 - https:\/\/yoast.com\/wordpress\/plugins\/seo\/ -->\n<title>Organiza\u00e7\u00e3o - VIII Semin\u00e1rio Internacional de Estudos Fronteiri\u00e7os - 2023<\/title>\n<meta name=\"robots\" content=\"index, follow, max-snippet:-1, max-image-preview:large, max-video-preview:-1\" \/>\n<link rel=\"canonical\" href=\"https:\/\/sef-cpan.ufms.br\/viii\/organizacao\/\" \/>\n<meta property=\"og:locale\" content=\"pt_BR\" \/>\n<meta property=\"og:type\" content=\"article\" \/>\n<meta property=\"og:title\" content=\"Organiza\u00e7\u00e3o - VIII Semin\u00e1rio Internacional de Estudos Fronteiri\u00e7os - 2023\" \/>\n<meta property=\"og:description\" content=\"Coordena\u00e7\u00e3o Geral Edgar Costa \u2013 MEF\/UFMS Rebeca Steiman \u2013 Grupo Retis\/UFRJ Comiss\u00e3o Organizadora Nome Institui\u00e7\u00e3o Adriana Dorfman Unbral Fronteiras \/ UFRGS Aguinaldo Silva UFMS Beatriz Lima de Paula Silva UFMS Carlo Henrique Golin UFMS Edgar AparecidoRead More...\" \/>\n<meta property=\"og:url\" content=\"https:\/\/sef-cpan.ufms.br\/viii\/organizacao\/\" \/>\n<meta property=\"og:site_name\" content=\"VIII Semin\u00e1rio Internacional de Estudos Fronteiri\u00e7os - 2023\" \/>\n<meta property=\"article:modified_time\" content=\"2023-09-05T19:49:04+00:00\" \/>\n<meta name=\"twitter:card\" content=\"summary_large_image\" \/>\n<meta name=\"twitter:label1\" content=\"Est. tempo de leitura\" \/>\n\t<meta name=\"twitter:data1\" content=\"1 minuto\" \/>\n<script type=\"application\/ld+json\" class=\"yoast-schema-graph\">{\"@context\":\"https:\/\/schema.org\",\"@graph\":[{\"@type\":\"WebPage\",\"@id\":\"https:\/\/sef-cpan.ufms.br\/viii\/organizacao\/\",\"url\":\"https:\/\/sef-cpan.ufms.br\/viii\/organizacao\/\",\"name\":\"Organiza\u00e7\u00e3o - VIII Semin\u00e1rio Internacional de Estudos Fronteiri\u00e7os - 2023\",\"isPartOf\":{\"@id\":\"https:\/\/sef-cpan.ufms.br\/viii\/#website\"},\"datePublished\":\"2019-04-17T13:42:06+00:00\",\"dateModified\":\"2023-09-05T19:49:04+00:00\",\"breadcrumb\":{\"@id\":\"https:\/\/sef-cpan.ufms.br\/viii\/organizacao\/#breadcrumb\"},\"inLanguage\":\"pt-BR\",\"potentialAction\":[{\"@type\":\"ReadAction\",\"target\":[\"https:\/\/sef-cpan.ufms.br\/viii\/organizacao\/\"]}]},{\"@type\":\"BreadcrumbList\",\"@id\":\"https:\/\/sef-cpan.ufms.br\/viii\/organizacao\/#breadcrumb\",\"itemListElement\":[{\"@type\":\"ListItem\",\"position\":1,\"name\":\"In\u00edcio\",\"item\":\"https:\/\/sef-cpan.ufms.br\/viii\/\"},{\"@type\":\"ListItem\",\"position\":2,\"name\":\"Organiza\u00e7\u00e3o\"}]},{\"@type\":\"WebSite\",\"@id\":\"https:\/\/sef-cpan.ufms.br\/viii\/#website\",\"url\":\"https:\/\/sef-cpan.ufms.br\/viii\/\",\"name\":\"VIII Semin\u00e1rio Internacional de Estudos Fronteiri\u00e7os - 2023\",\"description\":\"Funda\u00e7\u00e3o Universidade Federal de Mato Grosso do Sul - C\u00e2mpus do Pantanal\",\"potentialAction\":[{\"@type\":\"SearchAction\",\"target\":{\"@type\":\"EntryPoint\",\"urlTemplate\":\"https:\/\/sef-cpan.ufms.br\/viii\/?s={search_term_string}\"},\"query-input\":\"required name=search_term_string\"}],\"inLanguage\":\"pt-BR\"}]}<\/script>\n<!-- \/ Yoast SEO plugin. -->","yoast_head_json":{"title":"Organiza\u00e7\u00e3o - VIII Semin\u00e1rio Internacional de Estudos Fronteiri\u00e7os - 2023","robots":{"index":"index","follow":"follow","max-snippet":"max-snippet:-1","max-image-preview":"max-image-preview:large","max-video-preview":"max-video-preview:-1"},"canonical":"https:\/\/sef-cpan.ufms.br\/viii\/organizacao\/","og_locale":"pt_BR","og_type":"article","og_title":"Organiza\u00e7\u00e3o - VIII Semin\u00e1rio Internacional de Estudos Fronteiri\u00e7os - 2023","og_description":"Coordena\u00e7\u00e3o Geral Edgar Costa \u2013 MEF\/UFMS Rebeca Steiman \u2013 Grupo Retis\/UFRJ Comiss\u00e3o Organizadora Nome Institui\u00e7\u00e3o Adriana Dorfman Unbral Fronteiras \/ UFRGS Aguinaldo Silva UFMS Beatriz Lima de Paula Silva UFMS Carlo Henrique Golin UFMS Edgar AparecidoRead More...","og_url":"https:\/\/sef-cpan.ufms.br\/viii\/organizacao\/","og_site_name":"VIII Semin\u00e1rio Internacional de Estudos Fronteiri\u00e7os - 2023","article_modified_time":"2023-09-05T19:49:04+00:00","twitter_card":"summary_large_image","twitter_misc":{"Est. tempo de leitura":"1 minuto"},"schema":{"@context":"https:\/\/schema.org","@graph":[{"@type":"WebPage","@id":"https:\/\/sef-cpan.ufms.br\/viii\/organizacao\/","url":"https:\/\/sef-cpan.ufms.br\/viii\/organizacao\/","name":"Organiza\u00e7\u00e3o - VIII Semin\u00e1rio Internacional de Estudos Fronteiri\u00e7os - 2023","isPartOf":{"@id":"https:\/\/sef-cpan.ufms.br\/viii\/#website"},"datePublished":"2019-04-17T13:42:06+00:00","dateModified":"2023-09-05T19:49:04+00:00","breadcrumb":{"@id":"https:\/\/sef-cpan.ufms.br\/viii\/organizacao\/#breadcrumb"},"inLanguage":"pt-BR","potentialAction":[{"@type":"ReadAction","target":["https:\/\/sef-cpan.ufms.br\/viii\/organizacao\/"]}]},{"@type":"BreadcrumbList","@id":"https:\/\/sef-cpan.ufms.br\/viii\/organizacao\/#breadcrumb","itemListElement":[{"@type":"ListItem","position":1,"name":"In\u00edcio","item":"https:\/\/sef-cpan.ufms.br\/viii\/"},{"@type":"ListItem","position":2,"name":"Organiza\u00e7\u00e3o"}]},{"@type":"WebSite","@id":"https:\/\/sef-cpan.ufms.br\/viii\/#website","url":"https:\/\/sef-cpan.ufms.br\/viii\/","name":"VIII Semin\u00e1rio Internacional de Estudos Fronteiri\u00e7os - 2023","description":"Funda\u00e7\u00e3o Universidade Federal de Mato Grosso do Sul - C\u00e2mpus do Pantanal","potentialAction":[{"@type":"SearchAction","target":{"@type":"EntryPoint","urlTemplate":"https:\/\/sef-cpan.ufms.br\/viii\/?s={search_term_string}"},"query-input":"required name=search_term_string"}],"inLanguage":"pt-BR"}]}},"_links":{"self":[{"href":"https:\/\/sef-cpan.ufms.br\/viii\/wp-json\/wp\/v2\/pages\/44"}],"collection":[{"href":"https:\/\/sef-cpan.ufms.br\/viii\/wp-json\/wp\/v2\/pages"}],"about":[{"href":"https:\/\/sef-cpan.ufms.br\/viii\/wp-json\/wp\/v2\/types\/page"}],"author":[{"embeddable":true,"href":"https:\/\/sef-cpan.ufms.br\/viii\/wp-json\/wp\/v2\/users\/2"}],"replies":[{"embeddable":true,"href":"https:\/\/sef-cpan.ufms.br\/viii\/wp-json\/wp\/v2\/comments?post=44"}],"version-history":[{"count":21,"href":"https:\/\/sef-cpan.ufms.br\/viii\/wp-json\/wp\/v2\/pages\/44\/revisions"}],"predecessor-version":[{"id":795,"href":"https:\/\/sef-cpan.ufms.br\/viii\/wp-json\/wp\/v2\/pages\/44\/revisions\/795"}],"wp:attachment":[{"href":"https:\/\/sef-cpan.ufms.br\/viii\/wp-json\/wp\/v2\/media?parent=44"}],"curies":[{"name":"wp","href":"https:\/\/api.w.org\/{rel}","templated":true}]}}

Organização

<p><strong>Coordenação Geral</strong></p>



<p>Edgar Costa – MEF/UFMS</p>



<p>Rebeca Steiman – Grupo Retis/UFRJ </p>



<p><strong>Comissão Organizadora</strong></p>



<figure class="wp-block-table is-style-stripes"><table><tbody><tr><td><strong>Nome</strong></td><td><strong>Instituição</strong></td></tr><tr><td>Adriana Dorfman</td><td>Unbral Fronteiras / UFRGS</td></tr><tr><td>Aguinaldo Silva</td><td>UFMS</td></tr><tr><td>Beatriz Lima de Paula Silva</td><td>UFMS</td></tr><tr><td>Carlo Henrique Golin</td><td>UFMS</td></tr><tr><td>Edgar Aparecido da Costa</td><td>UFMS</td></tr><tr><td>Gonzalo Álvarez</td><td>UNAP/INTE</td></tr><tr><td>Haroldo Dilla Alfonso</td><td>UNAP/ALEF</td></tr><tr><td>Karla Maria Müller</td><td>Unbral Fronteiras / UFRGS</td></tr><tr><td>Lucilene Machado Garcia Arf</td><td>UFMS</td></tr><tr><td>Marco Aurélio Machado de Oliveira</td><td>UFMS</td></tr><tr><td>Marcos Leandro Mondardo</td><td>UFGD</td></tr><tr><td>Milton Augusto Pasquotto Mariani</td><td>UMFS</td></tr><tr><td>Rebeca Steiman</td><td>Grupo Retis / UFRJ</td></tr></tbody></table></figure>



<p><strong>Comissão Científica</strong></p>



<figure class="wp-block-table is-style-stripes"><table><tbody><tr><td><strong>Nome</strong></td><td><strong>Instituição</strong></td></tr><tr><td>Eder Damião Goes Kukiel – Presidente</td><td>UFMS</td></tr><tr><td>Aiesca Oliveira Pellegrin</td><td>CPAP</td></tr><tr><td>Anderson Luis do Espiritio Santo</td><td>UFMS</td></tr><tr><td>Claudia Araujo de Lima</td><td>UFMS</td></tr><tr><td>Mara Aline Ribeiro</td><td> UFMS</td></tr><tr><td>Elisa Pinheiro de Freitas</td><td>UFMS</td></tr><tr><td>Élvis Christian Madureira Ramos,</td><td>UFMS</td></tr><tr><td>Fabiano Quadros Rückert</td><td>UFMS</td></tr><tr><td>Gleicy Denise Vasques Moreira</td><td>UFMS</td></tr><tr><td>Lisandra Pereira Lamoso</td><td>UFGD</td></tr><tr><td>Luciana Escalante Pereira</td><td>UFMS</td></tr><tr><td>Lucilene Machado Garcia Arf</td><td>UFMS</td></tr><tr><td>Raquel Soares Juliano</td><td>CPAP</td></tr><tr><td>Rogério Zaim de Melo</td><td>UFMS</td></tr><tr><td>Vanessa Catherina Neumann Figueiredo</td><td>UFMS</td></tr></tbody></table></figure>



<p><strong>Comissão de Apoio</strong></p>



<figure class="wp-block-table is-style-stripes"><table><tbody><tr><td><strong>Nome </strong></td><td><strong>Instituição</strong></td></tr><tr><td>Erika Luana Lopez Flores</td><td>PPGEF/UFMS</td></tr><tr><td>Evelyn Flayra Cavalcanti dos Santos</td><td>PPGEF/UFMS</td></tr><tr><td>Nádia Cristina Bureman</td><td>PPGEF/UFMS</td></tr><tr><td>Katiusca Eliana Garcia Marquez</td><td>PPGEF/UFMS</td></tr><tr><td>Poliana Fernandes dos Santos</td><td>PPGEF/UFMS</td></tr><tr><td>Suzianny da Silva Mosciaro Ebeling</td><td>PPGEF/UFMS</td></tr><tr><td>Leandro dos Santos Pereira</td><td>CPAN/UFMS</td></tr><tr><td>Kemilly Kellin Leon Castedo</td><td>CPAN/UFMS</td></tr><tr><td>Kethelin de Carvalho Nascimento</td><td>CPAN/UFMS</td></tr><tr><td>Valéria de Pinho Banegas</td><td>CPAN/UFMS</td></tr><tr><td>Vitória dos Santos Pereira</td><td>CPAN/UFMS</td></tr><tr><td>Yan Vinicius Jesus de Souza</td><td>CPAN/UFMS</td></tr><tr><td>Thiago Camilo de Arruda Rodrigues</td><td>CPAN/UFMS</td></tr></tbody></table></figure>



<p></p>

<p>Coordenação Geral Edgar Costa – MEF/UFMS Rebeca Steiman – Grupo Retis/UFRJ Comissão Organizadora Nome Instituição Adriana Dorfman Unbral Fronteiras / UFRGS Aguinaldo Silva UFMS Beatriz Lima de Paula Silva UFMS Carlo Henrique Golin UFMS Edgar Aparecido<a class="moretag" href="https://sef-cpan.ufms.br/viii/organizacao/">Read More&#8230;</a></p>

<!-- This site is optimized with the Yoast SEO plugin v23.1 - https://yoast.com/wordpress/plugins/seo/ -->
<title>Organização - VIII Seminário Internacional de Estudos Fronteiriços - 2023</title>
<meta name="robots" content="index, follow, max-snippet:-1, max-image-preview:large, max-video-preview:-1" />
<link rel="canonical" href="https://sef-cpan.ufms.br/viii/organizacao/" />
<meta property="og:locale" content="pt_BR" />
<meta property="og:type" content="article" />
<meta property="og:title" content="Organização - VIII Seminário Internacional de Estudos Fronteiriços - 2023" />
<meta property="og:description" content="Coordenação Geral Edgar Costa – MEF/UFMS Rebeca Steiman – Grupo Retis/UFRJ Comissão Organizadora Nome Instituição Adriana Dorfman Unbral Fronteiras / UFRGS Aguinaldo Silva UFMS Beatriz Lima de Paula Silva UFMS Carlo Henrique Golin UFMS Edgar AparecidoRead More..." />
<meta property="og:url" content="https://sef-cpan.ufms.br/viii/organizacao/" />
<meta property="og:site_name" content="VIII Seminário Internacional de Estudos Fronteiriços - 2023" />
<meta property="article:modified_time" content="2023-09-05T19:49:04+00:00" />
<meta name="twitter:card" content="summary_large_image" />
<meta name="twitter:label1" content="Est. tempo de leitura" />
	<meta name="twitter:data1" content="1 minuto" />
<script type="application/ld+json" class="yoast-schema-graph">{"@context":"https://schema.org","@graph":[{"@type":"WebPage","@id":"https://sef-cpan.ufms.br/viii/organizacao/","url":"https://sef-cpan.ufms.br/viii/organizacao/","name":"Organização - VIII Seminário Internacional de Estudos Fronteiriços - 2023","isPartOf":{"@id":"https://sef-cpan.ufms.br/viii/#website"},"datePublished":"2019-04-17T13:42:06+00:00","dateModified":"2023-09-05T19:49:04+00:00","breadcrumb":{"@id":"https://sef-cpan.ufms.br/viii/organizacao/#breadcrumb"},"inLanguage":"pt-BR","potentialAction":[{"@type":"ReadAction","target":["https://sef-cpan.ufms.br/viii/organizacao/"]}]},{"@type":"BreadcrumbList","@id":"https://sef-cpan.ufms.br/viii/organizacao/#breadcrumb","itemListElement":[{"@type":"ListItem","position":1,"name":"Início","item":"https://sef-cpan.ufms.br/viii/"},{"@type":"ListItem","position":2,"name":"Organização"}]},{"@type":"WebSite","@id":"https://sef-cpan.ufms.br/viii/#website","url":"https://sef-cpan.ufms.br/viii/","name":"VIII Seminário Internacional de Estudos Fronteiriços - 2023","description":"Fundação Universidade Federal de Mato Grosso do Sul - Câmpus do Pantanal","potentialAction":[{"@type":"SearchAction","target":{"@type":"EntryPoint","urlTemplate":"https://sef-cpan.ufms.br/viii/?s={search_term_string}"},"query-input":"required name=search_term_string"}],"inLanguage":"pt-BR"}]}</script>
<!-- / Yoast SEO plugin. -->

Organização - VIII Seminário Internacional de Estudos Fronteiriços - 2023

Coordenação Geral Edgar Costa – MEF/UFMS Rebeca Steiman – Grupo Retis/UFRJ Comissão Organizadora Nome Instituição Adriana Dorfman Unbral Fronteiras / UFRGS Aguinaldo Silva UFMS Beatriz Lima de Paula Silva UFMS Carlo Henrique Golin UFMS Edgar AparecidoRead More...

VIII Seminário Internacional de Estudos Fronteiriços - 2023

Início

Fundação Universidade Federal de Mato Grosso do Sul - Câmpus do Pantanal
