{"id":40,"date":"2019-04-17T10:41:11","date_gmt":"2019-04-17T13:41:11","guid":{"rendered":"http:\/\/sef.ufms.br\/viii\/?page_id=40"},"modified":"2023-09-22T10:24:54","modified_gmt":"2023-09-22T14:24:54","slug":"programacao","status":"publish","type":"page","link":"https:\/\/sef-cpan.ufms.br\/viii\/programacao\/","title":{"rendered":"Programa\u00e7\u00e3o"},"content":{"rendered":"\n<figure class=\"wp-block-image size-full is-resized\"><img loading=\"lazy\" decoding=\"async\" src=\"https:\/\/sef-cpan.ufms.br\/viii\/wp-content\/uploads\/sites\/5\/2023\/09\/programacao-viii-sef-3.jpg\" alt=\"\" class=\"wp-image-819\" width=\"666\" height=\"870\" srcset=\"https:\/\/sef-cpan.ufms.br\/viii\/wp-content\/uploads\/sites\/5\/2023\/09\/programacao-viii-sef-3.jpg 633w, https:\/\/sef-cpan.ufms.br\/viii\/wp-content\/uploads\/sites\/5\/2023\/09\/programacao-viii-sef-3-230x300.jpg 230w\" sizes=\"(max-width: 666px) 100vw, 666px\" \/><\/figure>\n","protected":false},"excerpt":{"rendered":"","protected":false},"author":2,"featured_media":0,"parent":0,"menu_order":0,"comment_status":"closed","ping_status":"closed","template":"","meta":{"footnotes":""},"yoast_head":"<!-- This site is optimized with the Yoast SEO plugin v23.1 - https:\/\/yoast.com\/wordpress\/plugins\/seo\/ -->\n<title>Programa\u00e7\u00e3o - VIII Semin\u00e1rio Internacional de Estudos Fronteiri\u00e7os - 2023<\/title>\n<meta name=\"robots\" content=\"index, follow, max-snippet:-1, max-image-preview:large, max-video-preview:-1\" \/>\n<link rel=\"canonical\" href=\"https:\/\/sef-cpan.ufms.br\/viii\/programacao\/\" \/>\n<meta property=\"og:locale\" content=\"pt_BR\" \/>\n<meta property=\"og:type\" content=\"article\" \/>\n<meta property=\"og:title\" content=\"Programa\u00e7\u00e3o - VIII Semin\u00e1rio Internacional de Estudos Fronteiri\u00e7os - 2023\" \/>\n<meta property=\"og:url\" content=\"https:\/\/sef-cpan.ufms.br\/viii\/programacao\/\" \/>\n<meta property=\"og:site_name\" content=\"VIII Semin\u00e1rio Internacional de Estudos Fronteiri\u00e7os - 2023\" \/>\n<meta property=\"article:modified_time\" content=\"2023-09-22T14:24:54+00:00\" \/>\n<meta property=\"og:image\" content=\"https:\/\/sef-cpan.ufms.br\/viii\/wp-content\/uploads\/sites\/5\/2023\/09\/programacao-viii-sef-3.jpg\" \/>\n<meta name=\"twitter:card\" content=\"summary_large_image\" \/>\n<script type=\"application\/ld+json\" class=\"yoast-schema-graph\">{\"@context\":\"https:\/\/schema.org\",\"@graph\":[{\"@type\":\"WebPage\",\"@id\":\"https:\/\/sef-cpan.ufms.br\/viii\/programacao\/\",\"url\":\"https:\/\/sef-cpan.ufms.br\/viii\/programacao\/\",\"name\":\"Programa\u00e7\u00e3o - VIII Semin\u00e1rio Internacional de Estudos Fronteiri\u00e7os - 2023\",\"isPartOf\":{\"@id\":\"https:\/\/sef-cpan.ufms.br\/viii\/#website\"},\"primaryImageOfPage\":{\"@id\":\"https:\/\/sef-cpan.ufms.br\/viii\/programacao\/#primaryimage\"},\"image\":{\"@id\":\"https:\/\/sef-cpan.ufms.br\/viii\/programacao\/#primaryimage\"},\"thumbnailUrl\":\"https:\/\/sef-cpan.ufms.br\/viii\/wp-content\/uploads\/sites\/5\/2023\/09\/programacao-viii-sef-3.jpg\",\"datePublished\":\"2019-04-17T13:41:11+00:00\",\"dateModified\":\"2023-09-22T14:24:54+00:00\",\"breadcrumb\":{\"@id\":\"https:\/\/sef-cpan.ufms.br\/viii\/programacao\/#breadcrumb\"},\"inLanguage\":\"pt-BR\",\"potentialAction\":[{\"@type\":\"ReadAction\",\"target\":[\"https:\/\/sef-cpan.ufms.br\/viii\/programacao\/\"]}]},{\"@type\":\"ImageObject\",\"inLanguage\":\"pt-BR\",\"@id\":\"https:\/\/sef-cpan.ufms.br\/viii\/programacao\/#primaryimage\",\"url\":\"https:\/\/sef-cpan.ufms.br\/viii\/wp-content\/uploads\/sites\/5\/2023\/09\/programacao-viii-sef-3.jpg\",\"contentUrl\":\"https:\/\/sef-cpan.ufms.br\/viii\/wp-content\/uploads\/sites\/5\/2023\/09\/programacao-viii-sef-3.jpg\",\"width\":633,\"height\":827},{\"@type\":\"BreadcrumbList\",\"@id\":\"https:\/\/sef-cpan.ufms.br\/viii\/programacao\/#breadcrumb\",\"itemListElement\":[{\"@type\":\"ListItem\",\"position\":1,\"name\":\"In\u00edcio\",\"item\":\"https:\/\/sef-cpan.ufms.br\/viii\/\"},{\"@type\":\"ListItem\",\"position\":2,\"name\":\"Programa\u00e7\u00e3o\"}]},{\"@type\":\"WebSite\",\"@id\":\"https:\/\/sef-cpan.ufms.br\/viii\/#website\",\"url\":\"https:\/\/sef-cpan.ufms.br\/viii\/\",\"name\":\"VIII Semin\u00e1rio Internacional de Estudos Fronteiri\u00e7os - 2023\",\"description\":\"Funda\u00e7\u00e3o Universidade Federal de Mato Grosso do Sul - C\u00e2mpus do Pantanal\",\"potentialAction\":[{\"@type\":\"SearchAction\",\"target\":{\"@type\":\"EntryPoint\",\"urlTemplate\":\"https:\/\/sef-cpan.ufms.br\/viii\/?s={search_term_string}\"},\"query-input\":\"required name=search_term_string\"}],\"inLanguage\":\"pt-BR\"}]}<\/script>\n<!-- \/ Yoast SEO plugin. -->","yoast_head_json":{"title":"Programa\u00e7\u00e3o - VIII Semin\u00e1rio Internacional de Estudos Fronteiri\u00e7os - 2023","robots":{"index":"index","follow":"follow","max-snippet":"max-snippet:-1","max-image-preview":"max-image-preview:large","max-video-preview":"max-video-preview:-1"},"canonical":"https:\/\/sef-cpan.ufms.br\/viii\/programacao\/","og_locale":"pt_BR","og_type":"article","og_title":"Programa\u00e7\u00e3o - VIII Semin\u00e1rio Internacional de Estudos Fronteiri\u00e7os - 2023","og_url":"https:\/\/sef-cpan.ufms.br\/viii\/programacao\/","og_site_name":"VIII Semin\u00e1rio Internacional de Estudos Fronteiri\u00e7os - 2023","article_modified_time":"2023-09-22T14:24:54+00:00","og_image":[{"url":"https:\/\/sef-cpan.ufms.br\/viii\/wp-content\/uploads\/sites\/5\/2023\/09\/programacao-viii-sef-3.jpg"}],"twitter_card":"summary_large_image","schema":{"@context":"https:\/\/schema.org","@graph":[{"@type":"WebPage","@id":"https:\/\/sef-cpan.ufms.br\/viii\/programacao\/","url":"https:\/\/sef-cpan.ufms.br\/viii\/programacao\/","name":"Programa\u00e7\u00e3o - VIII Semin\u00e1rio Internacional de Estudos Fronteiri\u00e7os - 2023","isPartOf":{"@id":"https:\/\/sef-cpan.ufms.br\/viii\/#website"},"primaryImageOfPage":{"@id":"https:\/\/sef-cpan.ufms.br\/viii\/programacao\/#primaryimage"},"image":{"@id":"https:\/\/sef-cpan.ufms.br\/viii\/programacao\/#primaryimage"},"thumbnailUrl":"https:\/\/sef-cpan.ufms.br\/viii\/wp-content\/uploads\/sites\/5\/2023\/09\/programacao-viii-sef-3.jpg","datePublished":"2019-04-17T13:41:11+00:00","dateModified":"2023-09-22T14:24:54+00:00","breadcrumb":{"@id":"https:\/\/sef-cpan.ufms.br\/viii\/programacao\/#breadcrumb"},"inLanguage":"pt-BR","potentialAction":[{"@type":"ReadAction","target":["https:\/\/sef-cpan.ufms.br\/viii\/programacao\/"]}]},{"@type":"ImageObject","inLanguage":"pt-BR","@id":"https:\/\/sef-cpan.ufms.br\/viii\/programacao\/#primaryimage","url":"https:\/\/sef-cpan.ufms.br\/viii\/wp-content\/uploads\/sites\/5\/2023\/09\/programacao-viii-sef-3.jpg","contentUrl":"https:\/\/sef-cpan.ufms.br\/viii\/wp-content\/uploads\/sites\/5\/2023\/09\/programacao-viii-sef-3.jpg","width":633,"height":827},{"@type":"BreadcrumbList","@id":"https:\/\/sef-cpan.ufms.br\/viii\/programacao\/#breadcrumb","itemListElement":[{"@type":"ListItem","position":1,"name":"In\u00edcio","item":"https:\/\/sef-cpan.ufms.br\/viii\/"},{"@type":"ListItem","position":2,"name":"Programa\u00e7\u00e3o"}]},{"@type":"WebSite","@id":"https:\/\/sef-cpan.ufms.br\/viii\/#website","url":"https:\/\/sef-cpan.ufms.br\/viii\/","name":"VIII Semin\u00e1rio Internacional de Estudos Fronteiri\u00e7os - 2023","description":"Funda\u00e7\u00e3o Universidade Federal de Mato Grosso do Sul - C\u00e2mpus do Pantanal","potentialAction":[{"@type":"SearchAction","target":{"@type":"EntryPoint","urlTemplate":"https:\/\/sef-cpan.ufms.br\/viii\/?s={search_term_string}"},"query-input":"required name=search_term_string"}],"inLanguage":"pt-BR"}]}},"_links":{"self":[{"href":"https:\/\/sef-cpan.ufms.br\/viii\/wp-json\/wp\/v2\/pages\/40"}],"collection":[{"href":"https:\/\/sef-cpan.ufms.br\/viii\/wp-json\/wp\/v2\/pages"}],"about":[{"href":"https:\/\/sef-cpan.ufms.br\/viii\/wp-json\/wp\/v2\/types\/page"}],"author":[{"embeddable":true,"href":"https:\/\/sef-cpan.ufms.br\/viii\/wp-json\/wp\/v2\/users\/2"}],"replies":[{"embeddable":true,"href":"https:\/\/sef-cpan.ufms.br\/viii\/wp-json\/wp\/v2\/comments?post=40"}],"version-history":[{"count":34,"href":"https:\/\/sef-cpan.ufms.br\/viii\/wp-json\/wp\/v2\/pages\/40\/revisions"}],"predecessor-version":[{"id":821,"href":"https:\/\/sef-cpan.ufms.br\/viii\/wp-json\/wp\/v2\/pages\/40\/revisions\/821"}],"wp:attachment":[{"href":"https:\/\/sef-cpan.ufms.br\/viii\/wp-json\/wp\/v2\/media?parent=40"}],"curies":[{"name":"wp","href":"https:\/\/api.w.org\/{rel}","templated":true}]}}

Programação

<!-- This site is optimized with the Yoast SEO plugin v23.1 - https://yoast.com/wordpress/plugins/seo/ -->
<title>Programação - VIII Seminário Internacional de Estudos Fronteiriços - 2023</title>
<meta name="robots" content="index, follow, max-snippet:-1, max-image-preview:large, max-video-preview:-1" />
<link rel="canonical" href="https://sef-cpan.ufms.br/viii/programacao/" />
<meta property="og:locale" content="pt_BR" />
<meta property="og:type" content="article" />
<meta property="og:title" content="Programação - VIII Seminário Internacional de Estudos Fronteiriços - 2023" />
<meta property="og:url" content="https://sef-cpan.ufms.br/viii/programacao/" />
<meta property="og:site_name" content="VIII Seminário Internacional de Estudos Fronteiriços - 2023" />
<meta property="article:modified_time" content="2023-09-22T14:24:54+00:00" />
<meta property="og:image" content="https://sef-cpan.ufms.br/viii/wp-content/uploads/sites/5/2023/09/programacao-viii-sef-3.jpg" />
<meta name="twitter:card" content="summary_large_image" />
<script type="application/ld+json" class="yoast-schema-graph">{"@context":"https://schema.org","@graph":[{"@type":"WebPage","@id":"https://sef-cpan.ufms.br/viii/programacao/","url":"https://sef-cpan.ufms.br/viii/programacao/","name":"Programação - VIII Seminário Internacional de Estudos Fronteiriços - 2023","isPartOf":{"@id":"https://sef-cpan.ufms.br/viii/#website"},"primaryImageOfPage":{"@id":"https://sef-cpan.ufms.br/viii/programacao/#primaryimage"},"image":{"@id":"https://sef-cpan.ufms.br/viii/programacao/#primaryimage"},"thumbnailUrl":"https://sef-cpan.ufms.br/viii/wp-content/uploads/sites/5/2023/09/programacao-viii-sef-3.jpg","datePublished":"2019-04-17T13:41:11+00:00","dateModified":"2023-09-22T14:24:54+00:00","breadcrumb":{"@id":"https://sef-cpan.ufms.br/viii/programacao/#breadcrumb"},"inLanguage":"pt-BR","potentialAction":[{"@type":"ReadAction","target":["https://sef-cpan.ufms.br/viii/programacao/"]}]},{"@type":"ImageObject","inLanguage":"pt-BR","@id":"https://sef-cpan.ufms.br/viii/programacao/#primaryimage","url":"https://sef-cpan.ufms.br/viii/wp-content/uploads/sites/5/2023/09/programacao-viii-sef-3.jpg","contentUrl":"https://sef-cpan.ufms.br/viii/wp-content/uploads/sites/5/2023/09/programacao-viii-sef-3.jpg","width":633,"height":827},{"@type":"BreadcrumbList","@id":"https://sef-cpan.ufms.br/viii/programacao/#breadcrumb","itemListElement":[{"@type":"ListItem","position":1,"name":"Início","item":"https://sef-cpan.ufms.br/viii/"},{"@type":"ListItem","position":2,"name":"Programação"}]},{"@type":"WebSite","@id":"https://sef-cpan.ufms.br/viii/#website","url":"https://sef-cpan.ufms.br/viii/","name":"VIII Seminário Internacional de Estudos Fronteiriços - 2023","description":"Fundação Universidade Federal de Mato Grosso do Sul - Câmpus do Pantanal","potentialAction":[{"@type":"SearchAction","target":{"@type":"EntryPoint","urlTemplate":"https://sef-cpan.ufms.br/viii/?s={search_term_string}"},"query-input":"required name=search_term_string"}],"inLanguage":"pt-BR"}]}</script>
<!-- / Yoast SEO plugin. -->

Programação - VIII Seminário Internacional de Estudos Fronteiriços - 2023

VIII Seminário Internacional de Estudos Fronteiriços - 2023

Início

Fundação Universidade Federal de Mato Grosso do Sul - Câmpus do Pantanal
