{"id":9,"date":"2019-04-17T09:41:31","date_gmt":"2019-04-17T12:41:31","guid":{"rendered":"http:\/\/sef.ufms.br\/vii\/?page_id=9"},"modified":"2019-08-03T20:23:30","modified_gmt":"2019-08-03T23:23:30","slug":"vii-seminario-internacional-de-estudos-fronteiricos-2019","status":"publish","type":"page","link":"https:\/\/sef-cpan.ufms.br\/vii\/vii-seminario-internacional-de-estudos-fronteiricos-2019\/","title":{"rendered":"VII SEF &#8211; 2019"},"content":{"rendered":"\n<p style=\"text-align:center\" class=\"has-background has-very-light-gray-background-color\"><strong>7 a 9 de <g class=\"gr_ gr_5 gr-alert gr_spell gr_inline_cards gr_run_anim ContextualSpelling ins-del multiReplace\" id=\"5\" data-gr-id=\"5\">outubro<\/g> de 2019<\/strong><br> <strong> Corumb\u00e1-MS<\/strong><\/p>\n\n\n\n<p>Convidamos a comunidade acad\u00eamica para a s\u00e9tima edi\u00e7\u00e3o do <strong>Semin\u00e1rio Internacional de Estudos Fronteiri\u00e7os (VII SEF)<\/strong>, a ser realizado entre os dias 7 e 9 de outubro de 2019 na Universidade Federal do Mato Grosso do Sul (Campus Pantanal) na cidade de Corumb\u00e1. <\/p>\n\n\n\n<p>O evento bianual j\u00e1 est\u00e1 consolidado na agenda acad\u00eamica e \u00e9 um ponto de encontro para professores, profissionais, estudantes de gradua\u00e7\u00e3o e p\u00f3s-gradua\u00e7\u00e3o que se interessam por tem\u00e1ticas diversas relacionadas \u00e0 fronteira. &nbsp;Desde a primeira edi\u00e7\u00e3o, o <strong>SEF<\/strong> tem recebido pesquisadores de renome nacional e internacional e gestores com larga experi\u00eancia em quest\u00f5es fronteiri\u00e7as, que contribu\u00edram para a amplia\u00e7\u00e3o do conhecimento sobre as fronteiras pol\u00edticas internacionais a partir de um enfoque interdisciplinar.<\/p>\n\n\n\n<p>O <strong>VII SEF<\/strong> traz <strong>mesas tem\u00e1ticas<\/strong> sobre temas contempor\u00e2neos a fim de estimular o di\u00e1logo entre os especialistas e o p\u00fablico. A apresenta\u00e7\u00e3o dos trabalhos completos por pesquisadores, profissionais e p\u00f3s-graduandos permite compartilhar pesquisas j\u00e1 avan\u00e7adas nas discuss\u00f5es dos grupos de trabalho, organizados em torno de <strong>eixos tem\u00e1ticos<\/strong>. Os alunos de inicia\u00e7\u00e3o cient\u00edfica t\u00eam a oportunidade de aprimorar sua forma\u00e7\u00e3o expondo <strong>p\u00f4steres (banners<\/strong>).<\/p>\n\n\n\n<p>O evento abrigar\u00e1, ainda, a discuss\u00e3o dos peri\u00f3dicos e das metodologias relevantes para o campo, no <strong>4\u00ba Col\u00f3quio Unbral de Estudos Fronteiri\u00e7os<\/strong>. O VII SEF contar\u00e1 tamb\u00e9m com <strong>oficinas<\/strong>, <strong>lan\u00e7amento de livros<\/strong> e de <strong>document\u00e1rios<\/strong> sobre a zona de fronteira M\u00e9xico-Estados Unidos e sobre a zona de fronteira entre Brasil, Guiana Francesa, Suriname e Guiana.<\/p>\n\n\n\n<p>A comiss\u00e3o organizadora do evento congrega pesquisadores do Mestrado em Estudos Fronteiri\u00e7os da Universidade Federal do Mato Grosso do Sul (UFMS); do Grupo Retis da Universidade Federal do Rio de Janeiro (UFRJ); do GREFIT da Universidade Federal do Rio Grande do Sul (UFRGS); do Programa de P\u00f3s-Gradua\u00e7\u00e3o em Geografia da Universidade Federal da Grande Dourados (UFGD); do Programa de P\u00f3s-Gradua\u00e7\u00e3o em Estudos de Fronteira da Universidade Federal do Amap\u00e1 (UNIFAP) e de institui\u00e7\u00f5es internacionais como o Col\u00e9gio da Frontera Norte (El Colef) do M\u00e9xico e o Instituto de Estudios Internacionales (INTE) da Universidad Arturo Prat do Chile. <\/p>\n\n\n\n<p>Evento anterior: <\/p>\n\n\n\n<p> <a href=\"https:\/\/sef-cpan.ufms.br\/vi\/\">https:\/\/sef-cpan.ufms.br\/vi\/<\/a> <\/p>\n","protected":false},"excerpt":{"rendered":"<p>7 a 9 de outubro de 2019 Corumb\u00e1-MS Convidamos a comunidade acad\u00eamica para a s\u00e9tima edi\u00e7\u00e3o do Semin\u00e1rio Internacional de Estudos Fronteiri\u00e7os (VII SEF), a ser realizado entre os dias 7 e 9 de outubro de<a class=\"moretag\" href=\"https:\/\/sef-cpan.ufms.br\/vii\/vii-seminario-internacional-de-estudos-fronteiricos-2019\/\">Read More&#8230;<\/a><\/p>\n","protected":false},"author":2,"featured_media":0,"parent":0,"menu_order":0,"comment_status":"closed","ping_status":"closed","template":"","meta":{"footnotes":""},"yoast_head":"<!-- This site is optimized with the Yoast SEO plugin v23.1 - https:\/\/yoast.com\/wordpress\/plugins\/seo\/ -->\n<title>VII SEF - 2019 - VII Semin\u00e1rio Internacional de Estudos Fronteiri\u00e7os<\/title>\n<meta name=\"robots\" content=\"index, follow, max-snippet:-1, max-image-preview:large, max-video-preview:-1\" \/>\n<link rel=\"canonical\" href=\"https:\/\/sef-cpan.ufms.br\/vii\/vii-seminario-internacional-de-estudos-fronteiricos-2019\/\" \/>\n<meta property=\"og:locale\" content=\"pt_BR\" \/>\n<meta property=\"og:type\" content=\"article\" \/>\n<meta property=\"og:title\" content=\"VII SEF - 2019 - VII Semin\u00e1rio Internacional de Estudos Fronteiri\u00e7os\" \/>\n<meta property=\"og:description\" content=\"7 a 9 de outubro de 2019 Corumb\u00e1-MS Convidamos a comunidade acad\u00eamica para a s\u00e9tima edi\u00e7\u00e3o do Semin\u00e1rio Internacional de Estudos Fronteiri\u00e7os (VII SEF), a ser realizado entre os dias 7 e 9 de outubro deRead More...\" \/>\n<meta property=\"og:url\" content=\"https:\/\/sef-cpan.ufms.br\/vii\/vii-seminario-internacional-de-estudos-fronteiricos-2019\/\" \/>\n<meta property=\"og:site_name\" content=\"VII Semin\u00e1rio Internacional de Estudos Fronteiri\u00e7os\" \/>\n<meta property=\"article:modified_time\" content=\"2019-08-03T23:23:30+00:00\" \/>\n<meta name=\"twitter:card\" content=\"summary_large_image\" \/>\n<meta name=\"twitter:label1\" content=\"Est. tempo de leitura\" \/>\n\t<meta name=\"twitter:data1\" content=\"2 minutos\" \/>\n<script type=\"application\/ld+json\" class=\"yoast-schema-graph\">{\"@context\":\"https:\/\/schema.org\",\"@graph\":[{\"@type\":\"WebPage\",\"@id\":\"https:\/\/sef-cpan.ufms.br\/vii\/vii-seminario-internacional-de-estudos-fronteiricos-2019\/\",\"url\":\"https:\/\/sef-cpan.ufms.br\/vii\/vii-seminario-internacional-de-estudos-fronteiricos-2019\/\",\"name\":\"VII SEF - 2019 - VII Semin\u00e1rio Internacional de Estudos Fronteiri\u00e7os\",\"isPartOf\":{\"@id\":\"https:\/\/sef-cpan.ufms.br\/vii\/#website\"},\"datePublished\":\"2019-04-17T12:41:31+00:00\",\"dateModified\":\"2019-08-03T23:23:30+00:00\",\"breadcrumb\":{\"@id\":\"https:\/\/sef-cpan.ufms.br\/vii\/vii-seminario-internacional-de-estudos-fronteiricos-2019\/#breadcrumb\"},\"inLanguage\":\"pt-BR\",\"potentialAction\":[{\"@type\":\"ReadAction\",\"target\":[\"https:\/\/sef-cpan.ufms.br\/vii\/vii-seminario-internacional-de-estudos-fronteiricos-2019\/\"]}]},{\"@type\":\"BreadcrumbList\",\"@id\":\"https:\/\/sef-cpan.ufms.br\/vii\/vii-seminario-internacional-de-estudos-fronteiricos-2019\/#breadcrumb\",\"itemListElement\":[{\"@type\":\"ListItem\",\"position\":1,\"name\":\"In\u00edcio\",\"item\":\"https:\/\/sef-cpan.ufms.br\/vii\/\"},{\"@type\":\"ListItem\",\"position\":2,\"name\":\"VII SEF &#8211; 2019\"}]},{\"@type\":\"WebSite\",\"@id\":\"https:\/\/sef-cpan.ufms.br\/vii\/#website\",\"url\":\"https:\/\/sef-cpan.ufms.br\/vii\/\",\"name\":\"VII Semin\u00e1rio Internacional de Estudos Fronteiri\u00e7os\",\"description\":\"Funda\u00e7\u00e3o Universidade Federal de Mato Grosso do Sul - C\u00e2mpus do Pantanal\",\"potentialAction\":[{\"@type\":\"SearchAction\",\"target\":{\"@type\":\"EntryPoint\",\"urlTemplate\":\"https:\/\/sef-cpan.ufms.br\/vii\/?s={search_term_string}\"},\"query-input\":\"required name=search_term_string\"}],\"inLanguage\":\"pt-BR\"}]}<\/script>\n<!-- \/ Yoast SEO plugin. -->","yoast_head_json":{"title":"VII SEF - 2019 - VII Semin\u00e1rio Internacional de Estudos Fronteiri\u00e7os","robots":{"index":"index","follow":"follow","max-snippet":"max-snippet:-1","max-image-preview":"max-image-preview:large","max-video-preview":"max-video-preview:-1"},"canonical":"https:\/\/sef-cpan.ufms.br\/vii\/vii-seminario-internacional-de-estudos-fronteiricos-2019\/","og_locale":"pt_BR","og_type":"article","og_title":"VII SEF - 2019 - VII Semin\u00e1rio Internacional de Estudos Fronteiri\u00e7os","og_description":"7 a 9 de outubro de 2019 Corumb\u00e1-MS Convidamos a comunidade acad\u00eamica para a s\u00e9tima edi\u00e7\u00e3o do Semin\u00e1rio Internacional de Estudos Fronteiri\u00e7os (VII SEF), a ser realizado entre os dias 7 e 9 de outubro deRead More...","og_url":"https:\/\/sef-cpan.ufms.br\/vii\/vii-seminario-internacional-de-estudos-fronteiricos-2019\/","og_site_name":"VII Semin\u00e1rio Internacional de Estudos Fronteiri\u00e7os","article_modified_time":"2019-08-03T23:23:30+00:00","twitter_card":"summary_large_image","twitter_misc":{"Est. tempo de leitura":"2 minutos"},"schema":{"@context":"https:\/\/schema.org","@graph":[{"@type":"WebPage","@id":"https:\/\/sef-cpan.ufms.br\/vii\/vii-seminario-internacional-de-estudos-fronteiricos-2019\/","url":"https:\/\/sef-cpan.ufms.br\/vii\/vii-seminario-internacional-de-estudos-fronteiricos-2019\/","name":"VII SEF - 2019 - VII Semin\u00e1rio Internacional de Estudos Fronteiri\u00e7os","isPartOf":{"@id":"https:\/\/sef-cpan.ufms.br\/vii\/#website"},"datePublished":"2019-04-17T12:41:31+00:00","dateModified":"2019-08-03T23:23:30+00:00","breadcrumb":{"@id":"https:\/\/sef-cpan.ufms.br\/vii\/vii-seminario-internacional-de-estudos-fronteiricos-2019\/#breadcrumb"},"inLanguage":"pt-BR","potentialAction":[{"@type":"ReadAction","target":["https:\/\/sef-cpan.ufms.br\/vii\/vii-seminario-internacional-de-estudos-fronteiricos-2019\/"]}]},{"@type":"BreadcrumbList","@id":"https:\/\/sef-cpan.ufms.br\/vii\/vii-seminario-internacional-de-estudos-fronteiricos-2019\/#breadcrumb","itemListElement":[{"@type":"ListItem","position":1,"name":"In\u00edcio","item":"https:\/\/sef-cpan.ufms.br\/vii\/"},{"@type":"ListItem","position":2,"name":"VII SEF &#8211; 2019"}]},{"@type":"WebSite","@id":"https:\/\/sef-cpan.ufms.br\/vii\/#website","url":"https:\/\/sef-cpan.ufms.br\/vii\/","name":"VII Semin\u00e1rio Internacional de Estudos Fronteiri\u00e7os","description":"Funda\u00e7\u00e3o Universidade Federal de Mato Grosso do Sul - C\u00e2mpus do Pantanal","potentialAction":[{"@type":"SearchAction","target":{"@type":"EntryPoint","urlTemplate":"https:\/\/sef-cpan.ufms.br\/vii\/?s={search_term_string}"},"query-input":"required name=search_term_string"}],"inLanguage":"pt-BR"}]}},"_links":{"self":[{"href":"https:\/\/sef-cpan.ufms.br\/vii\/wp-json\/wp\/v2\/pages\/9"}],"collection":[{"href":"https:\/\/sef-cpan.ufms.br\/vii\/wp-json\/wp\/v2\/pages"}],"about":[{"href":"https:\/\/sef-cpan.ufms.br\/vii\/wp-json\/wp\/v2\/types\/page"}],"author":[{"embeddable":true,"href":"https:\/\/sef-cpan.ufms.br\/vii\/wp-json\/wp\/v2\/users\/2"}],"replies":[{"embeddable":true,"href":"https:\/\/sef-cpan.ufms.br\/vii\/wp-json\/wp\/v2\/comments?post=9"}],"version-history":[{"count":14,"href":"https:\/\/sef-cpan.ufms.br\/vii\/wp-json\/wp\/v2\/pages\/9\/revisions"}],"predecessor-version":[{"id":340,"href":"https:\/\/sef-cpan.ufms.br\/vii\/wp-json\/wp\/v2\/pages\/9\/revisions\/340"}],"wp:attachment":[{"href":"https:\/\/sef-cpan.ufms.br\/vii\/wp-json\/wp\/v2\/media?parent=9"}],"curies":[{"name":"wp","href":"https:\/\/api.w.org\/{rel}","templated":true}]}}

<p style="text-align:center" class="has-background has-very-light-gray-background-color"><strong>7 a 9 de <g class="gr_ gr_5 gr-alert gr_spell gr_inline_cards gr_run_anim ContextualSpelling ins-del multiReplace" id="5" data-gr-id="5">outubro</g> de 2019</strong><br> <strong> Corumbá-MS</strong></p>



<p>Convidamos a comunidade acadêmica para a sétima edição do <strong>Seminário Internacional de Estudos Fronteiriços (VII SEF)</strong>, a ser realizado entre os dias 7 e 9 de outubro de 2019 na Universidade Federal do Mato Grosso do Sul (Campus Pantanal) na cidade de Corumbá. </p>



<p>O evento bianual já está consolidado na agenda acadêmica e é um ponto de encontro para professores, profissionais, estudantes de graduação e pós-graduação que se interessam por temáticas diversas relacionadas à fronteira. &nbsp;Desde a primeira edição, o <strong>SEF</strong> tem recebido pesquisadores de renome nacional e internacional e gestores com larga experiência em questões fronteiriças, que contribuíram para a ampliação do conhecimento sobre as fronteiras políticas internacionais a partir de um enfoque interdisciplinar.</p>



<p>O <strong>VII SEF</strong> traz <strong>mesas temáticas</strong> sobre temas contemporâneos a fim de estimular o diálogo entre os especialistas e o público. A apresentação dos trabalhos completos por pesquisadores, profissionais e pós-graduandos permite compartilhar pesquisas já avançadas nas discussões dos grupos de trabalho, organizados em torno de <strong>eixos temáticos</strong>. Os alunos de iniciação científica têm a oportunidade de aprimorar sua formação expondo <strong>pôsteres (banners</strong>).</p>



<p>O evento abrigará, ainda, a discussão dos periódicos e das metodologias relevantes para o campo, no <strong>4º Colóquio Unbral de Estudos Fronteiriços</strong>. O VII SEF contará também com <strong>oficinas</strong>, <strong>lançamento de livros</strong> e de <strong>documentários</strong> sobre a zona de fronteira México-Estados Unidos e sobre a zona de fronteira entre Brasil, Guiana Francesa, Suriname e Guiana.</p>



<p>A comissão organizadora do evento congrega pesquisadores do Mestrado em Estudos Fronteiriços da Universidade Federal do Mato Grosso do Sul (UFMS); do Grupo Retis da Universidade Federal do Rio de Janeiro (UFRJ); do GREFIT da Universidade Federal do Rio Grande do Sul (UFRGS); do Programa de Pós-Graduação em Geografia da Universidade Federal da Grande Dourados (UFGD); do Programa de Pós-Graduação em Estudos de Fronteira da Universidade Federal do Amapá (UNIFAP) e de instituições internacionais como o Colégio da Frontera Norte (El Colef) do México e o Instituto de Estudios Internacionales (INTE) da Universidad Arturo Prat do Chile. </p>



<p>Evento anterior: </p>



<p> <a href="https://sef-cpan.ufms.br/vi/">https://sef-cpan.ufms.br/vi/</a> </p>

<p>7 a 9 de outubro de 2019 Corumbá-MS Convidamos a comunidade acadêmica para a sétima edição do Seminário Internacional de Estudos Fronteiriços (VII SEF), a ser realizado entre os dias 7 e 9 de outubro de<a class="moretag" href="https://sef-cpan.ufms.br/vii/vii-seminario-internacional-de-estudos-fronteiricos-2019/">Read More&#8230;</a></p>

<!-- This site is optimized with the Yoast SEO plugin v23.1 - https://yoast.com/wordpress/plugins/seo/ -->
<title>VII SEF - 2019 - VII Seminário Internacional de Estudos Fronteiriços</title>
<meta name="robots" content="index, follow, max-snippet:-1, max-image-preview:large, max-video-preview:-1" />
<link rel="canonical" href="https://sef-cpan.ufms.br/vii/vii-seminario-internacional-de-estudos-fronteiricos-2019/" />
<meta property="og:locale" content="pt_BR" />
<meta property="og:type" content="article" />
<meta property="og:title" content="VII SEF - 2019 - VII Seminário Internacional de Estudos Fronteiriços" />
<meta property="og:description" content="7 a 9 de outubro de 2019 Corumbá-MS Convidamos a comunidade acadêmica para a sétima edição do Seminário Internacional de Estudos Fronteiriços (VII SEF), a ser realizado entre os dias 7 e 9 de outubro deRead More..." />
<meta property="og:url" content="https://sef-cpan.ufms.br/vii/vii-seminario-internacional-de-estudos-fronteiricos-2019/" />
<meta property="og:site_name" content="VII Seminário Internacional de Estudos Fronteiriços" />
<meta property="article:modified_time" content="2019-08-03T23:23:30+00:00" />
<meta name="twitter:card" content="summary_large_image" />
<meta name="twitter:label1" content="Est. tempo de leitura" />
	<meta name="twitter:data1" content="2 minutos" />
<script type="application/ld+json" class="yoast-schema-graph">{"@context":"https://schema.org","@graph":[{"@type":"WebPage","@id":"https://sef-cpan.ufms.br/vii/vii-seminario-internacional-de-estudos-fronteiricos-2019/","url":"https://sef-cpan.ufms.br/vii/vii-seminario-internacional-de-estudos-fronteiricos-2019/","name":"VII SEF - 2019 - VII Seminário Internacional de Estudos Fronteiriços","isPartOf":{"@id":"https://sef-cpan.ufms.br/vii/#website"},"datePublished":"2019-04-17T12:41:31+00:00","dateModified":"2019-08-03T23:23:30+00:00","breadcrumb":{"@id":"https://sef-cpan.ufms.br/vii/vii-seminario-internacional-de-estudos-fronteiricos-2019/#breadcrumb"},"inLanguage":"pt-BR","potentialAction":[{"@type":"ReadAction","target":["https://sef-cpan.ufms.br/vii/vii-seminario-internacional-de-estudos-fronteiricos-2019/"]}]},{"@type":"BreadcrumbList","@id":"https://sef-cpan.ufms.br/vii/vii-seminario-internacional-de-estudos-fronteiricos-2019/#breadcrumb","itemListElement":[{"@type":"ListItem","position":1,"name":"Início","item":"https://sef-cpan.ufms.br/vii/"},{"@type":"ListItem","position":2,"name":"VII SEF &#8211; 2019"}]},{"@type":"WebSite","@id":"https://sef-cpan.ufms.br/vii/#website","url":"https://sef-cpan.ufms.br/vii/","name":"VII Seminário Internacional de Estudos Fronteiriços","description":"Fundação Universidade Federal de Mato Grosso do Sul - Câmpus do Pantanal","potentialAction":[{"@type":"SearchAction","target":{"@type":"EntryPoint","urlTemplate":"https://sef-cpan.ufms.br/vii/?s={search_term_string}"},"query-input":"required name=search_term_string"}],"inLanguage":"pt-BR"}]}</script>
<!-- / Yoast SEO plugin. -->

VII SEF - 2019 - VII Seminário Internacional de Estudos Fronteiriços

7 a 9 de outubro de 2019 Corumbá-MS Convidamos a comunidade acadêmica para a sétima edição do Seminário Internacional de Estudos Fronteiriços (VII SEF), a ser realizado entre os dias 7 e 9 de outubro deRead More...

VII Seminário Internacional de Estudos Fronteiriços

Início

Fundação Universidade Federal de Mato Grosso do Sul - Câmpus do Pantanal
