{"id":42,"date":"2019-04-17T10:41:32","date_gmt":"2019-04-17T13:41:32","guid":{"rendered":"http:\/\/sef.ufms.br\/vii\/?page_id=42"},"modified":"2019-08-07T20:07:39","modified_gmt":"2019-08-07T23:07:39","slug":"trabalhos","status":"publish","type":"page","link":"https:\/\/sef-cpan.ufms.br\/vii\/trabalhos\/","title":{"rendered":"Trabalhos"},"content":{"rendered":"\n<div class=\"wp-block-button\"><a class=\"wp-block-button__link has-background has-vivid-red-background-color\" href=\"https:\/\/docs.google.com\/forms\/d\/e\/1FAIpQLSeDsq8IFvgxHOo9CvYFNvrEOTUUeOpOMUkJCXjdcDT8AOdrnw\/viewform?usp=sf_link\">ENVIE SEU TRABALHO<\/a><\/div>\n\n\n\n<p><strong>Envio\nde trabalhos completos<\/strong><\/p>\n\n\n\n<p>Ser\u00e3o aceitos apenas trabalhos completos com at\u00e9 tr\u00eas autores, que dever\u00e3o ser encaminhados exclusivamente pelo formul\u00e1rio na p\u00e1gina do evento (<a href=\"https:\/\/sef-cpan.ufms.br\/vii\">https:\/\/sef-cpan.ufms.br\/vii<\/a>), entre os dias <strong>01\/05\/2019 e<\/strong> 2<strong>0\/08\/2019<\/strong>. N\u00e3o ser\u00e3o aceitos trabalhos enviados fora do prazo. <\/p>\n\n\n\n<p>Os\naceites ser\u00e3o <strong>divulgados at\u00e9 31\/08\/2019<\/strong> via correio eletr\u00f4nico e\ndivulga\u00e7\u00e3o na p\u00e1gina do evento. O trabalho somente ser\u00e1 publicado nos anais do\nevento se for confirmado o pagamento da inscri\u00e7\u00e3o do autor principal.<\/p>\n\n\n\n<p>Anais do SEF: ISSN 2178-2245<\/p>\n\n\n\n<p> <strong>Normas para trabalhos completos  <\/strong><\/p>\n\n\n\n<p><strong>Formato: <\/strong>em documento Word (.doc); folha tamanho A4; letra arial 12; espa\u00e7o entre as linhas de 1,5; margens: superior e esquerda, 3,0 cm, direita e inferior 2 cm; recuo de par\u00e1grafo de 1,25 cm. <\/p>\n\n\n\n<p><strong>T\u00edtulo do trabalho: <\/strong>em mai\u00fasculas, negrito e centralizado. Tamb\u00e9m traduzido para o ingl\u00eas e espanhol (it\u00e1lico, iniciais mai\u00fasculas e centralizado).<\/p>\n\n\n\n<p><strong>Identifica\u00e7\u00e3o do autor(es):<\/strong> Em p\u00e1gina separada, contendo nome completo e respectiva apresenta\u00e7\u00e3o \u2013 forma\u00e7\u00e3o, titula\u00e7\u00e3o, institui\u00e7\u00e3o e e-mail) de cada um dos componentes. <\/p>\n\n\n\n<p><strong>Tamanho do texto: <\/strong>entre 10 e 20 p\u00e1ginas contendo obrigatoriamente: <strong>resumos em portugu\u00eas, ingl\u00eas e espanhol<\/strong>, objetivos, a metodologia, resultados da pesquisa e refer\u00eancias (normas da ABNT NBR 6023.2018). Entre 50 e 150 palavras.<\/p>\n\n\n\n<p><strong>Obs<\/strong>. Cada autor poder\u00e1 enviar at\u00e9 dois textos para an\u00e1lise como autor principal e at\u00e9 tr\u00eas, como coautor. Os textos poder\u00e3o ter, no m\u00e1ximo, dois coautores. <\/p>\n\n\n\n<p class=\"has-text-color has-background has-vivid-red-color has-luminous-vivid-amber-background-color\"><strong>ATEN\u00c7\u00c3O: Por favor, nomeie seu arquivo com o eixo, uma palavra do t\u00edtulo, seu nome e sobrenome (sugest\u00e3o apenas para os que ainda n\u00e3o enviaram!). <br> Ex: Eixo X &#8211; Fronteira &#8211; Fulano de tal.doc(x)<\/strong><\/p>\n\n\n\n<p><strong>Eixos Tem\u00e1ticos: <\/strong><\/p>\n\n\n\n<p>No momento do envio do trabalho, o\/a(s) autor(es\/as) dever\u00e3o indicar  um dos seguintes eixos tem\u00e1ticos:<\/p>\n\n\n\n<p><strong>Eixo 1<\/strong> &#8211; Aspectos identit\u00e1rios e discursivos nas fronteiras: identidades, g\u00eaneros, diversidades, cultura, arte, literatura, comunica\u00e7\u00e3o, sa\u00fade, educa\u00e7\u00e3o, bilinguismo<\/p>\n\n\n\n<p><strong>Eixo 2<\/strong> &#8211; Movimentos de popula\u00e7\u00e3o hoje e no passado: migra\u00e7\u00f5es, coloniza\u00e7\u00e3o, redes, hist\u00f3ria e mem\u00f3ria<\/p>\n\n\n\n<p><strong>Eixo 3 <\/strong>&#8211; Territ\u00f3rios e territorialidades nas fronteiras: integra\u00e7\u00e3o, desenvolvimento, pol\u00edticas p\u00fablicas, urbaniza\u00e7\u00e3o, com\u00e9rcio e desenvolvimento local<\/p>\n\n\n\n<p><strong>Eixo 4<\/strong> &#8211; Limites estrat\u00e9gicos: geopol\u00edtica, soberania e rela\u00e7\u00f5es internacionais, globaliza\u00e7\u00e3o, seguran\u00e7a p\u00fablica, conflito e viol\u00eancia<\/p>\n\n\n\n<p><strong>Eixo 5<\/strong> &#8211; A natureza e seus usos: conserva\u00e7\u00e3o, sustentabilidade, turismo, frentes, reforma e outras din\u00e2micas agr\u00e1rias (assentamentos, agroneg\u00f3cio, agricultura familiar)<\/p>\n\n\n\n<h2 class=\"wp-block-heading\"><strong>P\u00f4steres<\/strong><\/h2>\n\n\n\n<p>O p\u00f4ster deve ser elaborado no tamanho 0,9 m de altura x 0,80 cm de largura, em duas ou tr\u00eas colunas, contendo o t\u00edtulo do Trabalho, o nome dos autores com a sigla das suas respectivas institui\u00e7\u00f5es de ensino. O p\u00f4ster dever\u00e1 ser exposto no local determinado pela comiss\u00e3o organizadora a ser divulgado na programa\u00e7\u00e3o. Cabe aos autores providenciarem o p\u00f4ster em material adequado (lona, pvc, glosspaper ou similar) com corda para ser afixado.<\/p>\n\n\n\n<p>Os p\u00f4steres ser\u00e3o exibidos durante o evento. Pelo menos um dos autores deve estar presentes nos hor\u00e1rios determinados para apresent\u00e1-los aos interessados e \u00e0 comiss\u00e3o julgadora.<\/p>\n\n\n\n<p>Envie o resumo do seu trabalho a ser apresentado na modalidade poster at\u00e9 o dia 20\/08\/2019 atrav\u00e9s do bot\u00e3o abaixo. Os resumos ser\u00e3o publicados nos Anais do VII SEF.<\/p>\n\n\n\n<div class=\"wp-block-button\"><a class=\"wp-block-button__link\" href=\"https:\/\/docs.google.com\/forms\/d\/e\/1FAIpQLSd59Rav5HlEWyGSSkuig_sfF8gF-nzDqIwrYED0AZ_T-qzj-w\/viewform?usp=sf_link\">Envie seu resumo<\/a><\/div>\n\n\n\n<p>Clique abaixo para obter um modelo sugerido de p\u00f4ster para apresenta\u00e7\u00e3o. As recomenda\u00e7\u00f5es n\u00e3o s\u00e3o obrigat\u00f3rias.<\/p>\n\n\n\n<div class=\"wp-block-button is-style-default\"><a class=\"wp-block-button__link has-background has-vivid-red-background-color\" href=\"https:\/\/sef-cpan.ufms.br\/vii\/template-poster-vii-sef\/\">Modelo aqui<\/a><\/div>\n\n\n\n<div style=\"height:100px\" aria-hidden=\"true\" class=\"wp-block-spacer\"><\/div>\n\n\n\n<p><strong>IMPORTANTE: <\/strong>Os artigos completos aprovados ser\u00e3o reunidos e apresentados em grupos de trabalho (GTs), otimizando a discuss\u00e3o. Os p\u00f4steres ser\u00e3o apresentados e avaliados durante o evento. <\/p>\n\n\n\n<p><strong>INFORMA\u00c7\u00c3O ADICIONAL<\/strong><br>Para qualquer outra informa\u00e7\u00e3o, por favor fazer contato pelo e-mail: <strong><a href=\"viisef2019@gmail.com\">viisef2019@gmail.com<\/a><\/strong><\/p>\n\n\n\n<hr class=\"wp-block-separator\"\/>\n","protected":false},"excerpt":{"rendered":"<p>Envio de trabalhos completos Ser\u00e3o aceitos apenas trabalhos completos com at\u00e9 tr\u00eas autores, que dever\u00e3o ser encaminhados exclusivamente pelo formul\u00e1rio na p\u00e1gina do evento (https:\/\/sef-cpan.ufms.br\/vii), entre os dias 01\/05\/2019 e 20\/08\/2019. N\u00e3o ser\u00e3o aceitos trabalhos enviados<a class=\"moretag\" href=\"https:\/\/sef-cpan.ufms.br\/vii\/trabalhos\/\">Read More&#8230;<\/a><\/p>\n","protected":false},"author":2,"featured_media":0,"parent":0,"menu_order":0,"comment_status":"closed","ping_status":"closed","template":"","meta":{"footnotes":""},"yoast_head":"<!-- This site is optimized with the Yoast SEO plugin v23.1 - https:\/\/yoast.com\/wordpress\/plugins\/seo\/ -->\n<title>Trabalhos - VII Semin\u00e1rio Internacional de Estudos Fronteiri\u00e7os<\/title>\n<meta name=\"description\" content=\"Envio de trabalhos completos\" \/>\n<meta name=\"robots\" content=\"index, follow, max-snippet:-1, max-image-preview:large, max-video-preview:-1\" \/>\n<link rel=\"canonical\" href=\"https:\/\/sef-cpan.ufms.br\/vii\/trabalhos\/\" \/>\n<meta property=\"og:locale\" content=\"pt_BR\" \/>\n<meta property=\"og:type\" content=\"article\" \/>\n<meta property=\"og:title\" content=\"Trabalhos - VII Semin\u00e1rio Internacional de Estudos Fronteiri\u00e7os\" \/>\n<meta property=\"og:description\" content=\"Envio de trabalhos completos\" \/>\n<meta property=\"og:url\" content=\"https:\/\/sef-cpan.ufms.br\/vii\/trabalhos\/\" \/>\n<meta property=\"og:site_name\" content=\"VII Semin\u00e1rio Internacional de Estudos Fronteiri\u00e7os\" \/>\n<meta property=\"article:modified_time\" content=\"2019-08-07T23:07:39+00:00\" \/>\n<meta name=\"twitter:card\" content=\"summary_large_image\" \/>\n<meta name=\"twitter:label1\" content=\"Est. tempo de leitura\" \/>\n\t<meta name=\"twitter:data1\" content=\"3 minutos\" \/>\n<script type=\"application\/ld+json\" class=\"yoast-schema-graph\">{\"@context\":\"https:\/\/schema.org\",\"@graph\":[{\"@type\":\"WebPage\",\"@id\":\"https:\/\/sef-cpan.ufms.br\/vii\/trabalhos\/\",\"url\":\"https:\/\/sef-cpan.ufms.br\/vii\/trabalhos\/\",\"name\":\"Trabalhos - VII Semin\u00e1rio Internacional de Estudos Fronteiri\u00e7os\",\"isPartOf\":{\"@id\":\"https:\/\/sef-cpan.ufms.br\/vii\/#website\"},\"datePublished\":\"2019-04-17T13:41:32+00:00\",\"dateModified\":\"2019-08-07T23:07:39+00:00\",\"description\":\"Envio de trabalhos completos\",\"breadcrumb\":{\"@id\":\"https:\/\/sef-cpan.ufms.br\/vii\/trabalhos\/#breadcrumb\"},\"inLanguage\":\"pt-BR\",\"potentialAction\":[{\"@type\":\"ReadAction\",\"target\":[\"https:\/\/sef-cpan.ufms.br\/vii\/trabalhos\/\"]}]},{\"@type\":\"BreadcrumbList\",\"@id\":\"https:\/\/sef-cpan.ufms.br\/vii\/trabalhos\/#breadcrumb\",\"itemListElement\":[{\"@type\":\"ListItem\",\"position\":1,\"name\":\"In\u00edcio\",\"item\":\"https:\/\/sef-cpan.ufms.br\/vii\/\"},{\"@type\":\"ListItem\",\"position\":2,\"name\":\"Trabalhos\"}]},{\"@type\":\"WebSite\",\"@id\":\"https:\/\/sef-cpan.ufms.br\/vii\/#website\",\"url\":\"https:\/\/sef-cpan.ufms.br\/vii\/\",\"name\":\"VII Semin\u00e1rio Internacional de Estudos Fronteiri\u00e7os\",\"description\":\"Funda\u00e7\u00e3o Universidade Federal de Mato Grosso do Sul - C\u00e2mpus do Pantanal\",\"potentialAction\":[{\"@type\":\"SearchAction\",\"target\":{\"@type\":\"EntryPoint\",\"urlTemplate\":\"https:\/\/sef-cpan.ufms.br\/vii\/?s={search_term_string}\"},\"query-input\":\"required name=search_term_string\"}],\"inLanguage\":\"pt-BR\"}]}<\/script>\n<!-- \/ Yoast SEO plugin. -->","yoast_head_json":{"title":"Trabalhos - VII Semin\u00e1rio Internacional de Estudos Fronteiri\u00e7os","description":"Envio de trabalhos completos","robots":{"index":"index","follow":"follow","max-snippet":"max-snippet:-1","max-image-preview":"max-image-preview:large","max-video-preview":"max-video-preview:-1"},"canonical":"https:\/\/sef-cpan.ufms.br\/vii\/trabalhos\/","og_locale":"pt_BR","og_type":"article","og_title":"Trabalhos - VII Semin\u00e1rio Internacional de Estudos Fronteiri\u00e7os","og_description":"Envio de trabalhos completos","og_url":"https:\/\/sef-cpan.ufms.br\/vii\/trabalhos\/","og_site_name":"VII Semin\u00e1rio Internacional de Estudos Fronteiri\u00e7os","article_modified_time":"2019-08-07T23:07:39+00:00","twitter_card":"summary_large_image","twitter_misc":{"Est. tempo de leitura":"3 minutos"},"schema":{"@context":"https:\/\/schema.org","@graph":[{"@type":"WebPage","@id":"https:\/\/sef-cpan.ufms.br\/vii\/trabalhos\/","url":"https:\/\/sef-cpan.ufms.br\/vii\/trabalhos\/","name":"Trabalhos - VII Semin\u00e1rio Internacional de Estudos Fronteiri\u00e7os","isPartOf":{"@id":"https:\/\/sef-cpan.ufms.br\/vii\/#website"},"datePublished":"2019-04-17T13:41:32+00:00","dateModified":"2019-08-07T23:07:39+00:00","description":"Envio de trabalhos completos","breadcrumb":{"@id":"https:\/\/sef-cpan.ufms.br\/vii\/trabalhos\/#breadcrumb"},"inLanguage":"pt-BR","potentialAction":[{"@type":"ReadAction","target":["https:\/\/sef-cpan.ufms.br\/vii\/trabalhos\/"]}]},{"@type":"BreadcrumbList","@id":"https:\/\/sef-cpan.ufms.br\/vii\/trabalhos\/#breadcrumb","itemListElement":[{"@type":"ListItem","position":1,"name":"In\u00edcio","item":"https:\/\/sef-cpan.ufms.br\/vii\/"},{"@type":"ListItem","position":2,"name":"Trabalhos"}]},{"@type":"WebSite","@id":"https:\/\/sef-cpan.ufms.br\/vii\/#website","url":"https:\/\/sef-cpan.ufms.br\/vii\/","name":"VII Semin\u00e1rio Internacional de Estudos Fronteiri\u00e7os","description":"Funda\u00e7\u00e3o Universidade Federal de Mato Grosso do Sul - C\u00e2mpus do Pantanal","potentialAction":[{"@type":"SearchAction","target":{"@type":"EntryPoint","urlTemplate":"https:\/\/sef-cpan.ufms.br\/vii\/?s={search_term_string}"},"query-input":"required name=search_term_string"}],"inLanguage":"pt-BR"}]}},"_links":{"self":[{"href":"https:\/\/sef-cpan.ufms.br\/vii\/wp-json\/wp\/v2\/pages\/42"}],"collection":[{"href":"https:\/\/sef-cpan.ufms.br\/vii\/wp-json\/wp\/v2\/pages"}],"about":[{"href":"https:\/\/sef-cpan.ufms.br\/vii\/wp-json\/wp\/v2\/types\/page"}],"author":[{"embeddable":true,"href":"https:\/\/sef-cpan.ufms.br\/vii\/wp-json\/wp\/v2\/users\/2"}],"replies":[{"embeddable":true,"href":"https:\/\/sef-cpan.ufms.br\/vii\/wp-json\/wp\/v2\/comments?post=42"}],"version-history":[{"count":15,"href":"https:\/\/sef-cpan.ufms.br\/vii\/wp-json\/wp\/v2\/pages\/42\/revisions"}],"predecessor-version":[{"id":349,"href":"https:\/\/sef-cpan.ufms.br\/vii\/wp-json\/wp\/v2\/pages\/42\/revisions\/349"}],"wp:attachment":[{"href":"https:\/\/sef-cpan.ufms.br\/vii\/wp-json\/wp\/v2\/media?parent=42"}],"curies":[{"name":"wp","href":"https:\/\/api.w.org\/{rel}","templated":true}]}}