{"id":40,"date":"2019-04-17T10:41:11","date_gmt":"2019-04-17T13:41:11","guid":{"rendered":"http:\/\/sef.ufms.br\/vii\/?page_id=40"},"modified":"2019-09-30T20:36:21","modified_gmt":"2019-09-30T23:36:21","slug":"programacao","status":"publish","type":"page","link":"https:\/\/sef-cpan.ufms.br\/vii\/programacao\/","title":{"rendered":"Programa\u00e7\u00e3o"},"content":{"rendered":"\n<figure class=\"wp-block-image\"><img loading=\"lazy\" decoding=\"async\" width=\"653\" height=\"923\" src=\"https:\/\/sef-cpan.ufms.br\/vii\/wp-content\/uploads\/sites\/4\/2019\/09\/2019-programa\u00e7\u00e3o-2.jpg\" alt=\"\" class=\"wp-image-414\" srcset=\"https:\/\/sef-cpan.ufms.br\/vii\/wp-content\/uploads\/sites\/4\/2019\/09\/2019-programa\u00e7\u00e3o-2.jpg 653w, https:\/\/sef-cpan.ufms.br\/vii\/wp-content\/uploads\/sites\/4\/2019\/09\/2019-programa\u00e7\u00e3o-2-212x300.jpg 212w\" sizes=\"(max-width: 653px) 100vw, 653px\" \/><\/figure>\n\n\n\n<p>Clique aqui para baixar a vers\u00e3o em <a href=\"https:\/\/sef-cpan.ufms.br\/vii\/wp-content\/uploads\/sites\/4\/2019\/09\/2019-Programa-final.pdf\">pdf<\/a>.<\/p>\n\n\n\n<p><strong>Oficina Metodologias visuais aplicadas \u00e0 pesquisa geogr\u00e1fica das fronteiras<\/strong><\/p>\n\n\n\n<p>Prof. Leticia Parente Ribeiro \u2013 Departamento de Geografia\/UFRJ<br>Prof. Rebeca Steiman &#8211; Departamento de Geografia\/UFRJ<\/p>\n\n\n\n<p><\/p>\n","protected":false},"excerpt":{"rendered":"<p>Clique aqui para baixar a vers\u00e3o em pdf. Oficina Metodologias visuais aplicadas \u00e0 pesquisa geogr\u00e1fica das fronteiras Prof. Leticia Parente Ribeiro \u2013 Departamento de Geografia\/UFRJProf. Rebeca Steiman &#8211; Departamento de Geografia\/UFRJ<\/p>\n","protected":false},"author":2,"featured_media":0,"parent":0,"menu_order":0,"comment_status":"closed","ping_status":"closed","template":"","meta":{"footnotes":""},"yoast_head":"<!-- This site is optimized with the Yoast SEO plugin v23.1 - https:\/\/yoast.com\/wordpress\/plugins\/seo\/ -->\n<title>Programa\u00e7\u00e3o - VII Semin\u00e1rio Internacional de Estudos Fronteiri\u00e7os<\/title>\n<meta name=\"robots\" content=\"index, follow, max-snippet:-1, max-image-preview:large, max-video-preview:-1\" \/>\n<link rel=\"canonical\" href=\"https:\/\/sef-cpan.ufms.br\/vii\/programacao\/\" \/>\n<meta property=\"og:locale\" content=\"pt_BR\" \/>\n<meta property=\"og:type\" content=\"article\" \/>\n<meta property=\"og:title\" content=\"Programa\u00e7\u00e3o - VII Semin\u00e1rio Internacional de Estudos Fronteiri\u00e7os\" \/>\n<meta property=\"og:description\" content=\"Clique aqui para baixar a vers\u00e3o em pdf. Oficina Metodologias visuais aplicadas \u00e0 pesquisa geogr\u00e1fica das fronteiras Prof. Leticia Parente Ribeiro \u2013 Departamento de Geografia\/UFRJProf. Rebeca Steiman &#8211; Departamento de Geografia\/UFRJ\" \/>\n<meta property=\"og:url\" content=\"https:\/\/sef-cpan.ufms.br\/vii\/programacao\/\" \/>\n<meta property=\"og:site_name\" content=\"VII Semin\u00e1rio Internacional de Estudos Fronteiri\u00e7os\" \/>\n<meta property=\"article:modified_time\" content=\"2019-09-30T23:36:21+00:00\" \/>\n<meta name=\"twitter:card\" content=\"summary_large_image\" \/>\n<script type=\"application\/ld+json\" class=\"yoast-schema-graph\">{\"@context\":\"https:\/\/schema.org\",\"@graph\":[{\"@type\":\"WebPage\",\"@id\":\"https:\/\/sef-cpan.ufms.br\/vii\/programacao\/\",\"url\":\"https:\/\/sef-cpan.ufms.br\/vii\/programacao\/\",\"name\":\"Programa\u00e7\u00e3o - VII Semin\u00e1rio Internacional de Estudos Fronteiri\u00e7os\",\"isPartOf\":{\"@id\":\"https:\/\/sef-cpan.ufms.br\/vii\/#website\"},\"datePublished\":\"2019-04-17T13:41:11+00:00\",\"dateModified\":\"2019-09-30T23:36:21+00:00\",\"breadcrumb\":{\"@id\":\"https:\/\/sef-cpan.ufms.br\/vii\/programacao\/#breadcrumb\"},\"inLanguage\":\"pt-BR\",\"potentialAction\":[{\"@type\":\"ReadAction\",\"target\":[\"https:\/\/sef-cpan.ufms.br\/vii\/programacao\/\"]}]},{\"@type\":\"BreadcrumbList\",\"@id\":\"https:\/\/sef-cpan.ufms.br\/vii\/programacao\/#breadcrumb\",\"itemListElement\":[{\"@type\":\"ListItem\",\"position\":1,\"name\":\"In\u00edcio\",\"item\":\"https:\/\/sef-cpan.ufms.br\/vii\/\"},{\"@type\":\"ListItem\",\"position\":2,\"name\":\"Programa\u00e7\u00e3o\"}]},{\"@type\":\"WebSite\",\"@id\":\"https:\/\/sef-cpan.ufms.br\/vii\/#website\",\"url\":\"https:\/\/sef-cpan.ufms.br\/vii\/\",\"name\":\"VII Semin\u00e1rio Internacional de Estudos Fronteiri\u00e7os\",\"description\":\"Funda\u00e7\u00e3o Universidade Federal de Mato Grosso do Sul - C\u00e2mpus do Pantanal\",\"potentialAction\":[{\"@type\":\"SearchAction\",\"target\":{\"@type\":\"EntryPoint\",\"urlTemplate\":\"https:\/\/sef-cpan.ufms.br\/vii\/?s={search_term_string}\"},\"query-input\":\"required name=search_term_string\"}],\"inLanguage\":\"pt-BR\"}]}<\/script>\n<!-- \/ Yoast SEO plugin. -->","yoast_head_json":{"title":"Programa\u00e7\u00e3o - VII Semin\u00e1rio Internacional de Estudos Fronteiri\u00e7os","robots":{"index":"index","follow":"follow","max-snippet":"max-snippet:-1","max-image-preview":"max-image-preview:large","max-video-preview":"max-video-preview:-1"},"canonical":"https:\/\/sef-cpan.ufms.br\/vii\/programacao\/","og_locale":"pt_BR","og_type":"article","og_title":"Programa\u00e7\u00e3o - VII Semin\u00e1rio Internacional de Estudos Fronteiri\u00e7os","og_description":"Clique aqui para baixar a vers\u00e3o em pdf. Oficina Metodologias visuais aplicadas \u00e0 pesquisa geogr\u00e1fica das fronteiras Prof. Leticia Parente Ribeiro \u2013 Departamento de Geografia\/UFRJProf. Rebeca Steiman &#8211; Departamento de Geografia\/UFRJ","og_url":"https:\/\/sef-cpan.ufms.br\/vii\/programacao\/","og_site_name":"VII Semin\u00e1rio Internacional de Estudos Fronteiri\u00e7os","article_modified_time":"2019-09-30T23:36:21+00:00","twitter_card":"summary_large_image","schema":{"@context":"https:\/\/schema.org","@graph":[{"@type":"WebPage","@id":"https:\/\/sef-cpan.ufms.br\/vii\/programacao\/","url":"https:\/\/sef-cpan.ufms.br\/vii\/programacao\/","name":"Programa\u00e7\u00e3o - VII Semin\u00e1rio Internacional de Estudos Fronteiri\u00e7os","isPartOf":{"@id":"https:\/\/sef-cpan.ufms.br\/vii\/#website"},"datePublished":"2019-04-17T13:41:11+00:00","dateModified":"2019-09-30T23:36:21+00:00","breadcrumb":{"@id":"https:\/\/sef-cpan.ufms.br\/vii\/programacao\/#breadcrumb"},"inLanguage":"pt-BR","potentialAction":[{"@type":"ReadAction","target":["https:\/\/sef-cpan.ufms.br\/vii\/programacao\/"]}]},{"@type":"BreadcrumbList","@id":"https:\/\/sef-cpan.ufms.br\/vii\/programacao\/#breadcrumb","itemListElement":[{"@type":"ListItem","position":1,"name":"In\u00edcio","item":"https:\/\/sef-cpan.ufms.br\/vii\/"},{"@type":"ListItem","position":2,"name":"Programa\u00e7\u00e3o"}]},{"@type":"WebSite","@id":"https:\/\/sef-cpan.ufms.br\/vii\/#website","url":"https:\/\/sef-cpan.ufms.br\/vii\/","name":"VII Semin\u00e1rio Internacional de Estudos Fronteiri\u00e7os","description":"Funda\u00e7\u00e3o Universidade Federal de Mato Grosso do Sul - C\u00e2mpus do Pantanal","potentialAction":[{"@type":"SearchAction","target":{"@type":"EntryPoint","urlTemplate":"https:\/\/sef-cpan.ufms.br\/vii\/?s={search_term_string}"},"query-input":"required name=search_term_string"}],"inLanguage":"pt-BR"}]}},"_links":{"self":[{"href":"https:\/\/sef-cpan.ufms.br\/vii\/wp-json\/wp\/v2\/pages\/40"}],"collection":[{"href":"https:\/\/sef-cpan.ufms.br\/vii\/wp-json\/wp\/v2\/pages"}],"about":[{"href":"https:\/\/sef-cpan.ufms.br\/vii\/wp-json\/wp\/v2\/types\/page"}],"author":[{"embeddable":true,"href":"https:\/\/sef-cpan.ufms.br\/vii\/wp-json\/wp\/v2\/users\/2"}],"replies":[{"embeddable":true,"href":"https:\/\/sef-cpan.ufms.br\/vii\/wp-json\/wp\/v2\/comments?post=40"}],"version-history":[{"count":21,"href":"https:\/\/sef-cpan.ufms.br\/vii\/wp-json\/wp\/v2\/pages\/40\/revisions"}],"predecessor-version":[{"id":415,"href":"https:\/\/sef-cpan.ufms.br\/vii\/wp-json\/wp\/v2\/pages\/40\/revisions\/415"}],"wp:attachment":[{"href":"https:\/\/sef-cpan.ufms.br\/vii\/wp-json\/wp\/v2\/media?parent=40"}],"curies":[{"name":"wp","href":"https:\/\/api.w.org\/{rel}","templated":true}]}}

Programação

<figure class="wp-block-image"><img loading="lazy" decoding="async" width="653" height="923" src="https://sef-cpan.ufms.br/vii/wp-content/uploads/sites/4/2019/09/2019-programação-2.jpg" alt="" class="wp-image-414" srcset="https://sef-cpan.ufms.br/vii/wp-content/uploads/sites/4/2019/09/2019-programação-2.jpg 653w, https://sef-cpan.ufms.br/vii/wp-content/uploads/sites/4/2019/09/2019-programação-2-212x300.jpg 212w" sizes="(max-width: 653px) 100vw, 653px" /></figure>



<p>Clique aqui para baixar a versão em <a href="https://sef-cpan.ufms.br/vii/wp-content/uploads/sites/4/2019/09/2019-Programa-final.pdf">pdf</a>.</p>



<p><strong>Oficina Metodologias visuais aplicadas à pesquisa geográfica das fronteiras</strong></p>



<p>Prof. Leticia Parente Ribeiro – Departamento de Geografia/UFRJ<br>Prof. Rebeca Steiman &#8211; Departamento de Geografia/UFRJ</p>



<p></p>

<p>Clique aqui para baixar a versão em pdf. Oficina Metodologias visuais aplicadas à pesquisa geográfica das fronteiras Prof. Leticia Parente Ribeiro – Departamento de Geografia/UFRJProf. Rebeca Steiman &#8211; Departamento de Geografia/UFRJ</p>

<!-- This site is optimized with the Yoast SEO plugin v23.1 - https://yoast.com/wordpress/plugins/seo/ -->
<title>Programação - VII Seminário Internacional de Estudos Fronteiriços</title>
<meta name="robots" content="index, follow, max-snippet:-1, max-image-preview:large, max-video-preview:-1" />
<link rel="canonical" href="https://sef-cpan.ufms.br/vii/programacao/" />
<meta property="og:locale" content="pt_BR" />
<meta property="og:type" content="article" />
<meta property="og:title" content="Programação - VII Seminário Internacional de Estudos Fronteiriços" />
<meta property="og:description" content="Clique aqui para baixar a versão em pdf. Oficina Metodologias visuais aplicadas à pesquisa geográfica das fronteiras Prof. Leticia Parente Ribeiro – Departamento de Geografia/UFRJProf. Rebeca Steiman &#8211; Departamento de Geografia/UFRJ" />
<meta property="og:url" content="https://sef-cpan.ufms.br/vii/programacao/" />
<meta property="og:site_name" content="VII Seminário Internacional de Estudos Fronteiriços" />
<meta property="article:modified_time" content="2019-09-30T23:36:21+00:00" />
<meta name="twitter:card" content="summary_large_image" />
<script type="application/ld+json" class="yoast-schema-graph">{"@context":"https://schema.org","@graph":[{"@type":"WebPage","@id":"https://sef-cpan.ufms.br/vii/programacao/","url":"https://sef-cpan.ufms.br/vii/programacao/","name":"Programação - VII Seminário Internacional de Estudos Fronteiriços","isPartOf":{"@id":"https://sef-cpan.ufms.br/vii/#website"},"datePublished":"2019-04-17T13:41:11+00:00","dateModified":"2019-09-30T23:36:21+00:00","breadcrumb":{"@id":"https://sef-cpan.ufms.br/vii/programacao/#breadcrumb"},"inLanguage":"pt-BR","potentialAction":[{"@type":"ReadAction","target":["https://sef-cpan.ufms.br/vii/programacao/"]}]},{"@type":"BreadcrumbList","@id":"https://sef-cpan.ufms.br/vii/programacao/#breadcrumb","itemListElement":[{"@type":"ListItem","position":1,"name":"Início","item":"https://sef-cpan.ufms.br/vii/"},{"@type":"ListItem","position":2,"name":"Programação"}]},{"@type":"WebSite","@id":"https://sef-cpan.ufms.br/vii/#website","url":"https://sef-cpan.ufms.br/vii/","name":"VII Seminário Internacional de Estudos Fronteiriços","description":"Fundação Universidade Federal de Mato Grosso do Sul - Câmpus do Pantanal","potentialAction":[{"@type":"SearchAction","target":{"@type":"EntryPoint","urlTemplate":"https://sef-cpan.ufms.br/vii/?s={search_term_string}"},"query-input":"required name=search_term_string"}],"inLanguage":"pt-BR"}]}</script>
<!-- / Yoast SEO plugin. -->

Programação - VII Seminário Internacional de Estudos Fronteiriços

Clique aqui para baixar a versão em pdf. Oficina Metodologias visuais aplicadas à pesquisa geográfica das fronteiras Prof. Leticia Parente Ribeiro – Departamento de Geografia/UFRJProf. Rebeca Steiman &#8211; Departamento de Geografia/UFRJ

VII Seminário Internacional de Estudos Fronteiriços

Início

Fundação Universidade Federal de Mato Grosso do Sul - Câmpus do Pantanal
