{"id":341,"date":"2019-08-03T20:27:49","date_gmt":"2019-08-03T23:27:49","guid":{"rendered":"http:\/\/sef.ufms.br\/vii\/?page_id=341"},"modified":"2019-08-03T20:27:50","modified_gmt":"2019-08-03T23:27:50","slug":"vii-sef-2019","status":"publish","type":"page","link":"https:\/\/sef-cpan.ufms.br\/vii\/es\/vii-sef-2019\/","title":{"rendered":"VII SEF &#8211; 2019"},"content":{"rendered":"\n<p style=\"text-align:center\" class=\"has-background has-very-light-gray-background-color\"><strong>7 a 9 de octubre de 2019<\/strong><\/p>\n\n\n\n<p>Invitamos a la comunidad acad\u00e9mica para la s\u00e9ptima edici\u00f3n del <strong>Seminario Internacional de Estudios Fronterizos (VII SEF)<\/strong>, que se realizar\u00e1 entre los d\u00edas 7 a 9 de octubre de 2019 en la Universidad Federal de Mato Grosso do Sul (Campus Pantanal) en la ciudad de Corumb\u00e1.<\/p>\n\n\n\n<p>El evento bianual ya est\u00e1 consolidado en la agenda acad\u00e9mica y es un punto de encuentro para profesores, profesionales, estudiantes de graduaci\u00f3n y postgrado que se interesan por tem\u00e1ticas diversas relacionadas con la frontera. Desde la primera edici\u00f3n, el<strong> SEF<\/strong> ha recibido investigadores de renombre nacional e internacional y gestores con amplia experiencia en cuestiones fronterizas, que contribuyeron a la ampliaci\u00f3n del conocimiento sobre las fronteras pol\u00edticas internacionales a partir de un enfoque interdisciplinario.<\/p>\n\n\n\n<p>El VII SEF trae <strong>mesas tem\u00e1ticas<\/strong> sobre temas contempor\u00e1neos a fin de estimular el di\u00e1logo entre los especialistas y el p\u00fablico. La presentaci\u00f3n de los trabajos completos por investigadores, profesionales y postgraduados permite compartir investigaciones ya avanzadas en las discusiones de los grupos de trabajo, organizados en torno a <strong>ejes tem\u00e1ticos<\/strong>. Los alumnos de iniciaci\u00f3n cient\u00edfica tienen la oportunidad de perfeccionar su formaci\u00f3n exponiendo <strong>carteles y p\u00f3ster<\/strong>. <\/p>\n\n\n\n<p>Por primera vez, el SEF organiza una mesa con tesis y disertaciones destacadas, seleccionadas por los programas de postgrado dedicados a la investigaci\u00f3n en fronteras. El evento albergar\u00e1, adem\u00e1s, la discusi\u00f3n de los peri\u00f3dicos y de las metodolog\u00edas relevantes para el campo, en el <strong>4\u00ba Coloquio Unbral de Estudios Fronterizos<\/strong>. El VII SEF contar\u00e1 tambi\u00e9n con <strong>talleres, lanzamiento de libros y documentales<\/strong> sobre la zona de frontera M\u00e9xico-Estados Unidos y sobre la zona de frontera entre Brasil, Guyana Francesa, Surinam y Guyana.<\/p>\n\n\n\n<p>La comisi\u00f3n organizadora del evento congrega a investigadores del Programa en Maestr\u00eda (M\u00e1ster) en Estudios Fronterizos de la Universidade Federal de Mato Grosso do Sul (UFMS); del Grupo Retis de la Universidade Federal de Rio de Janeiro (UFRJ); del GREFIT de la Universidade Federal de Rio Grande do Sul (UFRGS); del Programa de Postgrado en Geograf\u00eda de la Universidade Federal de Grande Dourados (UFGD); del Programa de Postgrado en Estudios de Frontera de la Universidade Federal do Amap\u00e1 (UNIFAP) y de instituciones internacionales como el Colegio de la Frontera Norte (El Colef) de M\u00e9xico y el Instituto de Estudios Internacionales (INTE) de la Universidad Arturo Prat de Chile.<\/p>\n\n\n\n<p>Evento anterior: <\/p>\n\n\n\n<p> <a href=\"https:\/\/sef-cpan.ufms.br\/vi\/\">https:\/\/sef-cpan.ufms.br\/vi\/<\/a> <\/p>\n\n\n<p><br \/><br \/><!--StartFragment--><\/p>","protected":false},"excerpt":{"rendered":"<p>7 a 9 de octubre de 2019 Invitamos a la comunidad acad\u00e9mica para la s\u00e9ptima edici\u00f3n del Seminario Internacional de Estudios Fronterizos (VII SEF), que se realizar\u00e1 entre los d\u00edas 7 a 9 de octubre de<a class=\"moretag\" href=\"https:\/\/sef-cpan.ufms.br\/vii\/es\/vii-sef-2019\/\">Read More&#8230;<\/a><\/p>\n","protected":false},"author":2,"featured_media":0,"parent":0,"menu_order":0,"comment_status":"closed","ping_status":"closed","template":"","meta":{"footnotes":""},"yoast_head":"<!-- This site is optimized with the Yoast SEO plugin v23.1 - https:\/\/yoast.com\/wordpress\/plugins\/seo\/ -->\n<title>VII SEF - 2019 - VII Semin\u00e1rio Internacional de Estudos Fronteiri\u00e7os<\/title>\n<meta name=\"robots\" content=\"index, follow, max-snippet:-1, max-image-preview:large, max-video-preview:-1\" \/>\n<link rel=\"canonical\" href=\"https:\/\/sef-cpan.ufms.br\/vii\/es\/vii-sef-2019\/\" \/>\n<meta property=\"og:locale\" content=\"pt_BR\" \/>\n<meta property=\"og:type\" content=\"article\" \/>\n<meta property=\"og:title\" content=\"VII SEF - 2019 - VII Semin\u00e1rio Internacional de Estudos Fronteiri\u00e7os\" \/>\n<meta property=\"og:description\" content=\"7 a 9 de octubre de 2019 Invitamos a la comunidad acad\u00e9mica para la s\u00e9ptima edici\u00f3n del Seminario Internacional de Estudios Fronterizos (VII SEF), que se realizar\u00e1 entre los d\u00edas 7 a 9 de octubre deRead More...\" \/>\n<meta property=\"og:url\" content=\"https:\/\/sef-cpan.ufms.br\/vii\/es\/vii-sef-2019\/\" \/>\n<meta property=\"og:site_name\" content=\"VII Semin\u00e1rio Internacional de Estudos Fronteiri\u00e7os\" \/>\n<meta property=\"article:modified_time\" content=\"2019-08-03T23:27:50+00:00\" \/>\n<meta name=\"twitter:card\" content=\"summary_large_image\" \/>\n<meta name=\"twitter:label1\" content=\"Est. tempo de leitura\" \/>\n\t<meta name=\"twitter:data1\" content=\"2 minutos\" \/>\n<script type=\"application\/ld+json\" class=\"yoast-schema-graph\">{\"@context\":\"https:\/\/schema.org\",\"@graph\":[{\"@type\":\"WebPage\",\"@id\":\"https:\/\/sef-cpan.ufms.br\/vii\/es\/vii-sef-2019\/\",\"url\":\"https:\/\/sef-cpan.ufms.br\/vii\/es\/vii-sef-2019\/\",\"name\":\"VII SEF - 2019 - VII Semin\u00e1rio Internacional de Estudos Fronteiri\u00e7os\",\"isPartOf\":{\"@id\":\"https:\/\/sef-cpan.ufms.br\/vii\/#website\"},\"datePublished\":\"2019-08-03T23:27:49+00:00\",\"dateModified\":\"2019-08-03T23:27:50+00:00\",\"breadcrumb\":{\"@id\":\"https:\/\/sef-cpan.ufms.br\/vii\/es\/vii-sef-2019\/#breadcrumb\"},\"inLanguage\":\"pt-BR\",\"potentialAction\":[{\"@type\":\"ReadAction\",\"target\":[\"https:\/\/sef-cpan.ufms.br\/vii\/es\/vii-sef-2019\/\"]}]},{\"@type\":\"BreadcrumbList\",\"@id\":\"https:\/\/sef-cpan.ufms.br\/vii\/es\/vii-sef-2019\/#breadcrumb\",\"itemListElement\":[{\"@type\":\"ListItem\",\"position\":1,\"name\":\"In\u00edcio\",\"item\":\"https:\/\/sef-cpan.ufms.br\/vii\/\"},{\"@type\":\"ListItem\",\"position\":2,\"name\":\"VII SEF &#8211; 2019\"}]},{\"@type\":\"WebSite\",\"@id\":\"https:\/\/sef-cpan.ufms.br\/vii\/#website\",\"url\":\"https:\/\/sef-cpan.ufms.br\/vii\/\",\"name\":\"VII Semin\u00e1rio Internacional de Estudos Fronteiri\u00e7os\",\"description\":\"Funda\u00e7\u00e3o Universidade Federal de Mato Grosso do Sul - C\u00e2mpus do Pantanal\",\"potentialAction\":[{\"@type\":\"SearchAction\",\"target\":{\"@type\":\"EntryPoint\",\"urlTemplate\":\"https:\/\/sef-cpan.ufms.br\/vii\/?s={search_term_string}\"},\"query-input\":\"required name=search_term_string\"}],\"inLanguage\":\"pt-BR\"}]}<\/script>\n<!-- \/ Yoast SEO plugin. -->","yoast_head_json":{"title":"VII SEF - 2019 - VII Semin\u00e1rio Internacional de Estudos Fronteiri\u00e7os","robots":{"index":"index","follow":"follow","max-snippet":"max-snippet:-1","max-image-preview":"max-image-preview:large","max-video-preview":"max-video-preview:-1"},"canonical":"https:\/\/sef-cpan.ufms.br\/vii\/es\/vii-sef-2019\/","og_locale":"pt_BR","og_type":"article","og_title":"VII SEF - 2019 - VII Semin\u00e1rio Internacional de Estudos Fronteiri\u00e7os","og_description":"7 a 9 de octubre de 2019 Invitamos a la comunidad acad\u00e9mica para la s\u00e9ptima edici\u00f3n del Seminario Internacional de Estudios Fronterizos (VII SEF), que se realizar\u00e1 entre los d\u00edas 7 a 9 de octubre deRead More...","og_url":"https:\/\/sef-cpan.ufms.br\/vii\/es\/vii-sef-2019\/","og_site_name":"VII Semin\u00e1rio Internacional de Estudos Fronteiri\u00e7os","article_modified_time":"2019-08-03T23:27:50+00:00","twitter_card":"summary_large_image","twitter_misc":{"Est. tempo de leitura":"2 minutos"},"schema":{"@context":"https:\/\/schema.org","@graph":[{"@type":"WebPage","@id":"https:\/\/sef-cpan.ufms.br\/vii\/es\/vii-sef-2019\/","url":"https:\/\/sef-cpan.ufms.br\/vii\/es\/vii-sef-2019\/","name":"VII SEF - 2019 - VII Semin\u00e1rio Internacional de Estudos Fronteiri\u00e7os","isPartOf":{"@id":"https:\/\/sef-cpan.ufms.br\/vii\/#website"},"datePublished":"2019-08-03T23:27:49+00:00","dateModified":"2019-08-03T23:27:50+00:00","breadcrumb":{"@id":"https:\/\/sef-cpan.ufms.br\/vii\/es\/vii-sef-2019\/#breadcrumb"},"inLanguage":"pt-BR","potentialAction":[{"@type":"ReadAction","target":["https:\/\/sef-cpan.ufms.br\/vii\/es\/vii-sef-2019\/"]}]},{"@type":"BreadcrumbList","@id":"https:\/\/sef-cpan.ufms.br\/vii\/es\/vii-sef-2019\/#breadcrumb","itemListElement":[{"@type":"ListItem","position":1,"name":"In\u00edcio","item":"https:\/\/sef-cpan.ufms.br\/vii\/"},{"@type":"ListItem","position":2,"name":"VII SEF &#8211; 2019"}]},{"@type":"WebSite","@id":"https:\/\/sef-cpan.ufms.br\/vii\/#website","url":"https:\/\/sef-cpan.ufms.br\/vii\/","name":"VII Semin\u00e1rio Internacional de Estudos Fronteiri\u00e7os","description":"Funda\u00e7\u00e3o Universidade Federal de Mato Grosso do Sul - C\u00e2mpus do Pantanal","potentialAction":[{"@type":"SearchAction","target":{"@type":"EntryPoint","urlTemplate":"https:\/\/sef-cpan.ufms.br\/vii\/?s={search_term_string}"},"query-input":"required name=search_term_string"}],"inLanguage":"pt-BR"}]}},"_links":{"self":[{"href":"https:\/\/sef-cpan.ufms.br\/vii\/wp-json\/wp\/v2\/pages\/341"}],"collection":[{"href":"https:\/\/sef-cpan.ufms.br\/vii\/wp-json\/wp\/v2\/pages"}],"about":[{"href":"https:\/\/sef-cpan.ufms.br\/vii\/wp-json\/wp\/v2\/types\/page"}],"author":[{"embeddable":true,"href":"https:\/\/sef-cpan.ufms.br\/vii\/wp-json\/wp\/v2\/users\/2"}],"replies":[{"embeddable":true,"href":"https:\/\/sef-cpan.ufms.br\/vii\/wp-json\/wp\/v2\/comments?post=341"}],"version-history":[{"count":1,"href":"https:\/\/sef-cpan.ufms.br\/vii\/wp-json\/wp\/v2\/pages\/341\/revisions"}],"predecessor-version":[{"id":342,"href":"https:\/\/sef-cpan.ufms.br\/vii\/wp-json\/wp\/v2\/pages\/341\/revisions\/342"}],"wp:attachment":[{"href":"https:\/\/sef-cpan.ufms.br\/vii\/wp-json\/wp\/v2\/media?parent=341"}],"curies":[{"name":"wp","href":"https:\/\/api.w.org\/{rel}","templated":true}]}}

<p style="text-align:center" class="has-background has-very-light-gray-background-color"><strong>7 a 9 de octubre de 2019</strong></p>



<p>Invitamos a la comunidad académica para la séptima edición del <strong>Seminario Internacional de Estudios Fronterizos (VII SEF)</strong>, que se realizará entre los días 7 a 9 de octubre de 2019 en la Universidad Federal de Mato Grosso do Sul (Campus Pantanal) en la ciudad de Corumbá.</p>



<p>El evento bianual ya está consolidado en la agenda académica y es un punto de encuentro para profesores, profesionales, estudiantes de graduación y postgrado que se interesan por temáticas diversas relacionadas con la frontera. Desde la primera edición, el<strong> SEF</strong> ha recibido investigadores de renombre nacional e internacional y gestores con amplia experiencia en cuestiones fronterizas, que contribuyeron a la ampliación del conocimiento sobre las fronteras políticas internacionales a partir de un enfoque interdisciplinario.</p>



<p>El VII SEF trae <strong>mesas temáticas</strong> sobre temas contemporáneos a fin de estimular el diálogo entre los especialistas y el público. La presentación de los trabajos completos por investigadores, profesionales y postgraduados permite compartir investigaciones ya avanzadas en las discusiones de los grupos de trabajo, organizados en torno a <strong>ejes temáticos</strong>. Los alumnos de iniciación científica tienen la oportunidad de perfeccionar su formación exponiendo <strong>carteles y póster</strong>. </p>



<p>Por primera vez, el SEF organiza una mesa con tesis y disertaciones destacadas, seleccionadas por los programas de postgrado dedicados a la investigación en fronteras. El evento albergará, además, la discusión de los periódicos y de las metodologías relevantes para el campo, en el <strong>4º Coloquio Unbral de Estudios Fronterizos</strong>. El VII SEF contará también con <strong>talleres, lanzamiento de libros y documentales</strong> sobre la zona de frontera México-Estados Unidos y sobre la zona de frontera entre Brasil, Guyana Francesa, Surinam y Guyana.</p>



<p>La comisión organizadora del evento congrega a investigadores del Programa en Maestría (Máster) en Estudios Fronterizos de la Universidade Federal de Mato Grosso do Sul (UFMS); del Grupo Retis de la Universidade Federal de Rio de Janeiro (UFRJ); del GREFIT de la Universidade Federal de Rio Grande do Sul (UFRGS); del Programa de Postgrado en Geografía de la Universidade Federal de Grande Dourados (UFGD); del Programa de Postgrado en Estudios de Frontera de la Universidade Federal do Amapá (UNIFAP) y de instituciones internacionales como el Colegio de la Frontera Norte (El Colef) de México y el Instituto de Estudios Internacionales (INTE) de la Universidad Arturo Prat de Chile.</p>



<p>Evento anterior: </p>



<p> <a href="https://sef-cpan.ufms.br/vi/">https://sef-cpan.ufms.br/vi/</a> </p>


<p><br /><br /><!--StartFragment--></p>

<p>7 a 9 de octubre de 2019 Invitamos a la comunidad académica para la séptima edición del Seminario Internacional de Estudios Fronterizos (VII SEF), que se realizará entre los días 7 a 9 de octubre de<a class="moretag" href="https://sef-cpan.ufms.br/vii/es/vii-sef-2019/">Read More&#8230;</a></p>

<!-- This site is optimized with the Yoast SEO plugin v23.1 - https://yoast.com/wordpress/plugins/seo/ -->
<title>VII SEF - 2019 - VII Seminário Internacional de Estudos Fronteiriços</title>
<meta name="robots" content="index, follow, max-snippet:-1, max-image-preview:large, max-video-preview:-1" />
<link rel="canonical" href="https://sef-cpan.ufms.br/vii/es/vii-sef-2019/" />
<meta property="og:locale" content="pt_BR" />
<meta property="og:type" content="article" />
<meta property="og:title" content="VII SEF - 2019 - VII Seminário Internacional de Estudos Fronteiriços" />
<meta property="og:description" content="7 a 9 de octubre de 2019 Invitamos a la comunidad académica para la séptima edición del Seminario Internacional de Estudios Fronterizos (VII SEF), que se realizará entre los días 7 a 9 de octubre deRead More..." />
<meta property="og:url" content="https://sef-cpan.ufms.br/vii/es/vii-sef-2019/" />
<meta property="og:site_name" content="VII Seminário Internacional de Estudos Fronteiriços" />
<meta property="article:modified_time" content="2019-08-03T23:27:50+00:00" />
<meta name="twitter:card" content="summary_large_image" />
<meta name="twitter:label1" content="Est. tempo de leitura" />
	<meta name="twitter:data1" content="2 minutos" />
<script type="application/ld+json" class="yoast-schema-graph">{"@context":"https://schema.org","@graph":[{"@type":"WebPage","@id":"https://sef-cpan.ufms.br/vii/es/vii-sef-2019/","url":"https://sef-cpan.ufms.br/vii/es/vii-sef-2019/","name":"VII SEF - 2019 - VII Seminário Internacional de Estudos Fronteiriços","isPartOf":{"@id":"https://sef-cpan.ufms.br/vii/#website"},"datePublished":"2019-08-03T23:27:49+00:00","dateModified":"2019-08-03T23:27:50+00:00","breadcrumb":{"@id":"https://sef-cpan.ufms.br/vii/es/vii-sef-2019/#breadcrumb"},"inLanguage":"pt-BR","potentialAction":[{"@type":"ReadAction","target":["https://sef-cpan.ufms.br/vii/es/vii-sef-2019/"]}]},{"@type":"BreadcrumbList","@id":"https://sef-cpan.ufms.br/vii/es/vii-sef-2019/#breadcrumb","itemListElement":[{"@type":"ListItem","position":1,"name":"Início","item":"https://sef-cpan.ufms.br/vii/"},{"@type":"ListItem","position":2,"name":"VII SEF &#8211; 2019"}]},{"@type":"WebSite","@id":"https://sef-cpan.ufms.br/vii/#website","url":"https://sef-cpan.ufms.br/vii/","name":"VII Seminário Internacional de Estudos Fronteiriços","description":"Fundação Universidade Federal de Mato Grosso do Sul - Câmpus do Pantanal","potentialAction":[{"@type":"SearchAction","target":{"@type":"EntryPoint","urlTemplate":"https://sef-cpan.ufms.br/vii/?s={search_term_string}"},"query-input":"required name=search_term_string"}],"inLanguage":"pt-BR"}]}</script>
<!-- / Yoast SEO plugin. -->

VII SEF - 2019 - VII Seminário Internacional de Estudos Fronteiriços

7 a 9 de octubre de 2019 Invitamos a la comunidad académica para la séptima edición del Seminario Internacional de Estudios Fronterizos (VII SEF), que se realizará entre los días 7 a 9 de octubre deRead More...

VII Seminário Internacional de Estudos Fronteiriços

Início

Fundação Universidade Federal de Mato Grosso do Sul - Câmpus do Pantanal
