{"id":305,"date":"2019-08-01T22:17:36","date_gmt":"2019-08-02T01:17:36","guid":{"rendered":"http:\/\/sef.ufms.br\/vii\/?page_id=305"},"modified":"2019-08-01T22:37:23","modified_gmt":"2019-08-02T01:37:23","slug":"inscripciones","status":"publish","type":"page","link":"https:\/\/sef-cpan.ufms.br\/vii\/es\/inscripciones\/","title":{"rendered":"Inscripciones"},"content":{"rendered":"\n<p>Haga clic abajo para suscribirse.<\/p>\n\n\n\n<table class=\"wp-block-table\"><tbody><tr><td>   Participantes   <\/td><td>De 01\/07\/2019 <br>a 01\/09\/2019   <\/td><td>De 02\/09\/2019 <br>a 09\/10\/2019   <\/td><\/tr><tr><td>Estudiantes universitarios <br>Docentes de la Educaci\u00f3n B\u00e1sica   <\/td><td>  R$ 30,00   <\/td><td>   R$ 60,00   <\/td><\/tr><tr><td>Estudiantes de posgrado<\/td><td>  R$ 60,00   <\/td><td>   R$ 120,00   <\/td><\/tr><tr><td>Profesionales    <br>Docentes de la Educaci\u00f3n Superior   <\/td><td>  R$ 80,00   <\/td><td>   R$ 160,00   <\/td><\/tr><tr><td>Invitados<\/td><td> Gratis<\/td><td>  Gratis  <\/td><\/tr><\/tbody><\/table>\n\n\n\n<div class=\"wp-block-button\"><a class=\"wp-block-button__link has-background has-vivid-red-background-color\" href=\"https:\/\/docs.google.com\/forms\/d\/e\/1FAIpQLSduZsYQGyFAi9M7fjQk4AsgHow_rM1GKQB0WZRaJJMYBrg0Ng\/viewform?usp=sf_link\">SUSCRIBIRSE<\/a><\/div>\n\n\n\n<p>El pago de la inscripci\u00f3n deber\u00e1 ser efectuado a trav\u00e9s de una GRU. Para emitirla haga clic abajo. <\/p>\n\n\n\n<p><strong>Atenci\u00f3n: residentes en el exterior podr\u00e1n efectuar el pago de la tasa de inscripci\u00f3n en la acreditaci\u00f3n. <\/strong><\/p>\n\n\n\n<div class=\"wp-block-button\"><a class=\"wp-block-button__link has-background has-luminous-vivid-amber-background-color\" href=\"https:\/\/recolhimento.ufms.br\/publico\/guia\/1679\">GRU<\/a><\/div>\n\n\n\n<p>Posteriormente al pago, el comprobante deber\u00e1 ser enviado en formato JPEG o PDF y nombrado con el nombre y el apellido del participante, independientemente de quien haya efectuado el pago. Haga clic abajo para enviar.<\/p>\n\n\n\n<div class=\"wp-block-button\"><a class=\"wp-block-button__link has-background has-vivid-red-background-color\" href=\"https:\/\/docs.google.com\/forms\/d\/e\/1FAIpQLSf6bVHZCFQdqLuIjUuCrm9BqL4E7-PnYaGL4LqurUq7fM4Bsg\/viewform?usp=sf_link\">COMPROBANTE<\/a><\/div>\n\n\n\n<p>\u00bfTe gustar\u00eda lanzar un libro con temas relacionados con los estudios fronterizos durante el evento? El lanzamiento del libro tendr\u00e1 lugar el 8 de octubre de 2019 por la noche. \u00a1Es importante que al menos un autor est\u00e9 presente! Haga clic abajo para enviar las informaciones del libro.<\/p>\n\n\n\n<div class=\"wp-block-button\"><a class=\"wp-block-button__link has-background has-luminous-vivid-amber-background-color\" href=\"https:\/\/docs.google.com\/forms\/d\/e\/1FAIpQLSdv23HmFGs0BvFf6MhD_r_GJKdKEkarpDPKjgpzlNTrkFCotg\/viewform?embedded=true\">LIBRO<\/a><\/div>\n","protected":false},"excerpt":{"rendered":"<p>Haga clic abajo para suscribirse. Participantes De 01\/07\/2019 a 01\/09\/2019 De 02\/09\/2019 a 09\/10\/2019 Estudiantes universitarios Docentes de la Educaci\u00f3n B\u00e1sica R$ 30,00 R$ 60,00 Estudiantes de posgrado R$ 60,00 R$ 120,00 Profesionales Docentes de la<a class=\"moretag\" href=\"https:\/\/sef-cpan.ufms.br\/vii\/es\/inscripciones\/\">Read More&#8230;<\/a><\/p>\n","protected":false},"author":2,"featured_media":0,"parent":0,"menu_order":0,"comment_status":"closed","ping_status":"closed","template":"","meta":{"footnotes":""},"yoast_head":"<!-- This site is optimized with the Yoast SEO plugin v23.1 - https:\/\/yoast.com\/wordpress\/plugins\/seo\/ -->\n<title>Inscripciones - VII Semin\u00e1rio Internacional de Estudos Fronteiri\u00e7os<\/title>\n<meta name=\"robots\" content=\"index, follow, max-snippet:-1, max-image-preview:large, max-video-preview:-1\" \/>\n<link rel=\"canonical\" href=\"https:\/\/sef-cpan.ufms.br\/vii\/es\/inscripciones\/\" \/>\n<meta property=\"og:locale\" content=\"pt_BR\" \/>\n<meta property=\"og:type\" content=\"article\" \/>\n<meta property=\"og:title\" content=\"Inscripciones - VII Semin\u00e1rio Internacional de Estudos Fronteiri\u00e7os\" \/>\n<meta property=\"og:description\" content=\"Haga clic abajo para suscribirse. Participantes De 01\/07\/2019 a 01\/09\/2019 De 02\/09\/2019 a 09\/10\/2019 Estudiantes universitarios Docentes de la Educaci\u00f3n B\u00e1sica R$ 30,00 R$ 60,00 Estudiantes de posgrado R$ 60,00 R$ 120,00 Profesionales Docentes de laRead More...\" \/>\n<meta property=\"og:url\" content=\"https:\/\/sef-cpan.ufms.br\/vii\/es\/inscripciones\/\" \/>\n<meta property=\"og:site_name\" content=\"VII Semin\u00e1rio Internacional de Estudos Fronteiri\u00e7os\" \/>\n<meta property=\"article:modified_time\" content=\"2019-08-02T01:37:23+00:00\" \/>\n<meta name=\"twitter:card\" content=\"summary_large_image\" \/>\n<meta name=\"twitter:label1\" content=\"Est. tempo de leitura\" \/>\n\t<meta name=\"twitter:data1\" content=\"1 minuto\" \/>\n<script type=\"application\/ld+json\" class=\"yoast-schema-graph\">{\"@context\":\"https:\/\/schema.org\",\"@graph\":[{\"@type\":\"WebPage\",\"@id\":\"https:\/\/sef-cpan.ufms.br\/vii\/es\/inscripciones\/\",\"url\":\"https:\/\/sef-cpan.ufms.br\/vii\/es\/inscripciones\/\",\"name\":\"Inscripciones - VII Semin\u00e1rio Internacional de Estudos Fronteiri\u00e7os\",\"isPartOf\":{\"@id\":\"https:\/\/sef-cpan.ufms.br\/vii\/#website\"},\"datePublished\":\"2019-08-02T01:17:36+00:00\",\"dateModified\":\"2019-08-02T01:37:23+00:00\",\"breadcrumb\":{\"@id\":\"https:\/\/sef-cpan.ufms.br\/vii\/es\/inscripciones\/#breadcrumb\"},\"inLanguage\":\"pt-BR\",\"potentialAction\":[{\"@type\":\"ReadAction\",\"target\":[\"https:\/\/sef-cpan.ufms.br\/vii\/es\/inscripciones\/\"]}]},{\"@type\":\"BreadcrumbList\",\"@id\":\"https:\/\/sef-cpan.ufms.br\/vii\/es\/inscripciones\/#breadcrumb\",\"itemListElement\":[{\"@type\":\"ListItem\",\"position\":1,\"name\":\"In\u00edcio\",\"item\":\"https:\/\/sef-cpan.ufms.br\/vii\/\"},{\"@type\":\"ListItem\",\"position\":2,\"name\":\"Inscripciones\"}]},{\"@type\":\"WebSite\",\"@id\":\"https:\/\/sef-cpan.ufms.br\/vii\/#website\",\"url\":\"https:\/\/sef-cpan.ufms.br\/vii\/\",\"name\":\"VII Semin\u00e1rio Internacional de Estudos Fronteiri\u00e7os\",\"description\":\"Funda\u00e7\u00e3o Universidade Federal de Mato Grosso do Sul - C\u00e2mpus do Pantanal\",\"potentialAction\":[{\"@type\":\"SearchAction\",\"target\":{\"@type\":\"EntryPoint\",\"urlTemplate\":\"https:\/\/sef-cpan.ufms.br\/vii\/?s={search_term_string}\"},\"query-input\":\"required name=search_term_string\"}],\"inLanguage\":\"pt-BR\"}]}<\/script>\n<!-- \/ Yoast SEO plugin. -->","yoast_head_json":{"title":"Inscripciones - VII Semin\u00e1rio Internacional de Estudos Fronteiri\u00e7os","robots":{"index":"index","follow":"follow","max-snippet":"max-snippet:-1","max-image-preview":"max-image-preview:large","max-video-preview":"max-video-preview:-1"},"canonical":"https:\/\/sef-cpan.ufms.br\/vii\/es\/inscripciones\/","og_locale":"pt_BR","og_type":"article","og_title":"Inscripciones - VII Semin\u00e1rio Internacional de Estudos Fronteiri\u00e7os","og_description":"Haga clic abajo para suscribirse. Participantes De 01\/07\/2019 a 01\/09\/2019 De 02\/09\/2019 a 09\/10\/2019 Estudiantes universitarios Docentes de la Educaci\u00f3n B\u00e1sica R$ 30,00 R$ 60,00 Estudiantes de posgrado R$ 60,00 R$ 120,00 Profesionales Docentes de laRead More...","og_url":"https:\/\/sef-cpan.ufms.br\/vii\/es\/inscripciones\/","og_site_name":"VII Semin\u00e1rio Internacional de Estudos Fronteiri\u00e7os","article_modified_time":"2019-08-02T01:37:23+00:00","twitter_card":"summary_large_image","twitter_misc":{"Est. tempo de leitura":"1 minuto"},"schema":{"@context":"https:\/\/schema.org","@graph":[{"@type":"WebPage","@id":"https:\/\/sef-cpan.ufms.br\/vii\/es\/inscripciones\/","url":"https:\/\/sef-cpan.ufms.br\/vii\/es\/inscripciones\/","name":"Inscripciones - VII Semin\u00e1rio Internacional de Estudos Fronteiri\u00e7os","isPartOf":{"@id":"https:\/\/sef-cpan.ufms.br\/vii\/#website"},"datePublished":"2019-08-02T01:17:36+00:00","dateModified":"2019-08-02T01:37:23+00:00","breadcrumb":{"@id":"https:\/\/sef-cpan.ufms.br\/vii\/es\/inscripciones\/#breadcrumb"},"inLanguage":"pt-BR","potentialAction":[{"@type":"ReadAction","target":["https:\/\/sef-cpan.ufms.br\/vii\/es\/inscripciones\/"]}]},{"@type":"BreadcrumbList","@id":"https:\/\/sef-cpan.ufms.br\/vii\/es\/inscripciones\/#breadcrumb","itemListElement":[{"@type":"ListItem","position":1,"name":"In\u00edcio","item":"https:\/\/sef-cpan.ufms.br\/vii\/"},{"@type":"ListItem","position":2,"name":"Inscripciones"}]},{"@type":"WebSite","@id":"https:\/\/sef-cpan.ufms.br\/vii\/#website","url":"https:\/\/sef-cpan.ufms.br\/vii\/","name":"VII Semin\u00e1rio Internacional de Estudos Fronteiri\u00e7os","description":"Funda\u00e7\u00e3o Universidade Federal de Mato Grosso do Sul - C\u00e2mpus do Pantanal","potentialAction":[{"@type":"SearchAction","target":{"@type":"EntryPoint","urlTemplate":"https:\/\/sef-cpan.ufms.br\/vii\/?s={search_term_string}"},"query-input":"required name=search_term_string"}],"inLanguage":"pt-BR"}]}},"_links":{"self":[{"href":"https:\/\/sef-cpan.ufms.br\/vii\/wp-json\/wp\/v2\/pages\/305"}],"collection":[{"href":"https:\/\/sef-cpan.ufms.br\/vii\/wp-json\/wp\/v2\/pages"}],"about":[{"href":"https:\/\/sef-cpan.ufms.br\/vii\/wp-json\/wp\/v2\/types\/page"}],"author":[{"embeddable":true,"href":"https:\/\/sef-cpan.ufms.br\/vii\/wp-json\/wp\/v2\/users\/2"}],"replies":[{"embeddable":true,"href":"https:\/\/sef-cpan.ufms.br\/vii\/wp-json\/wp\/v2\/comments?post=305"}],"version-history":[{"count":4,"href":"https:\/\/sef-cpan.ufms.br\/vii\/wp-json\/wp\/v2\/pages\/305\/revisions"}],"predecessor-version":[{"id":309,"href":"https:\/\/sef-cpan.ufms.br\/vii\/wp-json\/wp\/v2\/pages\/305\/revisions\/309"}],"wp:attachment":[{"href":"https:\/\/sef-cpan.ufms.br\/vii\/wp-json\/wp\/v2\/media?parent=305"}],"curies":[{"name":"wp","href":"https:\/\/api.w.org\/{rel}","templated":true}]}}