{"id":9,"date":"2017-05-19T15:37:44","date_gmt":"2017-05-19T18:37:44","guid":{"rendered":"http:\/\/sef.ufms.br\/vi\/?page_id=9"},"modified":"2017-09-13T08:33:34","modified_gmt":"2017-09-13T12:33:34","slug":"vi-seminario-de-estudos-fronteiricos","status":"publish","type":"page","link":"https:\/\/sef-cpan.ufms.br\/vi\/","title":{"rendered":"VI Semin\u00e1rio de Estudos Fronteiri\u00e7os &#8211; 2017"},"content":{"rendered":"<p style=\"text-align: center;\"><img loading=\"lazy\" decoding=\"async\" class=\"alignnone wp-image-50\" src=\"https:\/\/sef-cpan.ufms.br\/vi\/wp-content\/uploads\/sites\/3\/2017\/05\/Mef-300x163.jpg\" alt=\"\" width=\"148\" height=\"80\" srcset=\"https:\/\/sef-cpan.ufms.br\/vi\/wp-content\/uploads\/sites\/3\/2017\/05\/Mef-300x163.jpg 300w, https:\/\/sef-cpan.ufms.br\/vi\/wp-content\/uploads\/sites\/3\/2017\/05\/Mef.jpg 480w\" sizes=\"(max-width: 148px) 100vw, 148px\" \/> <img loading=\"lazy\" decoding=\"async\" class=\"alignnone wp-image-53 size-full\" src=\"https:\/\/sef-cpan.ufms.br\/vi\/wp-content\/uploads\/sites\/3\/2017\/05\/retis.jpg\" alt=\"\" width=\"169\" height=\"80\" \/><img loading=\"lazy\" decoding=\"async\" class=\"alignnone wp-image-52\" src=\"https:\/\/sef-cpan.ufms.br\/vi\/wp-content\/uploads\/sites\/3\/2017\/05\/Unbral-fronteiras-230x300.jpg\" alt=\"\" width=\"61\" height=\"80\" srcset=\"https:\/\/sef-cpan.ufms.br\/vi\/wp-content\/uploads\/sites\/3\/2017\/05\/Unbral-fronteiras-230x300.jpg 230w, https:\/\/sef-cpan.ufms.br\/vi\/wp-content\/uploads\/sites\/3\/2017\/05\/Unbral-fronteiras-768x1003.jpg 768w, https:\/\/sef-cpan.ufms.br\/vi\/wp-content\/uploads\/sites\/3\/2017\/05\/Unbral-fronteiras-784x1024.jpg 784w, https:\/\/sef-cpan.ufms.br\/vi\/wp-content\/uploads\/sites\/3\/2017\/05\/Unbral-fronteiras.jpg 1245w\" sizes=\"(max-width: 61px) 100vw, 61px\" \/><\/p>\n<p style=\"text-align: center;\"><strong>02 a 04 de outubro de 2017<\/strong><br \/>\n<strong> Corumb\u00e1-MS<\/strong><\/p>\n<p style=\"text-align: justify;\">O VI Semin\u00e1rio de Estudos Fronteiri\u00e7os (VI SEF) acontecer\u00e1 na cidade de Corumb\u00e1, no campus da Universidade Federal de Mato Grosso do Sul (CPAN\/UFMS), na Rua Domingos Sahib, 99, Corumb\u00e1, MS, 79.300-130 (Unidade Alf\u00e2ndega). Da mesma maneira que o V SEF, este evento ter\u00e1 organiza\u00e7\u00e3o compartilhada entre o Mestrado em Estudos Fronteiri\u00e7os\/UFMS e Universidade Federal do Rio de Janeiro, atrav\u00e9s de seu GRUPO RETIS. Nessa edi\u00e7\u00e3o, o SEF abrigar\u00e1 ainda o 2\u00ba Col\u00f3quio Unbral de Estudos Fronteiri\u00e7os, proposto pelo Unbral Fronteiras &#8211; Portal de acesso aberto das universidades brasileiras sobre limites e fronteiras (<a href=\"http:\/\/unbral.nuvem.ufrgs.br\" target=\"_blank\" rel=\"noopener noreferrer\">http:\/\/unbral.nuvem.ufrgs.br<\/a>).<\/p>\n<p style=\"text-align: justify;\">O p\u00fablico-alvo imediato \u00e9 constitu\u00eddo por discentes e docentes dos cursos de P\u00f3s-Gradua\u00e7\u00e3o, bem como alunos de Inicia\u00e7\u00e3o Cient\u00edfica, que investigam a tem\u00e1tica fronteiri\u00e7a. As discuss\u00f5es programadas interessam, ainda, a gestores p\u00fablicos e demais profissionais que se ocupam dos temas fronteiri\u00e7os.<\/p>\n<p style=\"text-align: justify;\">O evento tem por objetivos ampliar o conhecimento sobre os estudos de fronteira; fomentar a coopera\u00e7\u00e3o interinstitucional e promover amplo debate sobre as especificidades das fronteiras internacionais e os impactos vislumbrados nas suas gest\u00f5es territoriais fronteiri\u00e7as.<\/p>\n<p style=\"text-align: justify;\">O VI SEF se constituir\u00e1 de confer\u00eancias com renomadas autoridades cient\u00edficas e pol\u00edticas no assunto e mesas tem\u00e1ticas com dois ou tr\u00eas palestrantes em cada uma delas. Al\u00e9m disso, o evento oportunizar\u00e1 a apresenta\u00e7\u00e3o dos trabalhos completos de alunos de inicia\u00e7\u00e3o cient\u00edfica, p\u00f3s-gradua\u00e7\u00e3o e professores de p\u00f3s-gradua\u00e7\u00e3o nas Sess\u00f5es de Comunica\u00e7\u00e3o (SC). As SC ocorrer\u00e3o em salas espec\u00edficas por cada tema indicado nas normas de apresenta\u00e7\u00e3o dos trabalhos.<\/p>\n","protected":false},"excerpt":{"rendered":"<p>02 a 04 de outubro de 2017 Corumb\u00e1-MS O VI Semin\u00e1rio de Estudos Fronteiri\u00e7os (VI SEF) acontecer\u00e1 na cidade de Corumb\u00e1, no campus da Universidade Federal de Mato Grosso do Sul (CPAN\/UFMS), na Rua Domingos Sahib,<a class=\"moretag\" href=\"https:\/\/sef-cpan.ufms.br\/vi\/\">Read More&#8230;<\/a><\/p>\n","protected":false},"author":1,"featured_media":0,"parent":0,"menu_order":0,"comment_status":"closed","ping_status":"closed","template":"","meta":{"footnotes":""},"yoast_head":"<!-- This site is optimized with the Yoast SEO plugin v23.1 - https:\/\/yoast.com\/wordpress\/plugins\/seo\/ -->\n<title>VI Semin\u00e1rio de Estudos Fronteiri\u00e7os - 2017 - VI Semin\u00e1rio de Estudos Fronteiri\u00e7os \u2013 2017<\/title>\n<meta name=\"robots\" content=\"index, follow, max-snippet:-1, max-image-preview:large, max-video-preview:-1\" \/>\n<link rel=\"canonical\" href=\"https:\/\/sef-cpan.ufms.br\/vi\/\" \/>\n<meta property=\"og:locale\" content=\"pt_BR\" \/>\n<meta property=\"og:type\" content=\"article\" \/>\n<meta property=\"og:title\" content=\"VI Semin\u00e1rio de Estudos Fronteiri\u00e7os - 2017 - VI Semin\u00e1rio de Estudos Fronteiri\u00e7os \u2013 2017\" \/>\n<meta property=\"og:description\" content=\"02 a 04 de outubro de 2017 Corumb\u00e1-MS O VI Semin\u00e1rio de Estudos Fronteiri\u00e7os (VI SEF) acontecer\u00e1 na cidade de Corumb\u00e1, no campus da Universidade Federal de Mato Grosso do Sul (CPAN\/UFMS), na Rua Domingos Sahib,Read More...\" \/>\n<meta property=\"og:url\" content=\"https:\/\/sef-cpan.ufms.br\/vi\/\" \/>\n<meta property=\"og:site_name\" content=\"VI Semin\u00e1rio de Estudos Fronteiri\u00e7os \u2013 2017\" \/>\n<meta property=\"article:modified_time\" content=\"2017-09-13T12:33:34+00:00\" \/>\n<meta property=\"og:image\" content=\"https:\/\/sef-cpan.ufms.br\/vi\/wp-content\/uploads\/sites\/3\/2017\/05\/Mef-300x163.jpg\" \/>\n<meta name=\"twitter:card\" content=\"summary_large_image\" \/>\n<meta name=\"twitter:label1\" content=\"Est. tempo de leitura\" \/>\n\t<meta name=\"twitter:data1\" content=\"1 minuto\" \/>\n<script type=\"application\/ld+json\" class=\"yoast-schema-graph\">{\"@context\":\"https:\/\/schema.org\",\"@graph\":[{\"@type\":\"WebPage\",\"@id\":\"https:\/\/sef-cpan.ufms.br\/vi\/\",\"url\":\"https:\/\/sef-cpan.ufms.br\/vi\/\",\"name\":\"VI Semin\u00e1rio de Estudos Fronteiri\u00e7os - 2017 - VI Semin\u00e1rio de Estudos Fronteiri\u00e7os \u2013 2017\",\"isPartOf\":{\"@id\":\"https:\/\/sef-cpan.ufms.br\/vi\/#website\"},\"primaryImageOfPage\":{\"@id\":\"https:\/\/sef-cpan.ufms.br\/vi\/#primaryimage\"},\"image\":{\"@id\":\"https:\/\/sef-cpan.ufms.br\/vi\/#primaryimage\"},\"thumbnailUrl\":\"https:\/\/sef-cpan.ufms.br\/vi\/wp-content\/uploads\/sites\/3\/2017\/05\/Mef-300x163.jpg\",\"datePublished\":\"2017-05-19T18:37:44+00:00\",\"dateModified\":\"2017-09-13T12:33:34+00:00\",\"breadcrumb\":{\"@id\":\"https:\/\/sef-cpan.ufms.br\/vi\/#breadcrumb\"},\"inLanguage\":\"pt-BR\",\"potentialAction\":[{\"@type\":\"ReadAction\",\"target\":[\"https:\/\/sef-cpan.ufms.br\/vi\/\"]}]},{\"@type\":\"ImageObject\",\"inLanguage\":\"pt-BR\",\"@id\":\"https:\/\/sef-cpan.ufms.br\/vi\/#primaryimage\",\"url\":\"https:\/\/sef-cpan.ufms.br\/vi\/wp-content\/uploads\/sites\/3\/2017\/05\/Mef.jpg\",\"contentUrl\":\"https:\/\/sef-cpan.ufms.br\/vi\/wp-content\/uploads\/sites\/3\/2017\/05\/Mef.jpg\",\"width\":480,\"height\":260},{\"@type\":\"BreadcrumbList\",\"@id\":\"https:\/\/sef-cpan.ufms.br\/vi\/#breadcrumb\",\"itemListElement\":[{\"@type\":\"ListItem\",\"position\":1,\"name\":\"In\u00edcio\",\"item\":\"https:\/\/sef-cpan.ufms.br\/vi\/\"},{\"@type\":\"ListItem\",\"position\":2,\"name\":\"VI Semin\u00e1rio de Estudos Fronteiri\u00e7os &#8211; 2017\"}]},{\"@type\":\"WebSite\",\"@id\":\"https:\/\/sef-cpan.ufms.br\/vi\/#website\",\"url\":\"https:\/\/sef-cpan.ufms.br\/vi\/\",\"name\":\"VI Semin\u00e1rio de Estudos Fronteiri\u00e7os \u2013 2017\",\"description\":\"O VI Semin\u00e1rio de Estudos Fronteiri\u00e7os acontecer\u00e1 na cidade de Corumb\u00e1, no campus da Universidade Federal de Mato Grosso do Sul, em 10\/2017\",\"potentialAction\":[{\"@type\":\"SearchAction\",\"target\":{\"@type\":\"EntryPoint\",\"urlTemplate\":\"https:\/\/sef-cpan.ufms.br\/vi\/?s={search_term_string}\"},\"query-input\":\"required name=search_term_string\"}],\"inLanguage\":\"pt-BR\"}]}<\/script>\n<!-- \/ Yoast SEO plugin. -->","yoast_head_json":{"title":"VI Semin\u00e1rio de Estudos Fronteiri\u00e7os - 2017 - VI Semin\u00e1rio de Estudos Fronteiri\u00e7os \u2013 2017","robots":{"index":"index","follow":"follow","max-snippet":"max-snippet:-1","max-image-preview":"max-image-preview:large","max-video-preview":"max-video-preview:-1"},"canonical":"https:\/\/sef-cpan.ufms.br\/vi\/","og_locale":"pt_BR","og_type":"article","og_title":"VI Semin\u00e1rio de Estudos Fronteiri\u00e7os - 2017 - VI Semin\u00e1rio de Estudos Fronteiri\u00e7os \u2013 2017","og_description":"02 a 04 de outubro de 2017 Corumb\u00e1-MS O VI Semin\u00e1rio de Estudos Fronteiri\u00e7os (VI SEF) acontecer\u00e1 na cidade de Corumb\u00e1, no campus da Universidade Federal de Mato Grosso do Sul (CPAN\/UFMS), na Rua Domingos Sahib,Read More...","og_url":"https:\/\/sef-cpan.ufms.br\/vi\/","og_site_name":"VI Semin\u00e1rio de Estudos Fronteiri\u00e7os \u2013 2017","article_modified_time":"2017-09-13T12:33:34+00:00","og_image":[{"url":"https:\/\/sef-cpan.ufms.br\/vi\/wp-content\/uploads\/sites\/3\/2017\/05\/Mef-300x163.jpg"}],"twitter_card":"summary_large_image","twitter_misc":{"Est. tempo de leitura":"1 minuto"},"schema":{"@context":"https:\/\/schema.org","@graph":[{"@type":"WebPage","@id":"https:\/\/sef-cpan.ufms.br\/vi\/","url":"https:\/\/sef-cpan.ufms.br\/vi\/","name":"VI Semin\u00e1rio de Estudos Fronteiri\u00e7os - 2017 - VI Semin\u00e1rio de Estudos Fronteiri\u00e7os \u2013 2017","isPartOf":{"@id":"https:\/\/sef-cpan.ufms.br\/vi\/#website"},"primaryImageOfPage":{"@id":"https:\/\/sef-cpan.ufms.br\/vi\/#primaryimage"},"image":{"@id":"https:\/\/sef-cpan.ufms.br\/vi\/#primaryimage"},"thumbnailUrl":"https:\/\/sef-cpan.ufms.br\/vi\/wp-content\/uploads\/sites\/3\/2017\/05\/Mef-300x163.jpg","datePublished":"2017-05-19T18:37:44+00:00","dateModified":"2017-09-13T12:33:34+00:00","breadcrumb":{"@id":"https:\/\/sef-cpan.ufms.br\/vi\/#breadcrumb"},"inLanguage":"pt-BR","potentialAction":[{"@type":"ReadAction","target":["https:\/\/sef-cpan.ufms.br\/vi\/"]}]},{"@type":"ImageObject","inLanguage":"pt-BR","@id":"https:\/\/sef-cpan.ufms.br\/vi\/#primaryimage","url":"https:\/\/sef-cpan.ufms.br\/vi\/wp-content\/uploads\/sites\/3\/2017\/05\/Mef.jpg","contentUrl":"https:\/\/sef-cpan.ufms.br\/vi\/wp-content\/uploads\/sites\/3\/2017\/05\/Mef.jpg","width":480,"height":260},{"@type":"BreadcrumbList","@id":"https:\/\/sef-cpan.ufms.br\/vi\/#breadcrumb","itemListElement":[{"@type":"ListItem","position":1,"name":"In\u00edcio","item":"https:\/\/sef-cpan.ufms.br\/vi\/"},{"@type":"ListItem","position":2,"name":"VI Semin\u00e1rio de Estudos Fronteiri\u00e7os &#8211; 2017"}]},{"@type":"WebSite","@id":"https:\/\/sef-cpan.ufms.br\/vi\/#website","url":"https:\/\/sef-cpan.ufms.br\/vi\/","name":"VI Semin\u00e1rio de Estudos Fronteiri\u00e7os \u2013 2017","description":"O VI Semin\u00e1rio de Estudos Fronteiri\u00e7os acontecer\u00e1 na cidade de Corumb\u00e1, no campus da Universidade Federal de Mato Grosso do Sul, em 10\/2017","potentialAction":[{"@type":"SearchAction","target":{"@type":"EntryPoint","urlTemplate":"https:\/\/sef-cpan.ufms.br\/vi\/?s={search_term_string}"},"query-input":"required name=search_term_string"}],"inLanguage":"pt-BR"}]}},"_links":{"self":[{"href":"https:\/\/sef-cpan.ufms.br\/vi\/wp-json\/wp\/v2\/pages\/9"}],"collection":[{"href":"https:\/\/sef-cpan.ufms.br\/vi\/wp-json\/wp\/v2\/pages"}],"about":[{"href":"https:\/\/sef-cpan.ufms.br\/vi\/wp-json\/wp\/v2\/types\/page"}],"author":[{"embeddable":true,"href":"https:\/\/sef-cpan.ufms.br\/vi\/wp-json\/wp\/v2\/users\/1"}],"replies":[{"embeddable":true,"href":"https:\/\/sef-cpan.ufms.br\/vi\/wp-json\/wp\/v2\/comments?post=9"}],"version-history":[{"count":4,"href":"https:\/\/sef-cpan.ufms.br\/vi\/wp-json\/wp\/v2\/pages\/9\/revisions"}],"predecessor-version":[{"id":76,"href":"https:\/\/sef-cpan.ufms.br\/vi\/wp-json\/wp\/v2\/pages\/9\/revisions\/76"}],"wp:attachment":[{"href":"https:\/\/sef-cpan.ufms.br\/vi\/wp-json\/wp\/v2\/media?parent=9"}],"curies":[{"name":"wp","href":"https:\/\/api.w.org\/{rel}","templated":true}]}}

VI Seminário de Estudos Fronteiriços &#8211; 2017

<p style="text-align: center;"><img loading="lazy" decoding="async" class="alignnone wp-image-50" src="https://sef-cpan.ufms.br/vi/wp-content/uploads/sites/3/2017/05/Mef-300x163.jpg" alt="" width="148" height="80" srcset="https://sef-cpan.ufms.br/vi/wp-content/uploads/sites/3/2017/05/Mef-300x163.jpg 300w, https://sef-cpan.ufms.br/vi/wp-content/uploads/sites/3/2017/05/Mef.jpg 480w" sizes="(max-width: 148px) 100vw, 148px" /> <img loading="lazy" decoding="async" class="alignnone wp-image-53 size-full" src="https://sef-cpan.ufms.br/vi/wp-content/uploads/sites/3/2017/05/retis.jpg" alt="" width="169" height="80" /><img loading="lazy" decoding="async" class="alignnone wp-image-52" src="https://sef-cpan.ufms.br/vi/wp-content/uploads/sites/3/2017/05/Unbral-fronteiras-230x300.jpg" alt="" width="61" height="80" srcset="https://sef-cpan.ufms.br/vi/wp-content/uploads/sites/3/2017/05/Unbral-fronteiras-230x300.jpg 230w, https://sef-cpan.ufms.br/vi/wp-content/uploads/sites/3/2017/05/Unbral-fronteiras-768x1003.jpg 768w, https://sef-cpan.ufms.br/vi/wp-content/uploads/sites/3/2017/05/Unbral-fronteiras-784x1024.jpg 784w, https://sef-cpan.ufms.br/vi/wp-content/uploads/sites/3/2017/05/Unbral-fronteiras.jpg 1245w" sizes="(max-width: 61px) 100vw, 61px" /></p>
<p style="text-align: center;"><strong>02 a 04 de outubro de 2017</strong><br />
<strong> Corumbá-MS</strong></p>
<p style="text-align: justify;">O VI Seminário de Estudos Fronteiriços (VI SEF) acontecerá na cidade de Corumbá, no campus da Universidade Federal de Mato Grosso do Sul (CPAN/UFMS), na Rua Domingos Sahib, 99, Corumbá, MS, 79.300-130 (Unidade Alfândega). Da mesma maneira que o V SEF, este evento terá organização compartilhada entre o Mestrado em Estudos Fronteiriços/UFMS e Universidade Federal do Rio de Janeiro, através de seu GRUPO RETIS. Nessa edição, o SEF abrigará ainda o 2º Colóquio Unbral de Estudos Fronteiriços, proposto pelo Unbral Fronteiras &#8211; Portal de acesso aberto das universidades brasileiras sobre limites e fronteiras (<a href="http://unbral.nuvem.ufrgs.br" target="_blank" rel="noopener noreferrer">http://unbral.nuvem.ufrgs.br</a>).</p>
<p style="text-align: justify;">O público-alvo imediato é constituído por discentes e docentes dos cursos de Pós-Graduação, bem como alunos de Iniciação Científica, que investigam a temática fronteiriça. As discussões programadas interessam, ainda, a gestores públicos e demais profissionais que se ocupam dos temas fronteiriços.</p>
<p style="text-align: justify;">O evento tem por objetivos ampliar o conhecimento sobre os estudos de fronteira; fomentar a cooperação interinstitucional e promover amplo debate sobre as especificidades das fronteiras internacionais e os impactos vislumbrados nas suas gestões territoriais fronteiriças.</p>
<p style="text-align: justify;">O VI SEF se constituirá de conferências com renomadas autoridades científicas e políticas no assunto e mesas temáticas com dois ou três palestrantes em cada uma delas. Além disso, o evento oportunizará a apresentação dos trabalhos completos de alunos de iniciação científica, pós-graduação e professores de pós-graduação nas Sessões de Comunicação (SC). As SC ocorrerão em salas específicas por cada tema indicado nas normas de apresentação dos trabalhos.</p>

<p>02 a 04 de outubro de 2017 Corumbá-MS O VI Seminário de Estudos Fronteiriços (VI SEF) acontecerá na cidade de Corumbá, no campus da Universidade Federal de Mato Grosso do Sul (CPAN/UFMS), na Rua Domingos Sahib,<a class="moretag" href="https://sef-cpan.ufms.br/vi/">Read More&#8230;</a></p>

<!-- This site is optimized with the Yoast SEO plugin v23.1 - https://yoast.com/wordpress/plugins/seo/ -->
<title>VI Seminário de Estudos Fronteiriços - 2017 - VI Seminário de Estudos Fronteiriços – 2017</title>
<meta name="robots" content="index, follow, max-snippet:-1, max-image-preview:large, max-video-preview:-1" />
<link rel="canonical" href="https://sef-cpan.ufms.br/vi/" />
<meta property="og:locale" content="pt_BR" />
<meta property="og:type" content="article" />
<meta property="og:title" content="VI Seminário de Estudos Fronteiriços - 2017 - VI Seminário de Estudos Fronteiriços – 2017" />
<meta property="og:description" content="02 a 04 de outubro de 2017 Corumbá-MS O VI Seminário de Estudos Fronteiriços (VI SEF) acontecerá na cidade de Corumbá, no campus da Universidade Federal de Mato Grosso do Sul (CPAN/UFMS), na Rua Domingos Sahib,Read More..." />
<meta property="og:url" content="https://sef-cpan.ufms.br/vi/" />
<meta property="og:site_name" content="VI Seminário de Estudos Fronteiriços – 2017" />
<meta property="article:modified_time" content="2017-09-13T12:33:34+00:00" />
<meta property="og:image" content="https://sef-cpan.ufms.br/vi/wp-content/uploads/sites/3/2017/05/Mef-300x163.jpg" />
<meta name="twitter:card" content="summary_large_image" />
<meta name="twitter:label1" content="Est. tempo de leitura" />
	<meta name="twitter:data1" content="1 minuto" />
<script type="application/ld+json" class="yoast-schema-graph">{"@context":"https://schema.org","@graph":[{"@type":"WebPage","@id":"https://sef-cpan.ufms.br/vi/","url":"https://sef-cpan.ufms.br/vi/","name":"VI Seminário de Estudos Fronteiriços - 2017 - VI Seminário de Estudos Fronteiriços – 2017","isPartOf":{"@id":"https://sef-cpan.ufms.br/vi/#website"},"primaryImageOfPage":{"@id":"https://sef-cpan.ufms.br/vi/#primaryimage"},"image":{"@id":"https://sef-cpan.ufms.br/vi/#primaryimage"},"thumbnailUrl":"https://sef-cpan.ufms.br/vi/wp-content/uploads/sites/3/2017/05/Mef-300x163.jpg","datePublished":"2017-05-19T18:37:44+00:00","dateModified":"2017-09-13T12:33:34+00:00","breadcrumb":{"@id":"https://sef-cpan.ufms.br/vi/#breadcrumb"},"inLanguage":"pt-BR","potentialAction":[{"@type":"ReadAction","target":["https://sef-cpan.ufms.br/vi/"]}]},{"@type":"ImageObject","inLanguage":"pt-BR","@id":"https://sef-cpan.ufms.br/vi/#primaryimage","url":"https://sef-cpan.ufms.br/vi/wp-content/uploads/sites/3/2017/05/Mef.jpg","contentUrl":"https://sef-cpan.ufms.br/vi/wp-content/uploads/sites/3/2017/05/Mef.jpg","width":480,"height":260},{"@type":"BreadcrumbList","@id":"https://sef-cpan.ufms.br/vi/#breadcrumb","itemListElement":[{"@type":"ListItem","position":1,"name":"Início","item":"https://sef-cpan.ufms.br/vi/"},{"@type":"ListItem","position":2,"name":"VI Seminário de Estudos Fronteiriços &#8211; 2017"}]},{"@type":"WebSite","@id":"https://sef-cpan.ufms.br/vi/#website","url":"https://sef-cpan.ufms.br/vi/","name":"VI Seminário de Estudos Fronteiriços – 2017","description":"O VI Seminário de Estudos Fronteiriços acontecerá na cidade de Corumbá, no campus da Universidade Federal de Mato Grosso do Sul, em 10/2017","potentialAction":[{"@type":"SearchAction","target":{"@type":"EntryPoint","urlTemplate":"https://sef-cpan.ufms.br/vi/?s={search_term_string}"},"query-input":"required name=search_term_string"}],"inLanguage":"pt-BR"}]}</script>
<!-- / Yoast SEO plugin. -->

VI Seminário de Estudos Fronteiriços - 2017 - VI Seminário de Estudos Fronteiriços – 2017

02 a 04 de outubro de 2017 Corumbá-MS O VI Seminário de Estudos Fronteiriços (VI SEF) acontecerá na cidade de Corumbá, no campus da Universidade Federal de Mato Grosso do Sul (CPAN/UFMS), na Rua Domingos Sahib,Read More...

VI Seminário de Estudos Fronteiriços – 2017

Início

O VI Seminário de Estudos Fronteiriços acontecerá na cidade de Corumbá, no campus da Universidade Federal de Mato Grosso do Sul, em 10/2017
