{"id":89,"date":"2017-10-01T18:07:50","date_gmt":"2017-10-01T22:07:50","guid":{"rendered":"http:\/\/sef.ufms.br\/vi\/?page_id=89"},"modified":"2018-01-10T14:21:47","modified_gmt":"2018-01-10T17:21:47","slug":"anais","status":"publish","type":"page","link":"https:\/\/sef-cpan.ufms.br\/vi\/anais\/","title":{"rendered":"Anais"},"content":{"rendered":"<iframe src=\"\/\/docs.google.com\/viewer?url=https%3A%2F%2Fsef-cpan.ufms.br%2Fvi%2Fwp-content%2Fuploads%2Fsites%2F3%2F2017%2F10%2FAnais2.1.pdf&hl=pt_BR&embedded=true\" class=\"gde-frame\" style=\"width:100%; height:1100px; border: none;\" scrolling=\"no\"><\/iframe>\n<p class=\"gde-text\"><a href=\"https:\/\/sef-cpan.ufms.br\/vi\/wp-content\/uploads\/sites\/3\/2017\/10\/Anais2.1.pdf\" class=\"gde-link\">Download (PDF, 6.23MB)<\/a><\/p>\n","protected":false},"excerpt":{"rendered":"","protected":false},"author":1,"featured_media":0,"parent":0,"menu_order":0,"comment_status":"closed","ping_status":"closed","template":"","meta":{"footnotes":""},"yoast_head":"<!-- This site is optimized with the Yoast SEO plugin v23.1 - https:\/\/yoast.com\/wordpress\/plugins\/seo\/ -->\n<title>Anais - VI Semin\u00e1rio de Estudos Fronteiri\u00e7os \u2013 2017<\/title>\n<meta name=\"robots\" content=\"index, follow, max-snippet:-1, max-image-preview:large, max-video-preview:-1\" \/>\n<link rel=\"canonical\" href=\"https:\/\/sef-cpan.ufms.br\/vi\/anais\/\" \/>\n<meta property=\"og:locale\" content=\"pt_BR\" \/>\n<meta property=\"og:type\" content=\"article\" \/>\n<meta property=\"og:title\" content=\"Anais - VI Semin\u00e1rio de Estudos Fronteiri\u00e7os \u2013 2017\" \/>\n<meta property=\"og:url\" content=\"https:\/\/sef-cpan.ufms.br\/vi\/anais\/\" \/>\n<meta property=\"og:site_name\" content=\"VI Semin\u00e1rio de Estudos Fronteiri\u00e7os \u2013 2017\" \/>\n<meta property=\"article:modified_time\" content=\"2018-01-10T17:21:47+00:00\" \/>\n<meta name=\"twitter:card\" content=\"summary_large_image\" \/>\n<script type=\"application\/ld+json\" class=\"yoast-schema-graph\">{\"@context\":\"https:\/\/schema.org\",\"@graph\":[{\"@type\":\"WebPage\",\"@id\":\"https:\/\/sef-cpan.ufms.br\/vi\/anais\/\",\"url\":\"https:\/\/sef-cpan.ufms.br\/vi\/anais\/\",\"name\":\"Anais - VI Semin\u00e1rio de Estudos Fronteiri\u00e7os \u2013 2017\",\"isPartOf\":{\"@id\":\"https:\/\/sef-cpan.ufms.br\/vi\/#website\"},\"datePublished\":\"2017-10-01T22:07:50+00:00\",\"dateModified\":\"2018-01-10T17:21:47+00:00\",\"breadcrumb\":{\"@id\":\"https:\/\/sef-cpan.ufms.br\/vi\/anais\/#breadcrumb\"},\"inLanguage\":\"pt-BR\",\"potentialAction\":[{\"@type\":\"ReadAction\",\"target\":[\"https:\/\/sef-cpan.ufms.br\/vi\/anais\/\"]}]},{\"@type\":\"BreadcrumbList\",\"@id\":\"https:\/\/sef-cpan.ufms.br\/vi\/anais\/#breadcrumb\",\"itemListElement\":[{\"@type\":\"ListItem\",\"position\":1,\"name\":\"In\u00edcio\",\"item\":\"https:\/\/sef-cpan.ufms.br\/vi\/\"},{\"@type\":\"ListItem\",\"position\":2,\"name\":\"Anais\"}]},{\"@type\":\"WebSite\",\"@id\":\"https:\/\/sef-cpan.ufms.br\/vi\/#website\",\"url\":\"https:\/\/sef-cpan.ufms.br\/vi\/\",\"name\":\"VI Semin\u00e1rio de Estudos Fronteiri\u00e7os \u2013 2017\",\"description\":\"O VI Semin\u00e1rio de Estudos Fronteiri\u00e7os acontecer\u00e1 na cidade de Corumb\u00e1, no campus da Universidade Federal de Mato Grosso do Sul, em 10\/2017\",\"potentialAction\":[{\"@type\":\"SearchAction\",\"target\":{\"@type\":\"EntryPoint\",\"urlTemplate\":\"https:\/\/sef-cpan.ufms.br\/vi\/?s={search_term_string}\"},\"query-input\":\"required name=search_term_string\"}],\"inLanguage\":\"pt-BR\"}]}<\/script>\n<!-- \/ Yoast SEO plugin. -->","yoast_head_json":{"title":"Anais - VI Semin\u00e1rio de Estudos Fronteiri\u00e7os \u2013 2017","robots":{"index":"index","follow":"follow","max-snippet":"max-snippet:-1","max-image-preview":"max-image-preview:large","max-video-preview":"max-video-preview:-1"},"canonical":"https:\/\/sef-cpan.ufms.br\/vi\/anais\/","og_locale":"pt_BR","og_type":"article","og_title":"Anais - VI Semin\u00e1rio de Estudos Fronteiri\u00e7os \u2013 2017","og_url":"https:\/\/sef-cpan.ufms.br\/vi\/anais\/","og_site_name":"VI Semin\u00e1rio de Estudos Fronteiri\u00e7os \u2013 2017","article_modified_time":"2018-01-10T17:21:47+00:00","twitter_card":"summary_large_image","schema":{"@context":"https:\/\/schema.org","@graph":[{"@type":"WebPage","@id":"https:\/\/sef-cpan.ufms.br\/vi\/anais\/","url":"https:\/\/sef-cpan.ufms.br\/vi\/anais\/","name":"Anais - VI Semin\u00e1rio de Estudos Fronteiri\u00e7os \u2013 2017","isPartOf":{"@id":"https:\/\/sef-cpan.ufms.br\/vi\/#website"},"datePublished":"2017-10-01T22:07:50+00:00","dateModified":"2018-01-10T17:21:47+00:00","breadcrumb":{"@id":"https:\/\/sef-cpan.ufms.br\/vi\/anais\/#breadcrumb"},"inLanguage":"pt-BR","potentialAction":[{"@type":"ReadAction","target":["https:\/\/sef-cpan.ufms.br\/vi\/anais\/"]}]},{"@type":"BreadcrumbList","@id":"https:\/\/sef-cpan.ufms.br\/vi\/anais\/#breadcrumb","itemListElement":[{"@type":"ListItem","position":1,"name":"In\u00edcio","item":"https:\/\/sef-cpan.ufms.br\/vi\/"},{"@type":"ListItem","position":2,"name":"Anais"}]},{"@type":"WebSite","@id":"https:\/\/sef-cpan.ufms.br\/vi\/#website","url":"https:\/\/sef-cpan.ufms.br\/vi\/","name":"VI Semin\u00e1rio de Estudos Fronteiri\u00e7os \u2013 2017","description":"O VI Semin\u00e1rio de Estudos Fronteiri\u00e7os acontecer\u00e1 na cidade de Corumb\u00e1, no campus da Universidade Federal de Mato Grosso do Sul, em 10\/2017","potentialAction":[{"@type":"SearchAction","target":{"@type":"EntryPoint","urlTemplate":"https:\/\/sef-cpan.ufms.br\/vi\/?s={search_term_string}"},"query-input":"required name=search_term_string"}],"inLanguage":"pt-BR"}]}},"_links":{"self":[{"href":"https:\/\/sef-cpan.ufms.br\/vi\/wp-json\/wp\/v2\/pages\/89"}],"collection":[{"href":"https:\/\/sef-cpan.ufms.br\/vi\/wp-json\/wp\/v2\/pages"}],"about":[{"href":"https:\/\/sef-cpan.ufms.br\/vi\/wp-json\/wp\/v2\/types\/page"}],"author":[{"embeddable":true,"href":"https:\/\/sef-cpan.ufms.br\/vi\/wp-json\/wp\/v2\/users\/1"}],"replies":[{"embeddable":true,"href":"https:\/\/sef-cpan.ufms.br\/vi\/wp-json\/wp\/v2\/comments?post=89"}],"version-history":[{"count":4,"href":"https:\/\/sef-cpan.ufms.br\/vi\/wp-json\/wp\/v2\/pages\/89\/revisions"}],"predecessor-version":[{"id":100,"href":"https:\/\/sef-cpan.ufms.br\/vi\/wp-json\/wp\/v2\/pages\/89\/revisions\/100"}],"wp:attachment":[{"href":"https:\/\/sef-cpan.ufms.br\/vi\/wp-json\/wp\/v2\/media?parent=89"}],"curies":[{"name":"wp","href":"https:\/\/api.w.org\/{rel}","templated":true}]}}

<!-- This site is optimized with the Yoast SEO plugin v23.1 - https://yoast.com/wordpress/plugins/seo/ -->
<title>Anais - VI Seminário de Estudos Fronteiriços – 2017</title>
<meta name="robots" content="index, follow, max-snippet:-1, max-image-preview:large, max-video-preview:-1" />
<link rel="canonical" href="https://sef-cpan.ufms.br/vi/anais/" />
<meta property="og:locale" content="pt_BR" />
<meta property="og:type" content="article" />
<meta property="og:title" content="Anais - VI Seminário de Estudos Fronteiriços – 2017" />
<meta property="og:url" content="https://sef-cpan.ufms.br/vi/anais/" />
<meta property="og:site_name" content="VI Seminário de Estudos Fronteiriços – 2017" />
<meta property="article:modified_time" content="2018-01-10T17:21:47+00:00" />
<meta name="twitter:card" content="summary_large_image" />
<script type="application/ld+json" class="yoast-schema-graph">{"@context":"https://schema.org","@graph":[{"@type":"WebPage","@id":"https://sef-cpan.ufms.br/vi/anais/","url":"https://sef-cpan.ufms.br/vi/anais/","name":"Anais - VI Seminário de Estudos Fronteiriços – 2017","isPartOf":{"@id":"https://sef-cpan.ufms.br/vi/#website"},"datePublished":"2017-10-01T22:07:50+00:00","dateModified":"2018-01-10T17:21:47+00:00","breadcrumb":{"@id":"https://sef-cpan.ufms.br/vi/anais/#breadcrumb"},"inLanguage":"pt-BR","potentialAction":[{"@type":"ReadAction","target":["https://sef-cpan.ufms.br/vi/anais/"]}]},{"@type":"BreadcrumbList","@id":"https://sef-cpan.ufms.br/vi/anais/#breadcrumb","itemListElement":[{"@type":"ListItem","position":1,"name":"Início","item":"https://sef-cpan.ufms.br/vi/"},{"@type":"ListItem","position":2,"name":"Anais"}]},{"@type":"WebSite","@id":"https://sef-cpan.ufms.br/vi/#website","url":"https://sef-cpan.ufms.br/vi/","name":"VI Seminário de Estudos Fronteiriços – 2017","description":"O VI Seminário de Estudos Fronteiriços acontecerá na cidade de Corumbá, no campus da Universidade Federal de Mato Grosso do Sul, em 10/2017","potentialAction":[{"@type":"SearchAction","target":{"@type":"EntryPoint","urlTemplate":"https://sef-cpan.ufms.br/vi/?s={search_term_string}"},"query-input":"required name=search_term_string"}],"inLanguage":"pt-BR"}]}</script>
<!-- / Yoast SEO plugin. -->

Anais - VI Seminário de Estudos Fronteiriços – 2017

VI Seminário de Estudos Fronteiriços – 2017

Início

O VI Seminário de Estudos Fronteiriços acontecerá na cidade de Corumbá, no campus da Universidade Federal de Mato Grosso do Sul, em 10/2017
