{"id":35,"date":"2017-05-19T16:03:24","date_gmt":"2017-05-19T19:03:24","guid":{"rendered":"http:\/\/sef.ufms.br\/vi\/?page_id=35"},"modified":"2017-09-20T11:17:28","modified_gmt":"2017-09-20T15:17:28","slug":"inscricao","status":"publish","type":"page","link":"https:\/\/sef-cpan.ufms.br\/vi\/inscricao\/","title":{"rendered":"Inscri\u00e7\u00e3o"},"content":{"rendered":"<p align=\"justify\">Os valores para inscri\u00e7\u00e3o no VI SEF s\u00e3o:<\/p>\n<p align=\"justify\">Profissionais (mestrandos, doutorandos, docentes e todos os demais): R$ <del>100,00<\/del> 50,00<\/p>\n<p align=\"justify\">Alunos de gradua\u00e7\u00e3o: R$ <del>50,00<\/del> 20,00<\/p>\n<p align=\"justify\">[gravityform id=&#8221;1&#8243; title=&#8221;false&#8221; description=&#8221;true&#8221;]\n","protected":false},"excerpt":{"rendered":"<p>Os valores para inscri\u00e7\u00e3o no VI SEF s\u00e3o: Profissionais (mestrandos, doutorandos, docentes e todos os demais): R$ 100,00 50,00 Alunos de gradua\u00e7\u00e3o: R$ 50,00 20,00 [gravityform id=&#8221;1&#8243; title=&#8221;false&#8221; description=&#8221;true&#8221;]<\/p>\n","protected":false},"author":1,"featured_media":0,"parent":0,"menu_order":0,"comment_status":"closed","ping_status":"closed","template":"","meta":{"footnotes":""},"yoast_head":"<!-- This site is optimized with the Yoast SEO plugin v23.1 - https:\/\/yoast.com\/wordpress\/plugins\/seo\/ -->\n<title>Inscri\u00e7\u00e3o - VI Semin\u00e1rio de Estudos Fronteiri\u00e7os \u2013 2017<\/title>\n<meta name=\"robots\" content=\"index, follow, max-snippet:-1, max-image-preview:large, max-video-preview:-1\" \/>\n<link rel=\"canonical\" href=\"https:\/\/sef-cpan.ufms.br\/vi\/inscricao\/\" \/>\n<meta property=\"og:locale\" content=\"pt_BR\" \/>\n<meta property=\"og:type\" content=\"article\" \/>\n<meta property=\"og:title\" content=\"Inscri\u00e7\u00e3o - VI Semin\u00e1rio de Estudos Fronteiri\u00e7os \u2013 2017\" \/>\n<meta property=\"og:description\" content=\"Os valores para inscri\u00e7\u00e3o no VI SEF s\u00e3o: Profissionais (mestrandos, doutorandos, docentes e todos os demais): R$ 100,00 50,00 Alunos de gradua\u00e7\u00e3o: R$ 50,00 20,00 [gravityform id=&#8221;1&#8243; title=&#8221;false&#8221; description=&#8221;true&#8221;]\" \/>\n<meta property=\"og:url\" content=\"https:\/\/sef-cpan.ufms.br\/vi\/inscricao\/\" \/>\n<meta property=\"og:site_name\" content=\"VI Semin\u00e1rio de Estudos Fronteiri\u00e7os \u2013 2017\" \/>\n<meta property=\"article:modified_time\" content=\"2017-09-20T15:17:28+00:00\" \/>\n<meta name=\"twitter:card\" content=\"summary_large_image\" \/>\n<script type=\"application\/ld+json\" class=\"yoast-schema-graph\">{\"@context\":\"https:\/\/schema.org\",\"@graph\":[{\"@type\":\"WebPage\",\"@id\":\"https:\/\/sef-cpan.ufms.br\/vi\/inscricao\/\",\"url\":\"https:\/\/sef-cpan.ufms.br\/vi\/inscricao\/\",\"name\":\"Inscri\u00e7\u00e3o - VI Semin\u00e1rio de Estudos Fronteiri\u00e7os \u2013 2017\",\"isPartOf\":{\"@id\":\"https:\/\/sef-cpan.ufms.br\/vi\/#website\"},\"datePublished\":\"2017-05-19T19:03:24+00:00\",\"dateModified\":\"2017-09-20T15:17:28+00:00\",\"breadcrumb\":{\"@id\":\"https:\/\/sef-cpan.ufms.br\/vi\/inscricao\/#breadcrumb\"},\"inLanguage\":\"pt-BR\",\"potentialAction\":[{\"@type\":\"ReadAction\",\"target\":[\"https:\/\/sef-cpan.ufms.br\/vi\/inscricao\/\"]}]},{\"@type\":\"BreadcrumbList\",\"@id\":\"https:\/\/sef-cpan.ufms.br\/vi\/inscricao\/#breadcrumb\",\"itemListElement\":[{\"@type\":\"ListItem\",\"position\":1,\"name\":\"In\u00edcio\",\"item\":\"https:\/\/sef-cpan.ufms.br\/vi\/\"},{\"@type\":\"ListItem\",\"position\":2,\"name\":\"Inscri\u00e7\u00e3o\"}]},{\"@type\":\"WebSite\",\"@id\":\"https:\/\/sef-cpan.ufms.br\/vi\/#website\",\"url\":\"https:\/\/sef-cpan.ufms.br\/vi\/\",\"name\":\"VI Semin\u00e1rio de Estudos Fronteiri\u00e7os \u2013 2017\",\"description\":\"O VI Semin\u00e1rio de Estudos Fronteiri\u00e7os acontecer\u00e1 na cidade de Corumb\u00e1, no campus da Universidade Federal de Mato Grosso do Sul, em 10\/2017\",\"potentialAction\":[{\"@type\":\"SearchAction\",\"target\":{\"@type\":\"EntryPoint\",\"urlTemplate\":\"https:\/\/sef-cpan.ufms.br\/vi\/?s={search_term_string}\"},\"query-input\":\"required name=search_term_string\"}],\"inLanguage\":\"pt-BR\"}]}<\/script>\n<!-- \/ Yoast SEO plugin. -->","yoast_head_json":{"title":"Inscri\u00e7\u00e3o - VI Semin\u00e1rio de Estudos Fronteiri\u00e7os \u2013 2017","robots":{"index":"index","follow":"follow","max-snippet":"max-snippet:-1","max-image-preview":"max-image-preview:large","max-video-preview":"max-video-preview:-1"},"canonical":"https:\/\/sef-cpan.ufms.br\/vi\/inscricao\/","og_locale":"pt_BR","og_type":"article","og_title":"Inscri\u00e7\u00e3o - VI Semin\u00e1rio de Estudos Fronteiri\u00e7os \u2013 2017","og_description":"Os valores para inscri\u00e7\u00e3o no VI SEF s\u00e3o: Profissionais (mestrandos, doutorandos, docentes e todos os demais): R$ 100,00 50,00 Alunos de gradua\u00e7\u00e3o: R$ 50,00 20,00 [gravityform id=&#8221;1&#8243; title=&#8221;false&#8221; description=&#8221;true&#8221;]","og_url":"https:\/\/sef-cpan.ufms.br\/vi\/inscricao\/","og_site_name":"VI Semin\u00e1rio de Estudos Fronteiri\u00e7os \u2013 2017","article_modified_time":"2017-09-20T15:17:28+00:00","twitter_card":"summary_large_image","schema":{"@context":"https:\/\/schema.org","@graph":[{"@type":"WebPage","@id":"https:\/\/sef-cpan.ufms.br\/vi\/inscricao\/","url":"https:\/\/sef-cpan.ufms.br\/vi\/inscricao\/","name":"Inscri\u00e7\u00e3o - VI Semin\u00e1rio de Estudos Fronteiri\u00e7os \u2013 2017","isPartOf":{"@id":"https:\/\/sef-cpan.ufms.br\/vi\/#website"},"datePublished":"2017-05-19T19:03:24+00:00","dateModified":"2017-09-20T15:17:28+00:00","breadcrumb":{"@id":"https:\/\/sef-cpan.ufms.br\/vi\/inscricao\/#breadcrumb"},"inLanguage":"pt-BR","potentialAction":[{"@type":"ReadAction","target":["https:\/\/sef-cpan.ufms.br\/vi\/inscricao\/"]}]},{"@type":"BreadcrumbList","@id":"https:\/\/sef-cpan.ufms.br\/vi\/inscricao\/#breadcrumb","itemListElement":[{"@type":"ListItem","position":1,"name":"In\u00edcio","item":"https:\/\/sef-cpan.ufms.br\/vi\/"},{"@type":"ListItem","position":2,"name":"Inscri\u00e7\u00e3o"}]},{"@type":"WebSite","@id":"https:\/\/sef-cpan.ufms.br\/vi\/#website","url":"https:\/\/sef-cpan.ufms.br\/vi\/","name":"VI Semin\u00e1rio de Estudos Fronteiri\u00e7os \u2013 2017","description":"O VI Semin\u00e1rio de Estudos Fronteiri\u00e7os acontecer\u00e1 na cidade de Corumb\u00e1, no campus da Universidade Federal de Mato Grosso do Sul, em 10\/2017","potentialAction":[{"@type":"SearchAction","target":{"@type":"EntryPoint","urlTemplate":"https:\/\/sef-cpan.ufms.br\/vi\/?s={search_term_string}"},"query-input":"required name=search_term_string"}],"inLanguage":"pt-BR"}]}},"_links":{"self":[{"href":"https:\/\/sef-cpan.ufms.br\/vi\/wp-json\/wp\/v2\/pages\/35"}],"collection":[{"href":"https:\/\/sef-cpan.ufms.br\/vi\/wp-json\/wp\/v2\/pages"}],"about":[{"href":"https:\/\/sef-cpan.ufms.br\/vi\/wp-json\/wp\/v2\/types\/page"}],"author":[{"embeddable":true,"href":"https:\/\/sef-cpan.ufms.br\/vi\/wp-json\/wp\/v2\/users\/1"}],"replies":[{"embeddable":true,"href":"https:\/\/sef-cpan.ufms.br\/vi\/wp-json\/wp\/v2\/comments?post=35"}],"version-history":[{"count":4,"href":"https:\/\/sef-cpan.ufms.br\/vi\/wp-json\/wp\/v2\/pages\/35\/revisions"}],"predecessor-version":[{"id":85,"href":"https:\/\/sef-cpan.ufms.br\/vi\/wp-json\/wp\/v2\/pages\/35\/revisions\/85"}],"wp:attachment":[{"href":"https:\/\/sef-cpan.ufms.br\/vi\/wp-json\/wp\/v2\/media?parent=35"}],"curies":[{"name":"wp","href":"https:\/\/api.w.org\/{rel}","templated":true}]}}

Inscrição

<p align="justify">Os valores para inscrição no VI SEF são:</p>
<p align="justify">Profissionais (mestrandos, doutorandos, docentes e todos os demais): R$ <del>100,00</del> 50,00</p>
<p align="justify">Alunos de graduação: R$ <del>50,00</del> 20,00</p>
<p align="justify">[gravityform id=&#8221;1&#8243; title=&#8221;false&#8221; description=&#8221;true&#8221;]

<p>Os valores para inscrição no VI SEF são: Profissionais (mestrandos, doutorandos, docentes e todos os demais): R$ 100,00 50,00 Alunos de graduação: R$ 50,00 20,00 [gravityform id=&#8221;1&#8243; title=&#8221;false&#8221; description=&#8221;true&#8221;]</p>

<!-- This site is optimized with the Yoast SEO plugin v23.1 - https://yoast.com/wordpress/plugins/seo/ -->
<title>Inscrição - VI Seminário de Estudos Fronteiriços – 2017</title>
<meta name="robots" content="index, follow, max-snippet:-1, max-image-preview:large, max-video-preview:-1" />
<link rel="canonical" href="https://sef-cpan.ufms.br/vi/inscricao/" />
<meta property="og:locale" content="pt_BR" />
<meta property="og:type" content="article" />
<meta property="og:title" content="Inscrição - VI Seminário de Estudos Fronteiriços – 2017" />
<meta property="og:description" content="Os valores para inscrição no VI SEF são: Profissionais (mestrandos, doutorandos, docentes e todos os demais): R$ 100,00 50,00 Alunos de graduação: R$ 50,00 20,00 [gravityform id=&#8221;1&#8243; title=&#8221;false&#8221; description=&#8221;true&#8221;]" />
<meta property="og:url" content="https://sef-cpan.ufms.br/vi/inscricao/" />
<meta property="og:site_name" content="VI Seminário de Estudos Fronteiriços – 2017" />
<meta property="article:modified_time" content="2017-09-20T15:17:28+00:00" />
<meta name="twitter:card" content="summary_large_image" />
<script type="application/ld+json" class="yoast-schema-graph">{"@context":"https://schema.org","@graph":[{"@type":"WebPage","@id":"https://sef-cpan.ufms.br/vi/inscricao/","url":"https://sef-cpan.ufms.br/vi/inscricao/","name":"Inscrição - VI Seminário de Estudos Fronteiriços – 2017","isPartOf":{"@id":"https://sef-cpan.ufms.br/vi/#website"},"datePublished":"2017-05-19T19:03:24+00:00","dateModified":"2017-09-20T15:17:28+00:00","breadcrumb":{"@id":"https://sef-cpan.ufms.br/vi/inscricao/#breadcrumb"},"inLanguage":"pt-BR","potentialAction":[{"@type":"ReadAction","target":["https://sef-cpan.ufms.br/vi/inscricao/"]}]},{"@type":"BreadcrumbList","@id":"https://sef-cpan.ufms.br/vi/inscricao/#breadcrumb","itemListElement":[{"@type":"ListItem","position":1,"name":"Início","item":"https://sef-cpan.ufms.br/vi/"},{"@type":"ListItem","position":2,"name":"Inscrição"}]},{"@type":"WebSite","@id":"https://sef-cpan.ufms.br/vi/#website","url":"https://sef-cpan.ufms.br/vi/","name":"VI Seminário de Estudos Fronteiriços – 2017","description":"O VI Seminário de Estudos Fronteiriços acontecerá na cidade de Corumbá, no campus da Universidade Federal de Mato Grosso do Sul, em 10/2017","potentialAction":[{"@type":"SearchAction","target":{"@type":"EntryPoint","urlTemplate":"https://sef-cpan.ufms.br/vi/?s={search_term_string}"},"query-input":"required name=search_term_string"}],"inLanguage":"pt-BR"}]}</script>
<!-- / Yoast SEO plugin. -->

Inscrição - VI Seminário de Estudos Fronteiriços – 2017

Os valores para inscrição no VI SEF são: Profissionais (mestrandos, doutorandos, docentes e todos os demais): R$ 100,00 50,00 Alunos de graduação: R$ 50,00 20,00 [gravityform id=&#8221;1&#8243; title=&#8221;false&#8221; description=&#8221;true&#8221;]

VI Seminário de Estudos Fronteiriços – 2017

Início

O VI Seminário de Estudos Fronteiriços acontecerá na cidade de Corumbá, no campus da Universidade Federal de Mato Grosso do Sul, em 10/2017
