{"id":31,"date":"2017-05-19T16:00:14","date_gmt":"2017-05-19T19:00:14","guid":{"rendered":"http:\/\/sef.ufms.br\/vi\/?page_id=31"},"modified":"2017-08-14T14:30:11","modified_gmt":"2017-08-14T18:30:11","slug":"normas","status":"publish","type":"page","link":"https:\/\/sef-cpan.ufms.br\/vi\/trabalhos\/normas\/","title":{"rendered":"Normas"},"content":{"rendered":"<p><strong>NORMAS PARA TRABALHOS COMPLETOS <\/strong><\/p>\n<p align=\"justify\"><b>Formato: <\/b>em documento word (.doc); folha tamanho A4; letra arial 12; espa\u00e7o entre as linhas de 1,5; margens: superior e esquerda, 3,0 cm, direita e inferior 2 cm; recuo de par\u00e1grafo de 1,25 cm.<\/p>\n<p align=\"justify\"><b>T\u00edtulo do trabalho: <\/b>em mai\u00fasculas, negrito e centralizado. Tamb\u00e9m traduzido para o ingl\u00eas ou espanhol.<\/p>\n<p align=\"justify\"><b>Identifica\u00e7\u00e3o do autor (es): <\/b>Lan\u00e7ado diretamente no Sistema da Revista. <b>M\u00e1ximo de 3 autores por artigo.<\/b><\/p>\n<p align=\"justify\"><b>Tamanho do texto: <\/b>entre 10 e 20 p\u00e1ginas contendo obrigatoriamente: <b>resumos em portugu\u00eas e ingl\u00eas ou espanhol<\/b>, objetivos, a metodologia, resultados da pesquisa e refer\u00eancias (normas da ABNT).<\/p>\n<p align=\"justify\"><b>Obs<\/b>. Cada autor poder\u00e1 enviar apenas um texto para an\u00e1lise como primeiro autor.<\/p>\n","protected":false},"excerpt":{"rendered":"<p>NORMAS PARA TRABALHOS COMPLETOS Formato: em documento word (.doc); folha tamanho A4; letra arial 12; espa\u00e7o entre as linhas de 1,5; margens: superior e esquerda, 3,0 cm, direita e inferior 2 cm; recuo de par\u00e1grafo de<a class=\"moretag\" href=\"https:\/\/sef-cpan.ufms.br\/vi\/trabalhos\/normas\/\">Read More&#8230;<\/a><\/p>\n","protected":false},"author":1,"featured_media":0,"parent":20,"menu_order":0,"comment_status":"closed","ping_status":"closed","template":"","meta":{"footnotes":""},"yoast_head":"<!-- This site is optimized with the Yoast SEO plugin v23.1 - https:\/\/yoast.com\/wordpress\/plugins\/seo\/ -->\n<title>Normas - VI Semin\u00e1rio de Estudos Fronteiri\u00e7os \u2013 2017<\/title>\n<meta name=\"robots\" content=\"index, follow, max-snippet:-1, max-image-preview:large, max-video-preview:-1\" \/>\n<link rel=\"canonical\" href=\"https:\/\/sef-cpan.ufms.br\/vi\/trabalhos\/normas\/\" \/>\n<meta property=\"og:locale\" content=\"pt_BR\" \/>\n<meta property=\"og:type\" content=\"article\" \/>\n<meta property=\"og:title\" content=\"Normas - VI Semin\u00e1rio de Estudos Fronteiri\u00e7os \u2013 2017\" \/>\n<meta property=\"og:description\" content=\"NORMAS PARA TRABALHOS COMPLETOS Formato: em documento word (.doc); folha tamanho A4; letra arial 12; espa\u00e7o entre as linhas de 1,5; margens: superior e esquerda, 3,0 cm, direita e inferior 2 cm; recuo de par\u00e1grafo deRead More...\" \/>\n<meta property=\"og:url\" content=\"https:\/\/sef-cpan.ufms.br\/vi\/trabalhos\/normas\/\" \/>\n<meta property=\"og:site_name\" content=\"VI Semin\u00e1rio de Estudos Fronteiri\u00e7os \u2013 2017\" \/>\n<meta property=\"article:modified_time\" content=\"2017-08-14T18:30:11+00:00\" \/>\n<meta name=\"twitter:card\" content=\"summary_large_image\" \/>\n<meta name=\"twitter:label1\" content=\"Est. tempo de leitura\" \/>\n\t<meta name=\"twitter:data1\" content=\"1 minuto\" \/>\n<script type=\"application\/ld+json\" class=\"yoast-schema-graph\">{\"@context\":\"https:\/\/schema.org\",\"@graph\":[{\"@type\":\"WebPage\",\"@id\":\"https:\/\/sef-cpan.ufms.br\/vi\/trabalhos\/normas\/\",\"url\":\"https:\/\/sef-cpan.ufms.br\/vi\/trabalhos\/normas\/\",\"name\":\"Normas - VI Semin\u00e1rio de Estudos Fronteiri\u00e7os \u2013 2017\",\"isPartOf\":{\"@id\":\"https:\/\/sef-cpan.ufms.br\/vi\/#website\"},\"datePublished\":\"2017-05-19T19:00:14+00:00\",\"dateModified\":\"2017-08-14T18:30:11+00:00\",\"breadcrumb\":{\"@id\":\"https:\/\/sef-cpan.ufms.br\/vi\/trabalhos\/normas\/#breadcrumb\"},\"inLanguage\":\"pt-BR\",\"potentialAction\":[{\"@type\":\"ReadAction\",\"target\":[\"https:\/\/sef-cpan.ufms.br\/vi\/trabalhos\/normas\/\"]}]},{\"@type\":\"BreadcrumbList\",\"@id\":\"https:\/\/sef-cpan.ufms.br\/vi\/trabalhos\/normas\/#breadcrumb\",\"itemListElement\":[{\"@type\":\"ListItem\",\"position\":1,\"name\":\"In\u00edcio\",\"item\":\"https:\/\/sef-cpan.ufms.br\/vi\/\"},{\"@type\":\"ListItem\",\"position\":2,\"name\":\"Trabalhos\",\"item\":\"https:\/\/sef-cpan.ufms.br\/vi\/trabalhos\/\"},{\"@type\":\"ListItem\",\"position\":3,\"name\":\"Normas\"}]},{\"@type\":\"WebSite\",\"@id\":\"https:\/\/sef-cpan.ufms.br\/vi\/#website\",\"url\":\"https:\/\/sef-cpan.ufms.br\/vi\/\",\"name\":\"VI Semin\u00e1rio de Estudos Fronteiri\u00e7os \u2013 2017\",\"description\":\"O VI Semin\u00e1rio de Estudos Fronteiri\u00e7os acontecer\u00e1 na cidade de Corumb\u00e1, no campus da Universidade Federal de Mato Grosso do Sul, em 10\/2017\",\"potentialAction\":[{\"@type\":\"SearchAction\",\"target\":{\"@type\":\"EntryPoint\",\"urlTemplate\":\"https:\/\/sef-cpan.ufms.br\/vi\/?s={search_term_string}\"},\"query-input\":\"required name=search_term_string\"}],\"inLanguage\":\"pt-BR\"}]}<\/script>\n<!-- \/ Yoast SEO plugin. -->","yoast_head_json":{"title":"Normas - VI Semin\u00e1rio de Estudos Fronteiri\u00e7os \u2013 2017","robots":{"index":"index","follow":"follow","max-snippet":"max-snippet:-1","max-image-preview":"max-image-preview:large","max-video-preview":"max-video-preview:-1"},"canonical":"https:\/\/sef-cpan.ufms.br\/vi\/trabalhos\/normas\/","og_locale":"pt_BR","og_type":"article","og_title":"Normas - VI Semin\u00e1rio de Estudos Fronteiri\u00e7os \u2013 2017","og_description":"NORMAS PARA TRABALHOS COMPLETOS Formato: em documento word (.doc); folha tamanho A4; letra arial 12; espa\u00e7o entre as linhas de 1,5; margens: superior e esquerda, 3,0 cm, direita e inferior 2 cm; recuo de par\u00e1grafo deRead More...","og_url":"https:\/\/sef-cpan.ufms.br\/vi\/trabalhos\/normas\/","og_site_name":"VI Semin\u00e1rio de Estudos Fronteiri\u00e7os \u2013 2017","article_modified_time":"2017-08-14T18:30:11+00:00","twitter_card":"summary_large_image","twitter_misc":{"Est. tempo de leitura":"1 minuto"},"schema":{"@context":"https:\/\/schema.org","@graph":[{"@type":"WebPage","@id":"https:\/\/sef-cpan.ufms.br\/vi\/trabalhos\/normas\/","url":"https:\/\/sef-cpan.ufms.br\/vi\/trabalhos\/normas\/","name":"Normas - VI Semin\u00e1rio de Estudos Fronteiri\u00e7os \u2013 2017","isPartOf":{"@id":"https:\/\/sef-cpan.ufms.br\/vi\/#website"},"datePublished":"2017-05-19T19:00:14+00:00","dateModified":"2017-08-14T18:30:11+00:00","breadcrumb":{"@id":"https:\/\/sef-cpan.ufms.br\/vi\/trabalhos\/normas\/#breadcrumb"},"inLanguage":"pt-BR","potentialAction":[{"@type":"ReadAction","target":["https:\/\/sef-cpan.ufms.br\/vi\/trabalhos\/normas\/"]}]},{"@type":"BreadcrumbList","@id":"https:\/\/sef-cpan.ufms.br\/vi\/trabalhos\/normas\/#breadcrumb","itemListElement":[{"@type":"ListItem","position":1,"name":"In\u00edcio","item":"https:\/\/sef-cpan.ufms.br\/vi\/"},{"@type":"ListItem","position":2,"name":"Trabalhos","item":"https:\/\/sef-cpan.ufms.br\/vi\/trabalhos\/"},{"@type":"ListItem","position":3,"name":"Normas"}]},{"@type":"WebSite","@id":"https:\/\/sef-cpan.ufms.br\/vi\/#website","url":"https:\/\/sef-cpan.ufms.br\/vi\/","name":"VI Semin\u00e1rio de Estudos Fronteiri\u00e7os \u2013 2017","description":"O VI Semin\u00e1rio de Estudos Fronteiri\u00e7os acontecer\u00e1 na cidade de Corumb\u00e1, no campus da Universidade Federal de Mato Grosso do Sul, em 10\/2017","potentialAction":[{"@type":"SearchAction","target":{"@type":"EntryPoint","urlTemplate":"https:\/\/sef-cpan.ufms.br\/vi\/?s={search_term_string}"},"query-input":"required name=search_term_string"}],"inLanguage":"pt-BR"}]}},"_links":{"self":[{"href":"https:\/\/sef-cpan.ufms.br\/vi\/wp-json\/wp\/v2\/pages\/31"}],"collection":[{"href":"https:\/\/sef-cpan.ufms.br\/vi\/wp-json\/wp\/v2\/pages"}],"about":[{"href":"https:\/\/sef-cpan.ufms.br\/vi\/wp-json\/wp\/v2\/types\/page"}],"author":[{"embeddable":true,"href":"https:\/\/sef-cpan.ufms.br\/vi\/wp-json\/wp\/v2\/users\/1"}],"replies":[{"embeddable":true,"href":"https:\/\/sef-cpan.ufms.br\/vi\/wp-json\/wp\/v2\/comments?post=31"}],"version-history":[{"count":3,"href":"https:\/\/sef-cpan.ufms.br\/vi\/wp-json\/wp\/v2\/pages\/31\/revisions"}],"predecessor-version":[{"id":70,"href":"https:\/\/sef-cpan.ufms.br\/vi\/wp-json\/wp\/v2\/pages\/31\/revisions\/70"}],"up":[{"embeddable":true,"href":"https:\/\/sef-cpan.ufms.br\/vi\/wp-json\/wp\/v2\/pages\/20"}],"wp:attachment":[{"href":"https:\/\/sef-cpan.ufms.br\/vi\/wp-json\/wp\/v2\/media?parent=31"}],"curies":[{"name":"wp","href":"https:\/\/api.w.org\/{rel}","templated":true}]}}

<p><strong>NORMAS PARA TRABALHOS COMPLETOS </strong></p>
<p align="justify"><b>Formato: </b>em documento word (.doc); folha tamanho A4; letra arial 12; espaço entre as linhas de 1,5; margens: superior e esquerda, 3,0 cm, direita e inferior 2 cm; recuo de parágrafo de 1,25 cm.</p>
<p align="justify"><b>Título do trabalho: </b>em maiúsculas, negrito e centralizado. Também traduzido para o inglês ou espanhol.</p>
<p align="justify"><b>Identificação do autor (es): </b>Lançado diretamente no Sistema da Revista. <b>Máximo de 3 autores por artigo.</b></p>
<p align="justify"><b>Tamanho do texto: </b>entre 10 e 20 páginas contendo obrigatoriamente: <b>resumos em português e inglês ou espanhol</b>, objetivos, a metodologia, resultados da pesquisa e referências (normas da ABNT).</p>
<p align="justify"><b>Obs</b>. Cada autor poderá enviar apenas um texto para análise como primeiro autor.</p>

<p>NORMAS PARA TRABALHOS COMPLETOS Formato: em documento word (.doc); folha tamanho A4; letra arial 12; espaço entre as linhas de 1,5; margens: superior e esquerda, 3,0 cm, direita e inferior 2 cm; recuo de parágrafo de<a class="moretag" href="https://sef-cpan.ufms.br/vi/trabalhos/normas/">Read More&#8230;</a></p>

<!-- This site is optimized with the Yoast SEO plugin v23.1 - https://yoast.com/wordpress/plugins/seo/ -->
<title>Normas - VI Seminário de Estudos Fronteiriços – 2017</title>
<meta name="robots" content="index, follow, max-snippet:-1, max-image-preview:large, max-video-preview:-1" />
<link rel="canonical" href="https://sef-cpan.ufms.br/vi/trabalhos/normas/" />
<meta property="og:locale" content="pt_BR" />
<meta property="og:type" content="article" />
<meta property="og:title" content="Normas - VI Seminário de Estudos Fronteiriços – 2017" />
<meta property="og:description" content="NORMAS PARA TRABALHOS COMPLETOS Formato: em documento word (.doc); folha tamanho A4; letra arial 12; espaço entre as linhas de 1,5; margens: superior e esquerda, 3,0 cm, direita e inferior 2 cm; recuo de parágrafo deRead More..." />
<meta property="og:url" content="https://sef-cpan.ufms.br/vi/trabalhos/normas/" />
<meta property="og:site_name" content="VI Seminário de Estudos Fronteiriços – 2017" />
<meta property="article:modified_time" content="2017-08-14T18:30:11+00:00" />
<meta name="twitter:card" content="summary_large_image" />
<meta name="twitter:label1" content="Est. tempo de leitura" />
	<meta name="twitter:data1" content="1 minuto" />
<script type="application/ld+json" class="yoast-schema-graph">{"@context":"https://schema.org","@graph":[{"@type":"WebPage","@id":"https://sef-cpan.ufms.br/vi/trabalhos/normas/","url":"https://sef-cpan.ufms.br/vi/trabalhos/normas/","name":"Normas - VI Seminário de Estudos Fronteiriços – 2017","isPartOf":{"@id":"https://sef-cpan.ufms.br/vi/#website"},"datePublished":"2017-05-19T19:00:14+00:00","dateModified":"2017-08-14T18:30:11+00:00","breadcrumb":{"@id":"https://sef-cpan.ufms.br/vi/trabalhos/normas/#breadcrumb"},"inLanguage":"pt-BR","potentialAction":[{"@type":"ReadAction","target":["https://sef-cpan.ufms.br/vi/trabalhos/normas/"]}]},{"@type":"BreadcrumbList","@id":"https://sef-cpan.ufms.br/vi/trabalhos/normas/#breadcrumb","itemListElement":[{"@type":"ListItem","position":1,"name":"Início","item":"https://sef-cpan.ufms.br/vi/"},{"@type":"ListItem","position":2,"name":"Trabalhos","item":"https://sef-cpan.ufms.br/vi/trabalhos/"},{"@type":"ListItem","position":3,"name":"Normas"}]},{"@type":"WebSite","@id":"https://sef-cpan.ufms.br/vi/#website","url":"https://sef-cpan.ufms.br/vi/","name":"VI Seminário de Estudos Fronteiriços – 2017","description":"O VI Seminário de Estudos Fronteiriços acontecerá na cidade de Corumbá, no campus da Universidade Federal de Mato Grosso do Sul, em 10/2017","potentialAction":[{"@type":"SearchAction","target":{"@type":"EntryPoint","urlTemplate":"https://sef-cpan.ufms.br/vi/?s={search_term_string}"},"query-input":"required name=search_term_string"}],"inLanguage":"pt-BR"}]}</script>
<!-- / Yoast SEO plugin. -->

Normas - VI Seminário de Estudos Fronteiriços – 2017

NORMAS PARA TRABALHOS COMPLETOS Formato: em documento word (.doc); folha tamanho A4; letra arial 12; espaço entre as linhas de 1,5; margens: superior e esquerda, 3,0 cm, direita e inferior 2 cm; recuo de parágrafo deRead More...

VI Seminário de Estudos Fronteiriços – 2017

Início

O VI Seminário de Estudos Fronteiriços acontecerá na cidade de Corumbá, no campus da Universidade Federal de Mato Grosso do Sul, em 10/2017
