{"id":20,"date":"2017-05-19T15:50:25","date_gmt":"2017-05-19T18:50:25","guid":{"rendered":"http:\/\/sef.ufms.br\/vi\/?page_id=20"},"modified":"2017-08-14T14:24:29","modified_gmt":"2017-08-14T18:24:29","slug":"trabalhos","status":"publish","type":"page","link":"https:\/\/sef-cpan.ufms.br\/vi\/trabalhos\/","title":{"rendered":"Trabalhos"},"content":{"rendered":"<p class=\"Default\" style=\"text-align: justify; text-indent: 35.45pt; line-height: 150%;\"><span style=\"font-size: 11.5pt; line-height: 150%;\">Ser\u00e3o aceitos apenas trabalhos completos que dever\u00e3o ser encaminhados exclusivamente pelo sistema da Revista GeoPantanal (<\/span><a href=\"http:\/\/seer.ufms.br\/index.php\/revgeo\/\"><span style=\"font-size: 11.5pt; line-height: 150%;\">http:\/\/seer.ufms.br\/index.php\/revgeo\/<\/span><\/a><span style=\"font-size: 11.5pt; line-height: 150%;\">) entre os dias 01\/07\/2017 a <del>15\/08\/2017<\/del> <strong>10\/09\/2017<\/strong>. A partir deste per\u00edodo limite, os trabalhos ser\u00e3o imediatamente recusados. <\/span><\/p>\n<p class=\"Default\" style=\"text-align: justify; text-indent: 35.45pt; line-height: 150%;\">Para submeter o artigo, o autor deve fazer, primeiramente, o cadastro na Revista e marcar as op\u00e7\u00f5es Leitor e Autor. Em seguida j\u00e1 pode fazer a submiss\u00e3o. Na primeira p\u00e1gina da submiss\u00e3o escolha a <b>Se\u00e7\u00e3o VI Semin\u00e1rio de Estudos Fronteiri\u00e7os<\/b>.<\/p>\n<p class=\"Default\" style=\"text-indent: 35.45pt; line-height: 150%; text-align: center;\"><strong><a href=\"https:\/\/sef-cpan.ufms.br\/vi\/trabalhos\/normas\/\">NORMAS<\/a><\/strong><\/p>\n","protected":false},"excerpt":{"rendered":"<p>Ser\u00e3o aceitos apenas trabalhos completos que dever\u00e3o ser encaminhados exclusivamente pelo sistema da Revista GeoPantanal (http:\/\/seer.ufms.br\/index.php\/revgeo\/) entre os dias 01\/07\/2017 a 15\/08\/2017 10\/09\/2017. A partir deste per\u00edodo limite, os trabalhos ser\u00e3o imediatamente recusados. Para submeter o<a class=\"moretag\" href=\"https:\/\/sef-cpan.ufms.br\/vi\/trabalhos\/\">Read More&#8230;<\/a><\/p>\n","protected":false},"author":1,"featured_media":0,"parent":0,"menu_order":0,"comment_status":"closed","ping_status":"closed","template":"","meta":{"footnotes":""},"yoast_head":"<!-- This site is optimized with the Yoast SEO plugin v23.1 - https:\/\/yoast.com\/wordpress\/plugins\/seo\/ -->\n<title>Trabalhos - VI Semin\u00e1rio de Estudos Fronteiri\u00e7os \u2013 2017<\/title>\n<meta name=\"robots\" content=\"index, follow, max-snippet:-1, max-image-preview:large, max-video-preview:-1\" \/>\n<link rel=\"canonical\" href=\"https:\/\/sef-cpan.ufms.br\/vi\/trabalhos\/\" \/>\n<meta property=\"og:locale\" content=\"pt_BR\" \/>\n<meta property=\"og:type\" content=\"article\" \/>\n<meta property=\"og:title\" content=\"Trabalhos - VI Semin\u00e1rio de Estudos Fronteiri\u00e7os \u2013 2017\" \/>\n<meta property=\"og:description\" content=\"Ser\u00e3o aceitos apenas trabalhos completos que dever\u00e3o ser encaminhados exclusivamente pelo sistema da Revista GeoPantanal (http:\/\/seer.ufms.br\/index.php\/revgeo\/) entre os dias 01\/07\/2017 a 15\/08\/2017 10\/09\/2017. A partir deste per\u00edodo limite, os trabalhos ser\u00e3o imediatamente recusados. Para submeter oRead More...\" \/>\n<meta property=\"og:url\" content=\"https:\/\/sef-cpan.ufms.br\/vi\/trabalhos\/\" \/>\n<meta property=\"og:site_name\" content=\"VI Semin\u00e1rio de Estudos Fronteiri\u00e7os \u2013 2017\" \/>\n<meta property=\"article:modified_time\" content=\"2017-08-14T18:24:29+00:00\" \/>\n<meta name=\"twitter:card\" content=\"summary_large_image\" \/>\n<script type=\"application\/ld+json\" class=\"yoast-schema-graph\">{\"@context\":\"https:\/\/schema.org\",\"@graph\":[{\"@type\":\"WebPage\",\"@id\":\"https:\/\/sef-cpan.ufms.br\/vi\/trabalhos\/\",\"url\":\"https:\/\/sef-cpan.ufms.br\/vi\/trabalhos\/\",\"name\":\"Trabalhos - VI Semin\u00e1rio de Estudos Fronteiri\u00e7os \u2013 2017\",\"isPartOf\":{\"@id\":\"https:\/\/sef-cpan.ufms.br\/vi\/#website\"},\"datePublished\":\"2017-05-19T18:50:25+00:00\",\"dateModified\":\"2017-08-14T18:24:29+00:00\",\"breadcrumb\":{\"@id\":\"https:\/\/sef-cpan.ufms.br\/vi\/trabalhos\/#breadcrumb\"},\"inLanguage\":\"pt-BR\",\"potentialAction\":[{\"@type\":\"ReadAction\",\"target\":[\"https:\/\/sef-cpan.ufms.br\/vi\/trabalhos\/\"]}]},{\"@type\":\"BreadcrumbList\",\"@id\":\"https:\/\/sef-cpan.ufms.br\/vi\/trabalhos\/#breadcrumb\",\"itemListElement\":[{\"@type\":\"ListItem\",\"position\":1,\"name\":\"In\u00edcio\",\"item\":\"https:\/\/sef-cpan.ufms.br\/vi\/\"},{\"@type\":\"ListItem\",\"position\":2,\"name\":\"Trabalhos\"}]},{\"@type\":\"WebSite\",\"@id\":\"https:\/\/sef-cpan.ufms.br\/vi\/#website\",\"url\":\"https:\/\/sef-cpan.ufms.br\/vi\/\",\"name\":\"VI Semin\u00e1rio de Estudos Fronteiri\u00e7os \u2013 2017\",\"description\":\"O VI Semin\u00e1rio de Estudos Fronteiri\u00e7os acontecer\u00e1 na cidade de Corumb\u00e1, no campus da Universidade Federal de Mato Grosso do Sul, em 10\/2017\",\"potentialAction\":[{\"@type\":\"SearchAction\",\"target\":{\"@type\":\"EntryPoint\",\"urlTemplate\":\"https:\/\/sef-cpan.ufms.br\/vi\/?s={search_term_string}\"},\"query-input\":\"required name=search_term_string\"}],\"inLanguage\":\"pt-BR\"}]}<\/script>\n<!-- \/ Yoast SEO plugin. -->","yoast_head_json":{"title":"Trabalhos - VI Semin\u00e1rio de Estudos Fronteiri\u00e7os \u2013 2017","robots":{"index":"index","follow":"follow","max-snippet":"max-snippet:-1","max-image-preview":"max-image-preview:large","max-video-preview":"max-video-preview:-1"},"canonical":"https:\/\/sef-cpan.ufms.br\/vi\/trabalhos\/","og_locale":"pt_BR","og_type":"article","og_title":"Trabalhos - VI Semin\u00e1rio de Estudos Fronteiri\u00e7os \u2013 2017","og_description":"Ser\u00e3o aceitos apenas trabalhos completos que dever\u00e3o ser encaminhados exclusivamente pelo sistema da Revista GeoPantanal (http:\/\/seer.ufms.br\/index.php\/revgeo\/) entre os dias 01\/07\/2017 a 15\/08\/2017 10\/09\/2017. A partir deste per\u00edodo limite, os trabalhos ser\u00e3o imediatamente recusados. Para submeter oRead More...","og_url":"https:\/\/sef-cpan.ufms.br\/vi\/trabalhos\/","og_site_name":"VI Semin\u00e1rio de Estudos Fronteiri\u00e7os \u2013 2017","article_modified_time":"2017-08-14T18:24:29+00:00","twitter_card":"summary_large_image","schema":{"@context":"https:\/\/schema.org","@graph":[{"@type":"WebPage","@id":"https:\/\/sef-cpan.ufms.br\/vi\/trabalhos\/","url":"https:\/\/sef-cpan.ufms.br\/vi\/trabalhos\/","name":"Trabalhos - VI Semin\u00e1rio de Estudos Fronteiri\u00e7os \u2013 2017","isPartOf":{"@id":"https:\/\/sef-cpan.ufms.br\/vi\/#website"},"datePublished":"2017-05-19T18:50:25+00:00","dateModified":"2017-08-14T18:24:29+00:00","breadcrumb":{"@id":"https:\/\/sef-cpan.ufms.br\/vi\/trabalhos\/#breadcrumb"},"inLanguage":"pt-BR","potentialAction":[{"@type":"ReadAction","target":["https:\/\/sef-cpan.ufms.br\/vi\/trabalhos\/"]}]},{"@type":"BreadcrumbList","@id":"https:\/\/sef-cpan.ufms.br\/vi\/trabalhos\/#breadcrumb","itemListElement":[{"@type":"ListItem","position":1,"name":"In\u00edcio","item":"https:\/\/sef-cpan.ufms.br\/vi\/"},{"@type":"ListItem","position":2,"name":"Trabalhos"}]},{"@type":"WebSite","@id":"https:\/\/sef-cpan.ufms.br\/vi\/#website","url":"https:\/\/sef-cpan.ufms.br\/vi\/","name":"VI Semin\u00e1rio de Estudos Fronteiri\u00e7os \u2013 2017","description":"O VI Semin\u00e1rio de Estudos Fronteiri\u00e7os acontecer\u00e1 na cidade de Corumb\u00e1, no campus da Universidade Federal de Mato Grosso do Sul, em 10\/2017","potentialAction":[{"@type":"SearchAction","target":{"@type":"EntryPoint","urlTemplate":"https:\/\/sef-cpan.ufms.br\/vi\/?s={search_term_string}"},"query-input":"required name=search_term_string"}],"inLanguage":"pt-BR"}]}},"_links":{"self":[{"href":"https:\/\/sef-cpan.ufms.br\/vi\/wp-json\/wp\/v2\/pages\/20"}],"collection":[{"href":"https:\/\/sef-cpan.ufms.br\/vi\/wp-json\/wp\/v2\/pages"}],"about":[{"href":"https:\/\/sef-cpan.ufms.br\/vi\/wp-json\/wp\/v2\/types\/page"}],"author":[{"embeddable":true,"href":"https:\/\/sef-cpan.ufms.br\/vi\/wp-json\/wp\/v2\/users\/1"}],"replies":[{"embeddable":true,"href":"https:\/\/sef-cpan.ufms.br\/vi\/wp-json\/wp\/v2\/comments?post=20"}],"version-history":[{"count":4,"href":"https:\/\/sef-cpan.ufms.br\/vi\/wp-json\/wp\/v2\/pages\/20\/revisions"}],"predecessor-version":[{"id":66,"href":"https:\/\/sef-cpan.ufms.br\/vi\/wp-json\/wp\/v2\/pages\/20\/revisions\/66"}],"wp:attachment":[{"href":"https:\/\/sef-cpan.ufms.br\/vi\/wp-json\/wp\/v2\/media?parent=20"}],"curies":[{"name":"wp","href":"https:\/\/api.w.org\/{rel}","templated":true}]}}

<p class="Default" style="text-align: justify; text-indent: 35.45pt; line-height: 150%;"><span style="font-size: 11.5pt; line-height: 150%;">Serão aceitos apenas trabalhos completos que deverão ser encaminhados exclusivamente pelo sistema da Revista GeoPantanal (</span><a href="http://seer.ufms.br/index.php/revgeo/"><span style="font-size: 11.5pt; line-height: 150%;">http://seer.ufms.br/index.php/revgeo/</span></a><span style="font-size: 11.5pt; line-height: 150%;">) entre os dias 01/07/2017 a <del>15/08/2017</del> <strong>10/09/2017</strong>. A partir deste período limite, os trabalhos serão imediatamente recusados. </span></p>
<p class="Default" style="text-align: justify; text-indent: 35.45pt; line-height: 150%;">Para submeter o artigo, o autor deve fazer, primeiramente, o cadastro na Revista e marcar as opções Leitor e Autor. Em seguida já pode fazer a submissão. Na primeira página da submissão escolha a <b>Seção VI Seminário de Estudos Fronteiriços</b>.</p>
<p class="Default" style="text-indent: 35.45pt; line-height: 150%; text-align: center;"><strong><a href="https://sef-cpan.ufms.br/vi/trabalhos/normas/">NORMAS</a></strong></p>

<p>Serão aceitos apenas trabalhos completos que deverão ser encaminhados exclusivamente pelo sistema da Revista GeoPantanal (http://seer.ufms.br/index.php/revgeo/) entre os dias 01/07/2017 a 15/08/2017 10/09/2017. A partir deste período limite, os trabalhos serão imediatamente recusados. Para submeter o<a class="moretag" href="https://sef-cpan.ufms.br/vi/trabalhos/">Read More&#8230;</a></p>

<!-- This site is optimized with the Yoast SEO plugin v23.1 - https://yoast.com/wordpress/plugins/seo/ -->
<title>Trabalhos - VI Seminário de Estudos Fronteiriços – 2017</title>
<meta name="robots" content="index, follow, max-snippet:-1, max-image-preview:large, max-video-preview:-1" />
<link rel="canonical" href="https://sef-cpan.ufms.br/vi/trabalhos/" />
<meta property="og:locale" content="pt_BR" />
<meta property="og:type" content="article" />
<meta property="og:title" content="Trabalhos - VI Seminário de Estudos Fronteiriços – 2017" />
<meta property="og:description" content="Serão aceitos apenas trabalhos completos que deverão ser encaminhados exclusivamente pelo sistema da Revista GeoPantanal (http://seer.ufms.br/index.php/revgeo/) entre os dias 01/07/2017 a 15/08/2017 10/09/2017. A partir deste período limite, os trabalhos serão imediatamente recusados. Para submeter oRead More..." />
<meta property="og:url" content="https://sef-cpan.ufms.br/vi/trabalhos/" />
<meta property="og:site_name" content="VI Seminário de Estudos Fronteiriços – 2017" />
<meta property="article:modified_time" content="2017-08-14T18:24:29+00:00" />
<meta name="twitter:card" content="summary_large_image" />
<script type="application/ld+json" class="yoast-schema-graph">{"@context":"https://schema.org","@graph":[{"@type":"WebPage","@id":"https://sef-cpan.ufms.br/vi/trabalhos/","url":"https://sef-cpan.ufms.br/vi/trabalhos/","name":"Trabalhos - VI Seminário de Estudos Fronteiriços – 2017","isPartOf":{"@id":"https://sef-cpan.ufms.br/vi/#website"},"datePublished":"2017-05-19T18:50:25+00:00","dateModified":"2017-08-14T18:24:29+00:00","breadcrumb":{"@id":"https://sef-cpan.ufms.br/vi/trabalhos/#breadcrumb"},"inLanguage":"pt-BR","potentialAction":[{"@type":"ReadAction","target":["https://sef-cpan.ufms.br/vi/trabalhos/"]}]},{"@type":"BreadcrumbList","@id":"https://sef-cpan.ufms.br/vi/trabalhos/#breadcrumb","itemListElement":[{"@type":"ListItem","position":1,"name":"Início","item":"https://sef-cpan.ufms.br/vi/"},{"@type":"ListItem","position":2,"name":"Trabalhos"}]},{"@type":"WebSite","@id":"https://sef-cpan.ufms.br/vi/#website","url":"https://sef-cpan.ufms.br/vi/","name":"VI Seminário de Estudos Fronteiriços – 2017","description":"O VI Seminário de Estudos Fronteiriços acontecerá na cidade de Corumbá, no campus da Universidade Federal de Mato Grosso do Sul, em 10/2017","potentialAction":[{"@type":"SearchAction","target":{"@type":"EntryPoint","urlTemplate":"https://sef-cpan.ufms.br/vi/?s={search_term_string}"},"query-input":"required name=search_term_string"}],"inLanguage":"pt-BR"}]}</script>
<!-- / Yoast SEO plugin. -->

Trabalhos - VI Seminário de Estudos Fronteiriços – 2017

Serão aceitos apenas trabalhos completos que deverão ser encaminhados exclusivamente pelo sistema da Revista GeoPantanal (http://seer.ufms.br/index.php/revgeo/) entre os dias 01/07/2017 a 15/08/2017 10/09/2017. A partir deste período limite, os trabalhos serão imediatamente recusados. Para submeter oRead More...

VI Seminário de Estudos Fronteiriços – 2017

Início

O VI Seminário de Estudos Fronteiriços acontecerá na cidade de Corumbá, no campus da Universidade Federal de Mato Grosso do Sul, em 10/2017
