{"id":17,"date":"2017-05-19T15:47:40","date_gmt":"2017-05-19T18:47:40","guid":{"rendered":"http:\/\/sef.ufms.br\/vi\/?page_id=17"},"modified":"2017-05-19T15:47:40","modified_gmt":"2017-05-19T18:47:40","slug":"sobre-mef","status":"publish","type":"page","link":"https:\/\/sef-cpan.ufms.br\/vi\/vi-seminario-de-estudos-fronteiricos\/sobre-mef\/","title":{"rendered":"Sobre MEF"},"content":{"rendered":"<p style=\"text-align: justify;\">A Universidade Federal de Mato Grosso do Sul, Campus do Pantanal, com aprova\u00e7\u00e3o do MEC instalou em 2008 o Programa de P\u00f3s-Gradua\u00e7\u00e3o em Estudos Fronteiri\u00e7os. O programa tem o objetivo de produzir conhecimento que leve a uma avalia\u00e7\u00e3o mais precisa da regi\u00e3o, quanto a seus aspectos culturais, sociais, hist\u00f3ricos, espaciais, econ\u00f4micos e ambientais e que propicie a elabora\u00e7\u00e3o de projetos, a\u00e7\u00f5es e pol\u00edticas que visem o desenvolvimento da regi\u00e3o fronteiri\u00e7a. Tem desenvolvido projetos que pretendam abarcar as discuss\u00f5es acerca do desenvolvimento, considerando, principalmente as din\u00e2micas culturais, sociais, hist\u00f3ricas, espaciais, econ\u00f4micas e ambientais em \u00e1rea de fronteira.<\/p>\n<p style=\"text-align: justify;\">Trata-se de um programa permanente de P\u00f3s-gradua\u00e7\u00e3o <em>strictu sensu<\/em> na modalidade profissionalizante que se prop\u00f5e impulsionar estudos acerca de aspectos ligados ao desenvolvimento social da regi\u00e3o e ao planejamento territorial de espa\u00e7os fronteiri\u00e7os a partir da contribui\u00e7\u00e3o de diferentes campos do conhecimento.<\/p>\n<p style=\"text-align: justify;\">Este programa tem como pressuposto b\u00e1sico a instrumentaliza\u00e7\u00e3o metodol\u00f3gica necess\u00e1ria \u00e0s atividades de pesquisa e ensino e objetiva a promo\u00e7\u00e3o e participa\u00e7\u00e3o no processo de desenvolvimento regional e nacional, dentro dos objetivos do Regimento Geral da Funda\u00e7\u00e3o Universidade Federal de Mato Grosso do Sul.<\/p>\n<p style=\"text-align: justify;\">O Programa deve, ainda, colaborar de forma decisiva para impulsionar o desenvolvimento cient\u00edfico das regi\u00f5es fronteiri\u00e7as de Mato Grosso do Sul de forma respons\u00e1vel, envolvendo e fixando novos pesquisadores.<\/p>\n","protected":false},"excerpt":{"rendered":"<p>A Universidade Federal de Mato Grosso do Sul, Campus do Pantanal, com aprova\u00e7\u00e3o do MEC instalou em 2008 o Programa de P\u00f3s-Gradua\u00e7\u00e3o em Estudos Fronteiri\u00e7os. O programa tem o objetivo de produzir conhecimento que leve a<a class=\"moretag\" href=\"https:\/\/sef-cpan.ufms.br\/vi\/vi-seminario-de-estudos-fronteiricos\/sobre-mef\/\">Read More&#8230;<\/a><\/p>\n","protected":false},"author":1,"featured_media":0,"parent":9,"menu_order":0,"comment_status":"closed","ping_status":"closed","template":"","meta":{"footnotes":""},"yoast_head":"<!-- This site is optimized with the Yoast SEO plugin v23.1 - https:\/\/yoast.com\/wordpress\/plugins\/seo\/ -->\n<title>Sobre MEF - VI Semin\u00e1rio de Estudos Fronteiri\u00e7os \u2013 2017<\/title>\n<meta name=\"robots\" content=\"index, follow, max-snippet:-1, max-image-preview:large, max-video-preview:-1\" \/>\n<link rel=\"canonical\" href=\"https:\/\/sef-cpan.ufms.br\/vi\/vi-seminario-de-estudos-fronteiricos\/sobre-mef\/\" \/>\n<meta property=\"og:locale\" content=\"pt_BR\" \/>\n<meta property=\"og:type\" content=\"article\" \/>\n<meta property=\"og:title\" content=\"Sobre MEF - VI Semin\u00e1rio de Estudos Fronteiri\u00e7os \u2013 2017\" \/>\n<meta property=\"og:description\" content=\"A Universidade Federal de Mato Grosso do Sul, Campus do Pantanal, com aprova\u00e7\u00e3o do MEC instalou em 2008 o Programa de P\u00f3s-Gradua\u00e7\u00e3o em Estudos Fronteiri\u00e7os. O programa tem o objetivo de produzir conhecimento que leve aRead More...\" \/>\n<meta property=\"og:url\" content=\"https:\/\/sef-cpan.ufms.br\/vi\/vi-seminario-de-estudos-fronteiricos\/sobre-mef\/\" \/>\n<meta property=\"og:site_name\" content=\"VI Semin\u00e1rio de Estudos Fronteiri\u00e7os \u2013 2017\" \/>\n<meta name=\"twitter:card\" content=\"summary_large_image\" \/>\n<meta name=\"twitter:label1\" content=\"Est. tempo de leitura\" \/>\n\t<meta name=\"twitter:data1\" content=\"1 minuto\" \/>\n<script type=\"application\/ld+json\" class=\"yoast-schema-graph\">{\"@context\":\"https:\/\/schema.org\",\"@graph\":[{\"@type\":\"WebPage\",\"@id\":\"https:\/\/sef-cpan.ufms.br\/vi\/vi-seminario-de-estudos-fronteiricos\/sobre-mef\/\",\"url\":\"https:\/\/sef-cpan.ufms.br\/vi\/vi-seminario-de-estudos-fronteiricos\/sobre-mef\/\",\"name\":\"Sobre MEF - VI Semin\u00e1rio de Estudos Fronteiri\u00e7os \u2013 2017\",\"isPartOf\":{\"@id\":\"https:\/\/sef-cpan.ufms.br\/vi\/#website\"},\"datePublished\":\"2017-05-19T18:47:40+00:00\",\"dateModified\":\"2017-05-19T18:47:40+00:00\",\"breadcrumb\":{\"@id\":\"https:\/\/sef-cpan.ufms.br\/vi\/vi-seminario-de-estudos-fronteiricos\/sobre-mef\/#breadcrumb\"},\"inLanguage\":\"pt-BR\",\"potentialAction\":[{\"@type\":\"ReadAction\",\"target\":[\"https:\/\/sef-cpan.ufms.br\/vi\/vi-seminario-de-estudos-fronteiricos\/sobre-mef\/\"]}]},{\"@type\":\"BreadcrumbList\",\"@id\":\"https:\/\/sef-cpan.ufms.br\/vi\/vi-seminario-de-estudos-fronteiricos\/sobre-mef\/#breadcrumb\",\"itemListElement\":[{\"@type\":\"ListItem\",\"position\":1,\"name\":\"In\u00edcio\",\"item\":\"https:\/\/sef-cpan.ufms.br\/vi\/\"},{\"@type\":\"ListItem\",\"position\":2,\"name\":\"VI Semin\u00e1rio de Estudos Fronteiri\u00e7os &#8211; 2017\",\"item\":\"https:\/\/sef-cpan.ufms.br\/vi\/\"},{\"@type\":\"ListItem\",\"position\":3,\"name\":\"Sobre MEF\"}]},{\"@type\":\"WebSite\",\"@id\":\"https:\/\/sef-cpan.ufms.br\/vi\/#website\",\"url\":\"https:\/\/sef-cpan.ufms.br\/vi\/\",\"name\":\"VI Semin\u00e1rio de Estudos Fronteiri\u00e7os \u2013 2017\",\"description\":\"O VI Semin\u00e1rio de Estudos Fronteiri\u00e7os acontecer\u00e1 na cidade de Corumb\u00e1, no campus da Universidade Federal de Mato Grosso do Sul, em 10\/2017\",\"potentialAction\":[{\"@type\":\"SearchAction\",\"target\":{\"@type\":\"EntryPoint\",\"urlTemplate\":\"https:\/\/sef-cpan.ufms.br\/vi\/?s={search_term_string}\"},\"query-input\":\"required name=search_term_string\"}],\"inLanguage\":\"pt-BR\"}]}<\/script>\n<!-- \/ Yoast SEO plugin. -->","yoast_head_json":{"title":"Sobre MEF - VI Semin\u00e1rio de Estudos Fronteiri\u00e7os \u2013 2017","robots":{"index":"index","follow":"follow","max-snippet":"max-snippet:-1","max-image-preview":"max-image-preview:large","max-video-preview":"max-video-preview:-1"},"canonical":"https:\/\/sef-cpan.ufms.br\/vi\/vi-seminario-de-estudos-fronteiricos\/sobre-mef\/","og_locale":"pt_BR","og_type":"article","og_title":"Sobre MEF - VI Semin\u00e1rio de Estudos Fronteiri\u00e7os \u2013 2017","og_description":"A Universidade Federal de Mato Grosso do Sul, Campus do Pantanal, com aprova\u00e7\u00e3o do MEC instalou em 2008 o Programa de P\u00f3s-Gradua\u00e7\u00e3o em Estudos Fronteiri\u00e7os. O programa tem o objetivo de produzir conhecimento que leve aRead More...","og_url":"https:\/\/sef-cpan.ufms.br\/vi\/vi-seminario-de-estudos-fronteiricos\/sobre-mef\/","og_site_name":"VI Semin\u00e1rio de Estudos Fronteiri\u00e7os \u2013 2017","twitter_card":"summary_large_image","twitter_misc":{"Est. tempo de leitura":"1 minuto"},"schema":{"@context":"https:\/\/schema.org","@graph":[{"@type":"WebPage","@id":"https:\/\/sef-cpan.ufms.br\/vi\/vi-seminario-de-estudos-fronteiricos\/sobre-mef\/","url":"https:\/\/sef-cpan.ufms.br\/vi\/vi-seminario-de-estudos-fronteiricos\/sobre-mef\/","name":"Sobre MEF - VI Semin\u00e1rio de Estudos Fronteiri\u00e7os \u2013 2017","isPartOf":{"@id":"https:\/\/sef-cpan.ufms.br\/vi\/#website"},"datePublished":"2017-05-19T18:47:40+00:00","dateModified":"2017-05-19T18:47:40+00:00","breadcrumb":{"@id":"https:\/\/sef-cpan.ufms.br\/vi\/vi-seminario-de-estudos-fronteiricos\/sobre-mef\/#breadcrumb"},"inLanguage":"pt-BR","potentialAction":[{"@type":"ReadAction","target":["https:\/\/sef-cpan.ufms.br\/vi\/vi-seminario-de-estudos-fronteiricos\/sobre-mef\/"]}]},{"@type":"BreadcrumbList","@id":"https:\/\/sef-cpan.ufms.br\/vi\/vi-seminario-de-estudos-fronteiricos\/sobre-mef\/#breadcrumb","itemListElement":[{"@type":"ListItem","position":1,"name":"In\u00edcio","item":"https:\/\/sef-cpan.ufms.br\/vi\/"},{"@type":"ListItem","position":2,"name":"VI Semin\u00e1rio de Estudos Fronteiri\u00e7os &#8211; 2017","item":"https:\/\/sef-cpan.ufms.br\/vi\/"},{"@type":"ListItem","position":3,"name":"Sobre MEF"}]},{"@type":"WebSite","@id":"https:\/\/sef-cpan.ufms.br\/vi\/#website","url":"https:\/\/sef-cpan.ufms.br\/vi\/","name":"VI Semin\u00e1rio de Estudos Fronteiri\u00e7os \u2013 2017","description":"O VI Semin\u00e1rio de Estudos Fronteiri\u00e7os acontecer\u00e1 na cidade de Corumb\u00e1, no campus da Universidade Federal de Mato Grosso do Sul, em 10\/2017","potentialAction":[{"@type":"SearchAction","target":{"@type":"EntryPoint","urlTemplate":"https:\/\/sef-cpan.ufms.br\/vi\/?s={search_term_string}"},"query-input":"required name=search_term_string"}],"inLanguage":"pt-BR"}]}},"_links":{"self":[{"href":"https:\/\/sef-cpan.ufms.br\/vi\/wp-json\/wp\/v2\/pages\/17"}],"collection":[{"href":"https:\/\/sef-cpan.ufms.br\/vi\/wp-json\/wp\/v2\/pages"}],"about":[{"href":"https:\/\/sef-cpan.ufms.br\/vi\/wp-json\/wp\/v2\/types\/page"}],"author":[{"embeddable":true,"href":"https:\/\/sef-cpan.ufms.br\/vi\/wp-json\/wp\/v2\/users\/1"}],"replies":[{"embeddable":true,"href":"https:\/\/sef-cpan.ufms.br\/vi\/wp-json\/wp\/v2\/comments?post=17"}],"version-history":[{"count":1,"href":"https:\/\/sef-cpan.ufms.br\/vi\/wp-json\/wp\/v2\/pages\/17\/revisions"}],"predecessor-version":[{"id":18,"href":"https:\/\/sef-cpan.ufms.br\/vi\/wp-json\/wp\/v2\/pages\/17\/revisions\/18"}],"up":[{"embeddable":true,"href":"https:\/\/sef-cpan.ufms.br\/vi\/wp-json\/wp\/v2\/pages\/9"}],"wp:attachment":[{"href":"https:\/\/sef-cpan.ufms.br\/vi\/wp-json\/wp\/v2\/media?parent=17"}],"curies":[{"name":"wp","href":"https:\/\/api.w.org\/{rel}","templated":true}]}}

<p style="text-align: justify;">A Universidade Federal de Mato Grosso do Sul, Campus do Pantanal, com aprovação do MEC instalou em 2008 o Programa de Pós-Graduação em Estudos Fronteiriços. O programa tem o objetivo de produzir conhecimento que leve a uma avaliação mais precisa da região, quanto a seus aspectos culturais, sociais, históricos, espaciais, econômicos e ambientais e que propicie a elaboração de projetos, ações e políticas que visem o desenvolvimento da região fronteiriça. Tem desenvolvido projetos que pretendam abarcar as discussões acerca do desenvolvimento, considerando, principalmente as dinâmicas culturais, sociais, históricas, espaciais, econômicas e ambientais em área de fronteira.</p>
<p style="text-align: justify;">Trata-se de um programa permanente de Pós-graduação <em>strictu sensu</em> na modalidade profissionalizante que se propõe impulsionar estudos acerca de aspectos ligados ao desenvolvimento social da região e ao planejamento territorial de espaços fronteiriços a partir da contribuição de diferentes campos do conhecimento.</p>
<p style="text-align: justify;">Este programa tem como pressuposto básico a instrumentalização metodológica necessária às atividades de pesquisa e ensino e objetiva a promoção e participação no processo de desenvolvimento regional e nacional, dentro dos objetivos do Regimento Geral da Fundação Universidade Federal de Mato Grosso do Sul.</p>
<p style="text-align: justify;">O Programa deve, ainda, colaborar de forma decisiva para impulsionar o desenvolvimento científico das regiões fronteiriças de Mato Grosso do Sul de forma responsável, envolvendo e fixando novos pesquisadores.</p>

<p>A Universidade Federal de Mato Grosso do Sul, Campus do Pantanal, com aprovação do MEC instalou em 2008 o Programa de Pós-Graduação em Estudos Fronteiriços. O programa tem o objetivo de produzir conhecimento que leve a<a class="moretag" href="https://sef-cpan.ufms.br/vi/vi-seminario-de-estudos-fronteiricos/sobre-mef/">Read More&#8230;</a></p>

<!-- This site is optimized with the Yoast SEO plugin v23.1 - https://yoast.com/wordpress/plugins/seo/ -->
<title>Sobre MEF - VI Seminário de Estudos Fronteiriços – 2017</title>
<meta name="robots" content="index, follow, max-snippet:-1, max-image-preview:large, max-video-preview:-1" />
<link rel="canonical" href="https://sef-cpan.ufms.br/vi/vi-seminario-de-estudos-fronteiricos/sobre-mef/" />
<meta property="og:locale" content="pt_BR" />
<meta property="og:type" content="article" />
<meta property="og:title" content="Sobre MEF - VI Seminário de Estudos Fronteiriços – 2017" />
<meta property="og:description" content="A Universidade Federal de Mato Grosso do Sul, Campus do Pantanal, com aprovação do MEC instalou em 2008 o Programa de Pós-Graduação em Estudos Fronteiriços. O programa tem o objetivo de produzir conhecimento que leve aRead More..." />
<meta property="og:url" content="https://sef-cpan.ufms.br/vi/vi-seminario-de-estudos-fronteiricos/sobre-mef/" />
<meta property="og:site_name" content="VI Seminário de Estudos Fronteiriços – 2017" />
<meta name="twitter:card" content="summary_large_image" />
<meta name="twitter:label1" content="Est. tempo de leitura" />
	<meta name="twitter:data1" content="1 minuto" />
<script type="application/ld+json" class="yoast-schema-graph">{"@context":"https://schema.org","@graph":[{"@type":"WebPage","@id":"https://sef-cpan.ufms.br/vi/vi-seminario-de-estudos-fronteiricos/sobre-mef/","url":"https://sef-cpan.ufms.br/vi/vi-seminario-de-estudos-fronteiricos/sobre-mef/","name":"Sobre MEF - VI Seminário de Estudos Fronteiriços – 2017","isPartOf":{"@id":"https://sef-cpan.ufms.br/vi/#website"},"datePublished":"2017-05-19T18:47:40+00:00","dateModified":"2017-05-19T18:47:40+00:00","breadcrumb":{"@id":"https://sef-cpan.ufms.br/vi/vi-seminario-de-estudos-fronteiricos/sobre-mef/#breadcrumb"},"inLanguage":"pt-BR","potentialAction":[{"@type":"ReadAction","target":["https://sef-cpan.ufms.br/vi/vi-seminario-de-estudos-fronteiricos/sobre-mef/"]}]},{"@type":"BreadcrumbList","@id":"https://sef-cpan.ufms.br/vi/vi-seminario-de-estudos-fronteiricos/sobre-mef/#breadcrumb","itemListElement":[{"@type":"ListItem","position":1,"name":"Início","item":"https://sef-cpan.ufms.br/vi/"},{"@type":"ListItem","position":2,"name":"VI Seminário de Estudos Fronteiriços &#8211; 2017","item":"https://sef-cpan.ufms.br/vi/"},{"@type":"ListItem","position":3,"name":"Sobre MEF"}]},{"@type":"WebSite","@id":"https://sef-cpan.ufms.br/vi/#website","url":"https://sef-cpan.ufms.br/vi/","name":"VI Seminário de Estudos Fronteiriços – 2017","description":"O VI Seminário de Estudos Fronteiriços acontecerá na cidade de Corumbá, no campus da Universidade Federal de Mato Grosso do Sul, em 10/2017","potentialAction":[{"@type":"SearchAction","target":{"@type":"EntryPoint","urlTemplate":"https://sef-cpan.ufms.br/vi/?s={search_term_string}"},"query-input":"required name=search_term_string"}],"inLanguage":"pt-BR"}]}</script>
<!-- / Yoast SEO plugin. -->

Sobre MEF - VI Seminário de Estudos Fronteiriços – 2017

A Universidade Federal de Mato Grosso do Sul, Campus do Pantanal, com aprovação do MEC instalou em 2008 o Programa de Pós-Graduação em Estudos Fronteiriços. O programa tem o objetivo de produzir conhecimento que leve aRead More...

VI Seminário de Estudos Fronteiriços – 2017

Início

VI Seminário de Estudos Fronteiriços &#8211; 2017

O VI Seminário de Estudos Fronteiriços acontecerá na cidade de Corumbá, no campus da Universidade Federal de Mato Grosso do Sul, em 10/2017
